000
CXUS54 KLZK 011230
CF6HRO
PRELIMINARY LOCAL CLIMATOLOGICAL DATA (WS FORM: F-6)
STATION: HARRISON
MONTH: JANUARY
YEAR: 2021
LATITUDE: 36 15 N
LONGITUDE: 93 9 W
TEMPERATURE IN F: :PCPN: SNOW: WIND :SUNSHINE: SKY :PK WND
================================================================================
1 2 3 4 5 6A 6B 7 8 9 10 11 12 13 14 15 16 17 18
12Z AVG MX 2MIN
DY MAX MIN AVG DEP HDD CDD WTR SNW DPTH SPD SPD DIR MIN PSBL S-S WX SPD DR
================================================================================
1 40 32 36 0 29 0 0.73 0.0 0 5.8 20 30 M M 10 16 24 30
2 33 30 32 -4 33 0 0.05 0.5 T 4.7 15 300 M M 10 16 23 290
3 54 26 40 4 25 0 0.00 0.0 0 6.7 16 160 M M 2 12 19 150
4 59 31 45 9 20 0 0.00 0.0 0 6.9 16 310 M M 1 25 290
5 55 30 43 7 22 0 0.00 0.0 0 6.7 15 130 M M 0 17 130
6 42 34 38 2 27 0 0.42 0.0 0 11.4 18 120 M M 7 24 130
7 37 31 34 -2 31 0 0.35 T 0 8.0 15 10 M M 10 1 20 10
8 35 31 33 -3 32 0 0.00 0.0 0 7.2 13 350 M M 10 18 340
9 37 24 31 -5 34 0 0.00 0.0 0 4.8 10 310 M M 8 15 310
10 32 20 26 -10 39 0 0.00 0.0 0 3.0 9 290 M M 5 1 12 290
11 30 20 25 -11 40 0 0.00 0.0 0 3.9 10 330 M M 5 1 14 320
12 49 20 35 -1 30 0 0.00 0.0 0 4.7 15 260 M M 0 23 260
13 58 29 44 8 21 0 0.00 0.0 0 6.4 15 250 M M 0 22 210
14 53 38 46 10 19 0 0.00 0.0 0 10.7 24 300 M M 3 34 320
15 38 31 35 -1 30 0 T T 0 13.8 24 300 M M 7 38 290
16 39 30 35 -1 30 0 0.00 0.0 0 7.5 17 300 M M 8 28 310
17 49 30 40 4 25 0 0.00 0.0 0 8.7 21 280 M M 3 29 280
18 55 34 45 9 20 0 0.00 0.0 0 3.9 13 230 M M 5 19 220
19 50 33 42 6 23 0 0.00 0.0 0 6.9 14 300 M M 1 18 300
20 49 28 39 3 26 0 0.01 0.0 0 5.0 15 190 M M 4 24 190
21 54 36 45 8 20 0 0.00 0.0 0 4.0 14 290 M M 2 19 280
22 50 30 40 3 25 0 0.00 0.0 0 5.3 14 50 M M 0 18 50
23 39 24 32 -5 33 0 T 0.0 0 10.7 22 150 M M 6 26 140
24 54 39 47 10 18 0 0.13 0.0 0 5.2 20 130 M M 10 1 25 130
25 55 41 48 11 17 0 1.07 0.0 0 8.7 18 100 M M 8 13 26 50
26 44 33 39 2 26 0 0.00 0.0 0 6.9 15 280 M M 8 24 250
27 33 27 30 -7 35 0 0.05 1.3 T 7.1 14 10 M M 10 1 20 310
28 41 24 33 -4 32 0 0.00 0.0 1 6.3 14 120 M M 4 17 130
29 53 26 40 3 25 0 T 0.0 0 10.7 17 160 M M 0 21 160
30 58 44 51 13 14 0 0.30 0.0 0 12.5 23 260 M M 8 1 36 250
31 51 32 42 4 23 0 T 0.0 0 14.2 22 310 M M 10 33 290
================================================================================
SM 1426 938 824 0 3.11 1.8 228.3 M 165
================================================================================
AV 46.0 30.3 7.4 FASTST M M 5 MAX(MPH)
MISC ----> # 24 300 38 290
================================================================================
NOTES:
# LAST OF SEVERAL OCCURRENCES
COLUMN 17 PEAK WIND IN M.P.H.
PRELIMINARY LOCAL CLIMATOLOGICAL DATA (WS FORM: F-6) , PAGE 2
STATION: HARRISON
MONTH: JANUARY
YEAR: 2021
LATITUDE: 36 15 N
LONGITUDE: 93 9 W
[TEMPERATURE DATA] [PRECIPITATION DATA] SYMBOLS USED IN COLUMN 16
AVERAGE MONTHLY: 38.1 TOTAL FOR MONTH: 3.11 1 = FOG OR MIST
DPTR FM NORMAL: 1.7 DPTR FM NORMAL: 0.55 2 = FOG REDUCING VISIBILITY
HIGHEST: 59 ON 4 GRTST 24HR 2.08 ON 24-25 TO 1/4 MILE OR LESS
LOWEST: 20 ON 12,11 3 = THUNDER
SNOW, ICE PELLETS, HAIL 4 = ICE PELLETS
TOTAL MONTH: 1.8 INCHES 5 = HAIL
GRTST 24HR 1.3 ON 27-27 6 = FREEZING RAIN OR DRIZZLE
GRTST DEPTH: 1 ON 28 7 = DUSTSTORM OR SANDSTORM:
VSBY 1/2 MILE OR LESS
8 = SMOKE OR HAZE
[NO. OF DAYS WITH] [WEATHER - DAYS WITH] 9 = BLOWING SNOW
X = TORNADO
MAX 32 OR BELOW: 2 0.01 INCH OR MORE: 9
MAX 90 OR ABOVE: 0 0.10 INCH OR MORE: 6
MIN 32 OR BELOW: 22 0.50 INCH OR MORE: 2
MIN 0 OR BELOW: 0 1.00 INCH OR MORE: 1
[HDD (BASE 65) ]
TOTAL THIS MO. 824 CLEAR (SCALE 0-3) 11
DPTR FM NORMAL -63 PTCLDY (SCALE 4-7) 11
TOTAL FM JUL 1 2231 CLOUDY (SCALE 8-10) 9
DPTR FM NORMAL -254
[CDD (BASE 65) ]
TOTAL THIS MO. 0
DPTR FM NORMAL 0 [PRESSURE DATA]
TOTAL FM JAN 1 0 HIGHEST SLP 30.67 ON 28
DPTR FM NORMAL 0 LOWEST SLP 29.50 ON 25
[REMARKS]
#FINAL-01-21#