000
CXUS53 KIND 010700
CF6HUF
PRELIMINARY LOCAL CLIMATOLOGICAL DATA (WS FORM: F-6)
STATION: TERRE HAUTE IN
MONTH: DECEMBER
YEAR: 2020
LATITUDE: 39 27 N
LONGITUDE: 87 18 W
TEMPERATURE IN F: :PCPN: SNOW: WIND :SUNSHINE: SKY :PK WND
================================================================================
1 2 3 4 5 6A 6B 7 8 9 10 11 12 13 14 15 16 17 18
12Z AVG MX 2MIN
DY MAX MIN AVG DEP HDD CDD WTR SNW DPTH SPD SPD DIR MIN PSBL S-S WX SPD DR
================================================================================
1 36 22 29 -7 36 0 0.00 M M 8.3 18 310 M M 2 27 300
2 46 19 33 -3 32 0 0.00 M M 2.4 8 250 M M 0 12 240
3 44 23 34 -2 31 0 T M M 3.3 10 200 M M 6 13 220
4 48 24 36 1 29 0 0.00 M M 4.9 16 240 M M 2 1 21 250
5 45 22 34 -1 31 0 0.00 M M 3.5 10 50 M M 0 1 15 360
6 37 23 30 -4 35 0 0.00 M M 5.5 13 30 M M 9 17 40
7 39 32 36 2 29 0 0.00 M M 2.4 9 30 M M 10 12 20
8 41 30 36 2 29 0 0.00 M M 4.6 15 260 M M 9 19 220
9 57 31 44 11 21 0 0.00 M M 5.5 13 250 M M 0 18 15 250
10 64 27 46 13 19 0 0.00 M M 5.4 12 170 M M 0 15 150
11 64 40 52 19 13 0 0.40 M M 9.8 17 170 M M 2 1 27 160
12 56 39 48 16 17 0 0.43 M M 13.2 28 260 M M 10 18 37 250
13 40 37 39 7 26 0 T M M 3.8 9 320 M M 10 1 13 330
14 37 24 31 -1 34 0 0.00 M M 9.7 17 330 M M 6 28 320
15 36 22 29 -2 36 0 0.00 M M 8.9 17 60 M M 1 23 100
16 34 29 32 1 33 0 0.08 M M 6.2 14 100 M M 10 18 18 330
17 34 24 29 -2 36 0 T M M 4.6 10 300 M M 10 18 14 290
18 38 20 29 -2 36 0 0.00 M M 7.2 17 180 M M 0 18 24 170
19 42 36 39 9 26 0 0.05 M M 9.4 16 180 M M 7 1 25 190
20 44 30 37 7 28 0 T M M 6.7 14 200 M M 5 1 18 220
21 51 37 44 14 21 0 T M M 12.8 26 300 M M 4 1 36 310
22 47 29 38 8 27 0 0.00 M M 7.7 21 320 M M 1 32 300
23 53 37 45 15 20 0 0.43 M M 14.3 28 180 M M 6 1 42 170
24 39 15 27 -2 38 0 T M M 13.5 24 260 M M 9 35 270
25 17 10 14 -15 51 0 T M M 9.4 16 300 M M 7 18 22 310
26 38 16 27 -2 38 0 0.00 M M 5.5 12 240 M M 1 17 230
27 53 27 40 11 25 0 0.01 M M 11.3 26 220 M M 4 36 220
28 43 29 36 7 29 0 0.00 M M 9.1 20 300 M M 10 28 300
29 36 20 28 -1 37 0 0.00 M M 9.4 20 140 M M 6 27 130
30 49 29 39 10 26 0 0.61 M M 10.6 18 320 M M 9 1 27 310
31 31 23 27 -1 38 0 0.00 M M 7.7 13 70 M M 7 19 360
================================================================================
SM 1339 826 927 0 2.01 M 236.6 M 163
================================================================================
AV 43.2 26.6 7.6 FASTST M M 5 MAX(MPH)
MISC ----> # 28 260 42 170
================================================================================
NOTES:
# LAST OF SEVERAL OCCURRENCES
COLUMN 17 PEAK WIND IN M.P.H.
PRELIMINARY LOCAL CLIMATOLOGICAL DATA (WS FORM: F-6) , PAGE 2
STATION: TERRE HAUTE IN
MONTH: DECEMBER
YEAR: 2020
LATITUDE: 39 27 N
LONGITUDE: 87 18 W
[TEMPERATURE DATA] [PRECIPITATION DATA] SYMBOLS USED IN COLUMN 16
AVERAGE MONTHLY: 34.9 TOTAL FOR MONTH: 2.01 1 = FOG OR MIST
DPTR FM NORMAL: 3.3 DPTR FM NORMAL: -1.04 2 = FOG REDUCING VISIBILITY
HIGHEST: 64 ON 11,10 GRTST 24HR 0.83 ON 11-12 TO 1/4 MILE OR LESS
LOWEST: 10 ON 25 3 = THUNDER
SNOW, ICE PELLETS, HAIL 4 = ICE PELLETS
TOTAL MONTH: M 5 = HAIL
GRTST 24HR M ON M 6 = FREEZING RAIN OR DRIZZLE
GRTST DEPTH: M ON M 7 = DUSTSTORM OR SANDSTORM:
VSBY 1/2 MILE OR LESS
8 = SMOKE OR HAZE
[NO. OF DAYS WITH] [WEATHER - DAYS WITH] 9 = BLOWING SNOW
X = TORNADO
MAX 32 OR BELOW: 2 0.01 INCH OR MORE: 7
MAX 90 OR ABOVE: 0 0.10 INCH OR MORE: 4
MIN 32 OR BELOW: 25 0.50 INCH OR MORE: 1
MIN 0 OR BELOW: 0 1.00 INCH OR MORE: 0
[HDD (BASE 65) ]
TOTAL THIS MO. 927 CLEAR (SCALE 0-3) 11
DPTR FM NORMAL -106 PTCLDY (SCALE 4-7) 10
TOTAL FM JUL 1 1824 CLOUDY (SCALE 8-10) 10
DPTR FM NORMAL -287
[CDD (BASE 65) ]
TOTAL THIS MO. 0
DPTR FM NORMAL 0 [PRESSURE DATA]
TOTAL FM JAN 1 1190 HIGHEST SLP M ON M
DPTR FM NORMAL 197 LOWEST SLP 29.55 ON 23
[REMARKS]
#FINAL-12-20#