000
CXUS55 KPSR 011005
CF6IPL
PRELIMINARY LOCAL CLIMATOLOGICAL DATA (WS FORM: F-6)
STATION: IMPERIAL CA
MONTH: AUGUST
YEAR: 2022
LATITUDE: 32 50 N
LONGITUDE: 115 35 W
TEMPERATURE IN F: :PCPN: SNOW: WIND :SUNSHINE: SKY :PK WND
================================================================================
1 2 3 4 5 6A 6B 7 8 9 10 11 12 13 14 15 16 17 18
12Z AVG MX 2MIN
DY MAX MIN AVG DEP HDD CDD WTR SNW DPTH SPD SPD DIR MIN PSBL S-S WX SPD DR
================================================================================
1 103 82 93 -1 0 28 0.00 M M 7.0 15 140 M M 0 19 130
2 108 83 96 2 0 31 0.00 M M 6.6 18 260 M M 2 27 260
3 107 85 96 2 0 31 0.00 M M 6.3 17 150 M M 0 22 150
4 99 83 91 -3 0 26 0.00 M M 8.3 28 140 M M 1 8 36 150
5 106 79 93 -1 0 28 0.00 M M 3.5 14 200 M M 0 21 200
6 111 82 97 3 0 32 0.00 M M 4.7 12 360 M M 0 17 350
7 106 85 96 2 0 31 0.00 M M 11.6 33 160 M M 1 8 44 160
8 105 81 93 -1 0 28 M M M 8.4 30 290 M M 1 38 45 290
9 107 81 94 0 0 29 0.00 M M 6.9 30 230 M M 0 38 39 240
10 108 84 96 2 0 31 0.00 M M 6.7 20 190 M M 0 8 28 190
11 107 86 97 3 0 32 0.00 M M 6.6 13 200 M M 0 8 18 200
12 106 85 96 2 0 31 0.00 M M 10.1 22 140 M M 0 29 140
13 105 79 92 -2 0 27 T M M 6.7 22 10 M M 0 3 29 10
14 108 85 97 3 0 32 0.00 M M 9.4 25 100 M M 0 8 34 100
15 106 83 95 1 0 30 0.00 M M 6.5 14 160 M M 1 8 18 150
16 109 87 98 4 0 33 0.00 M M 7.9 18 150 M M 1 26 150
17 109 86 98 4 0 33 0.00 M M 8.8 18 140 M M 2 27 130
18 109 87 98 4 0 33 0.00 M M 8.0 25 140 M M 2 8 34 160
19 104 80 92 -2 0 27 0.00 M M 8.9 28 130 M M 1 8 35 120
20 104 82 93 -1 0 28 0.00 M M M M M M M 0 M M
21 105 83 94 1 0 29 0.00 M M M M M M M M M M
22 105 80 93 0 0 28 0.00 M M M M M M M M M M
23 108 83 96 3 0 31 0.00 M M 8.9 18 120 M M 3 25 110
24 106 86 96 3 0 31 0.00 M M 9.9 29 200 M M 0 38 44 190
25 105 81 93 0 0 28 0.00 M M 5.1 12 140 M M 0 8 16 120
26 110 83 97 4 0 32 0.00 M M 5.1 17 250 M M 2 8 22 240
27 109 82 96 3 0 31 0.00 M M 6.3 14 250 M M 2 19 150
28 105 85 95 3 0 30 0.00 M M 7.4 18 150 M M 0 8 29 90
29 106 80 93 1 0 28 0.00 M M 5.8 15 140 M M 0 22 120
30 114 82 98 6 0 33 0.00 M M 4.8 12 340 M M 2 19 360
31 112 85 99 7 0 34 0.00 M M 6.3 16 120 M M 2 21 140
================================================================================
SM 3312 2575 0 936 T M 202.5 M 23
================================================================================
AV106.8 83.1 7.2 FASTST M M 1 MAX(MPH)
MISC ----> 33 160 45 290
================================================================================
NOTES:
# LAST OF SEVERAL OCCURRENCES
COLUMN 17 PEAK WIND IN M.P.H.
PRELIMINARY LOCAL CLIMATOLOGICAL DATA (WS FORM: F-6) , PAGE 2
STATION: IMPERIAL CA
MONTH: AUGUST
YEAR: 2022
LATITUDE: 32 50 N
LONGITUDE: 115 35 W
[TEMPERATURE DATA] [PRECIPITATION DATA] SYMBOLS USED IN COLUMN 16
AVERAGE MONTHLY: 95.0 TOTAL FOR MONTH: T 1 = FOG OR MIST
DPTR FM NORMAL: 1.4 DPTR FM NORMAL: -0.15 2 = FOG REDUCING VISIBILITY
HIGHEST: 114 ON 30 GRTST 24HR T ON 8- 8 TO 1/4 MILE OR LESS
LOWEST: 79 ON 13, 5 3 = THUNDER
SNOW, ICE PELLETS, HAIL 4 = ICE PELLETS
TOTAL MONTH: M 5 = HAIL
GRTST 24HR M ON M 6 = FREEZING RAIN OR DRIZZLE
GRTST DEPTH: M ON M 7 = DUSTSTORM OR SANDSTORM:
VSBY 1/2 MILE OR LESS
8 = SMOKE OR HAZE
[NO. OF DAYS WITH] [WEATHER - DAYS WITH] 9 = BLOWING SNOW
X = TORNADO
MAX 32 OR BELOW: 0 0.01 INCH OR MORE: 0
MAX 90 OR ABOVE: 31 0.10 INCH OR MORE: 0
MIN 32 OR BELOW: 0 0.50 INCH OR MORE: 0
MIN 0 OR BELOW: 0 1.00 INCH OR MORE: 0
[HDD (BASE 65) ]
TOTAL THIS MO. 0 CLEAR (SCALE 0-3) 29
DPTR FM NORMAL 0 PTCLDY (SCALE 4-7) 0
TOTAL FM JUL 1 0 CLOUDY (SCALE 8-10) 2
DPTR FM NORMAL 0
[CDD (BASE 65) ]
TOTAL THIS MO. 936
DPTR FM NORMAL 51 [PRESSURE DATA]
TOTAL FM JAN 1 3420 HIGHEST SLP M ON M
DPTR FM NORMAL 307 LOWEST SLP 29.55 ON 27
[REMARKS]
#FINAL-08-22#