000
CXUS53 KBIS 010830
CF6JMS
PRELIMINARY LOCAL CLIMATOLOGICAL DATA (WS FORM: F-6)
STATION: JAMESTOWN ND
MONTH: JULY
YEAR: 2021
LATITUDE: 46 55 N
LONGITUDE: 98 40 W
TEMPERATURE IN F: :PCPN: SNOW: WIND :SUNSHINE: SKY :PK WND
================================================================================
1 2 3 4 5 6A 6B 7 8 9 10 11 12 13 14 15 16 17 18
12Z AVG MX 2MIN
DY MAX MIN AVG DEP HDD CDD WTR SNW DPTH SPD SPD DIR MIN PSBL S-S WX SPD DR
================================================================================
1 91 58 75 7 0 10 0.00 M M 3.1 10 180 M M 0 17 150
2 94 61 78 10 0 13 0.00 M M 7.8 18 140 M M 0 26 150
3 97 64 81 12 0 16 0.00 M M 13.7 28 180 M M 0 37 180
4 95 65 80 11 0 15 0.00 M M 11.9 23 340 M M 0 34 320
5 89 62 76 7 0 11 T M M 4.3 10 30 M M 2 15 130
6 72 52 62 -7 3 0 0.16 M M 11.2 17 40 M M 9 8 25 20
7 75 50 63 -6 2 0 0.00 M M 5.4 12 120 M M 6 18 16 170
8 80 57 69 0 0 4 0.00 M M 10.1 20 150 M M 5 27 130
9 82 61 72 3 0 7 T M M 7.4 16 110 M M 7 13 22 120
10 86 59 73 3 0 8 0.00 M M 5.3 15 360 M M 1 1 23 360
11 89 55 72 2 0 7 0.00 M M 6.7 17 180 M M 0 22 170
12 92 60 76 6 0 11 0.00 M M 10.8 24 170 M M 1 35 210
13 86 58 72 2 0 7 M M M 5.2 12 30 M M 0 8 17 40
14 85 60 73 3 0 8 0.00 M M 4.3 10 80 M M 0 8 15 80
15 89 55 72 2 0 7 0.00 M M 7.5 20 170 M M 1 26 170
16 86 60 73 3 0 8 0.00 M M 11.6 24 180 M M 0 18 31 170
17 89 61 75 5 0 10 0.00 M M 10.4 18 140 M M 0 18 26 150
18 93 64 79 9 0 14 0.00 M M 9.9 18 180 M M 1 18 25 180
19 95 68 82 12 0 17 0.03 M M 9.0 21 30 M M 1 138 37 30
20 90 67 79 9 0 14 0.00 M M 9.9 17 150 M M 0 18 23 150
21 89 72 81 11 0 16 T M M 14.5 26 170 M M 3 36 180
22 97 67 82 12 0 17 0.00 M M 5.6 14 320 M M 0 19 320
23 99 74 87 17 0 22 T M M 5.9 17 240 M M 2 24 250
24 92 60 76 6 0 11 0.00 M M 7.1 24 320 M M 0 34 330
25 94 54 74 4 0 9 0.00 M M 5.3 16 180 M M 0 21 150
26 99 67 83 13 0 18 0.00 M M 8.1 23 250 M M 0 30 260
27 92 60 76 6 0 11 0.00 M M 7.6 18 150 M M 0 23 150
28 89 62 76 6 0 11 0.00 M M 10.5 20 350 M M 0 3 29 360
29 84 53 69 -1 0 4 0.00 M M 5.9 14 30 M M 0 8 20 360
30 84 64 74 4 0 9 T M M 6.2 17 210 M M 7 8 23 240
31 86 57 72 2 0 7 0.00 M M 9.8 21 20 M M 2 18 30 10
================================================================================
SM 2760 1887 5 322 0.19 M 252.0 M 48
================================================================================
AV 89.0 60.9 8.1 FASTST M M 2 MAX(MPH)
MISC ----> 28 180 # 37 180
================================================================================
NOTES:
# LAST OF SEVERAL OCCURRENCES
COLUMN 17 PEAK WIND IN M.P.H.
PRELIMINARY LOCAL CLIMATOLOGICAL DATA (WS FORM: F-6) , PAGE 2
STATION: JAMESTOWN ND
MONTH: JULY
YEAR: 2021
LATITUDE: 46 55 N
LONGITUDE: 98 40 W
[TEMPERATURE DATA] [PRECIPITATION DATA] SYMBOLS USED IN COLUMN 16
AVERAGE MONTHLY: 75.0 TOTAL FOR MONTH: 0.19 1 = FOG OR MIST
DPTR FM NORMAL: 5.3 DPTR FM NORMAL: -3.39 2 = FOG REDUCING VISIBILITY
HIGHEST: 99 ON 26,23 GRTST 24HR 0.16 ON 5- 6 TO 1/4 MILE OR LESS
LOWEST: 50 ON 7 3 = THUNDER
SNOW, ICE PELLETS, HAIL 4 = ICE PELLETS
TOTAL MONTH: M 5 = HAIL
GRTST 24HR M ON M 6 = FREEZING RAIN OR DRIZZLE
GRTST DEPTH: M ON M 7 = DUSTSTORM OR SANDSTORM:
VSBY 1/2 MILE OR LESS
8 = SMOKE OR HAZE
[NO. OF DAYS WITH] [WEATHER - DAYS WITH] 9 = BLOWING SNOW
X = TORNADO
MAX 32 OR BELOW: 0 0.01 INCH OR MORE: 2
MAX 90 OR ABOVE: 14 0.10 INCH OR MORE: 1
MIN 32 OR BELOW: 0 0.50 INCH OR MORE: 0
MIN 0 OR BELOW: 0 1.00 INCH OR MORE: 0
[HDD (BASE 65) ]
TOTAL THIS MO. 5 CLEAR (SCALE 0-3) 26
DPTR FM NORMAL -16 PTCLDY (SCALE 4-7) 4
TOTAL FM JUL 1 5 CLOUDY (SCALE 8-10) 1
DPTR FM NORMAL -13
[CDD (BASE 65) ]
TOTAL THIS MO. 322
DPTR FM NORMAL 157 [PRESSURE DATA]
TOTAL FM JAN 1 550 HIGHEST SLP 30.23 ON 29
DPTR FM NORMAL 287 LOWEST SLP 29.62 ON 4
[REMARKS]
#FINAL-07-21#