000
CXUS54 KFWD 010731
CF6MKN
PRELIMINARY LOCAL CLIMATOLOGICAL DATA (WS FORM: F-6)
STATION: COMANCHE
MONTH: OCTOBER
YEAR: 2020
LATITUDE: 31 55 N
LONGITUDE: 98 36 W
TEMPERATURE IN F: :PCPN: SNOW: WIND :SUNSHINE: SKY :PK WND
================================================================================
1 2 3 4 5 6A 6B 7 8 9 10 11 12 13 14 15 16 17 18
12Z AVG MX 2MIN
DY MAX MIN AVG DEP HDD CDD WTR SNW DPTH SPD SPD DIR MIN PSBL S-S WX SPD DR
================================================================================
1 81 50 66 M 0 1 0.00 0.0 0 5.6 13 50 M M 0 17 40
2 79 54 67 M 0 2 0.00 0.0 0 6.2 12 120 M M 0 16 140
3 85 54 70 M 0 5 0.00 0.0 0 9.1 15 190 M M 0 21 190
4 78 57 68 M 0 3 0.00 0.0 0 5.2 12 60 M M 0 16 60
5 84 52 68 M 0 3 0.00 0.0 0 7.1 12 140 M M 1 M M
6 89 55 72 M 0 7 0.00 0.0 0 4.1 9 160 M M 0 M M
7 88 60 74 M 0 9 0.00 0.0 0 4.6 9 160 M M 0 M M
8 85 58 72 M 0 7 0.00 0.0 0 4.5 10 100 M M 0 M M
9 87 64 76 M 0 11 0.00 0.0 0 3.1 7 100 M M 4 12 M M
10 92 61 77 M 0 12 0.00 0.0 0 5.1 9 200 M M 1 12 M M
11 99 60 80 M 0 15 0.00 0.0 0 6.8 16 200 M M 0 21 190
12 80 63 72 M 0 7 0.00 0.0 0 9.7 18 210 M M 1 8 36 310
13 84 51 68 M 0 3 0.00 0.0 0 4.4 10 160 M M 0 M M
14 93 54 74 M 0 9 0.00 0.0 0 10.2 17 200 M M 0 27 220
15 77 63 70 M 0 5 0.00 0.0 0 14.0 21 20 M M 6 29 20
16 71 46 59 M 6 0 0.00 0.0 0 7.0 13 70 M M 1 21 40
17 83 49 66 M 0 1 0.00 0.0 0 13.7 24 200 M M 0 32 200
18 91 51 71 M 0 6 0.00 0.0 0 11.8 16 190 M M 0 21 190
19 69 47 58 M 7 0 0.00 0.0 0 4.9 8 350 M M 4 M M
20 88 55 72 M 0 7 0.00 0.0 0 7.9 16 180 M M 5 1 23 170
21 86 61 74 M 0 9 0.00 0.0 0 9.4 15 190 M M 2 21 190
22 87 67 77 M 0 12 0.00 0.0 0 11.8 20 200 M M 3 25 200
23 71 46 59 M 6 0 1.16 0.0 0 11.7 21 350 M M 9 13 29 340
24 61 41 51 M 14 0 0.00 0.0 0 4.7 9 360 M M 4 M M
25 78 47 63 M 2 0 0.01 0.0 0 7.1 10 80 M M 4 1 16 90
26 59 32 46 M 19 0 0.15 0.0 0 14.2 18 350 M M 10 1 25 350
27 35 32 34 M 31 0 0.11 M 0 10.9 14 10 M M 10 1 20 350
28 51 33 42 M 23 0 0.11 M 0 10.4 15 320 M M 6 1 22 320
29 61 42 52 M 13 0 0.00 0.0 0 12.8 18 320 M M 5 31 320
30 68 41 55 M 10 0 0.00 0.0 0 4.3 7 130 M M 0 M M
31 77 41 59 M 6 0 0.00 0.0 0 7.0 13 170 M M 0 17 210
================================================================================
SM 2417 1587 137 134 1.54 0.0 249.3 M 76
================================================================================
AV 78.0 51.2 8.0 FASTST M M 2 MAX(MPH)
MISC ----> # 24 200 # 36 310
================================================================================
NOTES:
# LAST OF SEVERAL OCCURRENCES
COLUMN 17 PEAK WIND IN M.P.H.
PRELIMINARY LOCAL CLIMATOLOGICAL DATA (WS FORM: F-6) , PAGE 2
STATION: COMANCHE
MONTH: OCTOBER
YEAR: 2020
LATITUDE: 31 55 N
LONGITUDE: 98 36 W
[TEMPERATURE DATA] [PRECIPITATION DATA] SYMBOLS USED IN COLUMN 16
AVERAGE MONTHLY: 64.6 TOTAL FOR MONTH: 1.54 1 = FOG OR MIST
DPTR FM NORMAL: M DPTR FM NORMAL: -1.23 2 = FOG REDUCING VISIBILITY
HIGHEST: 99 ON 11 GRTST 24HR 1.16 ON 23-23 TO 1/4 MILE OR LESS
LOWEST: 32 ON 27,26 3 = THUNDER
SNOW, ICE PELLETS, HAIL 4 = ICE PELLETS
TOTAL MONTH: 0.0 INCH 5 = HAIL
GRTST 24HR 0.0 6 = FREEZING RAIN OR DRIZZLE
GRTST DEPTH: 0 7 = DUSTSTORM OR SANDSTORM:
VSBY 1/2 MILE OR LESS
8 = SMOKE OR HAZE
[NO. OF DAYS WITH] [WEATHER - DAYS WITH] 9 = BLOWING SNOW
X = TORNADO
MAX 32 OR BELOW: 0 0.01 INCH OR MORE: 5
MAX 90 OR ABOVE: 4 0.10 INCH OR MORE: 4
MIN 32 OR BELOW: 2 0.50 INCH OR MORE: 1
MIN 0 OR BELOW: 0 1.00 INCH OR MORE: 1
[HDD (BASE 65) ]
TOTAL THIS MO. 137 CLEAR (SCALE 0-3) 20
DPTR FM NORMAL M PTCLDY (SCALE 4-7) 8
TOTAL FM JUL 1 149 CLOUDY (SCALE 8-10) 3
DPTR FM NORMAL M
[CDD (BASE 65) ]
TOTAL THIS MO. 134
DPTR FM NORMAL M [PRESSURE DATA]
TOTAL FM JAN 1 2573 HIGHEST SLP M ON M
DPTR FM NORMAL M LOWEST SLP M ON M
[REMARKS]
#FINAL-10-20#