000
CXUS51 KPHI 010815
CF6MPO
PRELIMINARY LOCAL CLIMATOLOGICAL DATA (WS FORM: F-6)
STATION: MOUNT POCONO PA
MONTH: JUNE
YEAR: 2023
LATITUDE: 41 8 N
LONGITUDE: 75 24 W
TEMPERATURE IN F: :PCPN: SNOW: WIND :SUNSHINE: SKY :PK WND
================================================================================
1 2 3 4 5 6A 6B 7 8 9 10 11 12 13 14 15 16 17 18
12Z AVG MX 2MIN
DY MAX MIN AVG DEP HDD CDD WTR SNW DPTH SPD SPD DIR MIN PSBL S-S WX SPD DR
================================================================================
1 85 45 65 6 0 0 0.00 M M 3.5 13 90 M M 0 19 20
2 88 52 70 10 0 5 0.19 M M 8.6 25 20 M M 2 13 29 30
3 72 50 61 1 4 0 0.13 M M 6.9 16 360 M M 7 13 22 360
4 68 39 54 -6 11 0 0.00 M M 8.3 25 320 M M 3 35 300
5 69 39 54 -6 11 0 0.00 M M 10.0 23 350 M M 2 31 10
6 73 44 59 -2 6 0 0.00 M M 11.4 28 310 M M 7 18 38 340
7 60 40 50 -11 15 0 0.00 M M 12.4 23 310 M M 10 8 29 310
8 61 34 48 -13 17 0 0.00 M M 8.3 15 320 M M 9 8 23 300
9 65 45 55 -7 10 0 T M M 8.6 22 290 M M 7 1 26 290
10 73 45 59 -3 6 0 0.00 M M 7.6 20 320 M M 5 18 28 270
11 80 50 65 3 0 0 0.00 M M 4.9 15 140 M M 4 26 200
12 70 56 63 1 2 0 1.34 M M 9.6 23 300 M M 8 1 29 300
13 69 49 59 -4 6 0 0.00 M M 11.1 21 290 M M 4 27 300
14 60 48 54 -9 11 0 0.35 M M 9.4 23 260 M M 8 13 32 250
15 70 52 61 -2 4 0 0.00 M M 10.5 21 310 M M 6 27 320
16 63 49 56 -8 9 0 0.03 M M 3.9 14 280 M M 6 13 18 290
17 70 52 61 -3 4 0 T M M 13.8 28 290 M M 5 3 38 280
18 72 46 59 -5 6 0 0.00 M M 8.4 24 320 M M 2 30 320
19 77 50 64 0 1 0 0.00 M M 5.3 13 130 M M 3 22 40
20 74 56 65 1 0 0 0.00 M M 6.8 14 130 M M 5 1 25 180
21 69 54 62 -3 3 0 0.00 M M 8.4 15 110 M M 1 27 110
22 65 52 59 -6 6 0 T M M 7.6 14 60 M M 10 18 21 70
23 64 59 62 -3 3 0 0.03 M M 6.2 12 120 M M 10 12 25 110
24 79 62 71 5 0 6 0.38 M M 5.6 14 270 M M 7 123 26 220
25 78 58 68 2 0 3 0.69 M M 4.1 17 240 M M 7 12 21 230
26 68 61 65 -1 0 0 0.85 M M 5.3 26 140 M M 9 123 36 140
27 69 58 64 -2 1 0 0.13 M M 4.1 16 250 M M 8 123 22 250
28 68 58 63 -3 2 0 T M M 9.3 18 310 M M 9 18 24 290
29 76 54 65 -2 0 0 0.00 M M 6.0 14 280 M M 10 18 20 290
30 77 52 65 -2 0 0 0.00 M M 5.0 15 150 M M 10 128 22 210
================================================================================
SM 2132 1509 138 14 4.12 M 230.9 M 184
================================================================================
AV 71.1 50.3 7.7 FASTST M M 6 MAX(MPH)
MISC ----> # 28 310 # 38 340
================================================================================
NOTES:
# LAST OF SEVERAL OCCURRENCES
COLUMN 17 PEAK WIND IN M.P.H.
PRELIMINARY LOCAL CLIMATOLOGICAL DATA (WS FORM: F-6) , PAGE 2
STATION: MOUNT POCONO PA
MONTH: JUNE
YEAR: 2023
LATITUDE: 41 8 N
LONGITUDE: 75 24 W
[TEMPERATURE DATA] [PRECIPITATION DATA] SYMBOLS USED IN COLUMN 16
AVERAGE MONTHLY: 60.7 TOTAL FOR MONTH: 4.12 1 = FOG OR MIST
DPTR FM NORMAL: -2.5 DPTR FM NORMAL: -0.57 2 = FOG REDUCING VISIBILITY
HIGHEST: 88 ON 2 GRTST 24HR 1.34 ON 12-12 TO 1/4 MILE OR LESS
LOWEST: 34 ON 8 3 = THUNDER
SNOW, ICE PELLETS, HAIL 4 = ICE PELLETS
TOTAL MONTH: M 5 = HAIL
GRTST 24HR M ON M 6 = FREEZING RAIN OR DRIZZLE
GRTST DEPTH: M ON M 7 = DUSTSTORM OR SANDSTORM:
VSBY 1/2 MILE OR LESS
8 = SMOKE OR HAZE
[NO. OF DAYS WITH] [WEATHER - DAYS WITH] 9 = BLOWING SNOW
X = TORNADO
MAX 32 OR BELOW: 0 0.01 INCH OR MORE: 10
MAX 90 OR ABOVE: 0 0.10 INCH OR MORE: 8
MIN 32 OR BELOW: 0 0.50 INCH OR MORE: 3
MIN 0 OR BELOW: 0 1.00 INCH OR MORE: 1
[HDD (BASE 65) ]
TOTAL THIS MO. 138 CLEAR (SCALE 0-3) 7
DPTR FM NORMAL 31 PTCLDY (SCALE 4-7) 13
TOTAL FM JUL 1 6421 CLOUDY (SCALE 8-10) 10
DPTR FM NORMAL -827
[CDD (BASE 65) ]
TOTAL THIS MO. 14
DPTR FM NORMAL -39 [PRESSURE DATA]
TOTAL FM JAN 1 15 HIGHEST SLP 30.28 ON 21
DPTR FM NORMAL -53 LOWEST SLP 29.49 ON 14
[REMARKS]
#FINAL-06-23#