000
CXUS55 KBOI 072350
CF6MYL
PRELIMINARY LOCAL CLIMATOLOGICAL DATA (WS FORM: F-6)
STATION: MCCALL ID
MONTH: NOVEMBER
YEAR: 2022
LATITUDE: 44 52 N
LONGITUDE: 116 6 W
TEMPERATURE IN F: :PCPN: SNOW: WIND :SUNSHINE: SKY :PK WND
================================================================================
1 2 3 4 5 6A 6B 7 8 9 10 11 12 13 14 15 16 17 18
12Z AVG MX 2MIN
DY MAX MIN AVG DEP HDD CDD WTR SNW DPTH SPD SPD DIR MIN PSBL S-S WX SPD DR
================================================================================
1 58 34 46 9 19 0 0.15 M M 10.4 33 190 M M 7 8 46 200
2 34 25 30 -6 35 0 0.31 M M 5.8 15 190 M M 8 8 20 260
3 36 20 28 -8 37 0 0.00 M M 1.9 8 290 M M 7 8 10 300
4 40 28 34 -1 31 0 0.64 M M 5.8 15 180 M M 10 8 21 180
5 42 31 37 2 28 0 0.15 M M 9.1 25 230 M M 8 37 230
6 42 22 32 -3 33 0 0.01 M M 6.5 26 180 M M 6 35 170
7 38 23 31 -3 34 0 0.27 M M 7.4 21 190 M M 7 8 26 270
8 40 16 28 -6 37 0 T M M 3.4 12 30 M M 2 16 30
9 33 11 22 -12 43 0 0.60 M M 5.2 14 300 M M 8 23 300
10 25 2 14 -19 51 0 0.00 M M 1.7 7 210 M M 4 8 8 190
11 23 4 14 -19 51 0 T M M 1.2 6 40 M M 5 8 8 180
12 30 15 23 -9 42 0 0.00 M M 1.5 7 200 M M 7 8 8 190
13 36 8 22 -10 43 0 0.00 M M 5.3 16 20 M M 1 8 25 30
14 33 4 19 -13 46 0 0.00 M M 1.4 8 320 M M 1 8 12 320
15 38 5 22 -9 43 0 0.00 M M 1.2 7 280 M M 2 8 9 290
16 34 6 20 -11 45 0 0.00 M M 1.0 6 280 M M 2 8 7 190
17 31 7 19 -11 46 0 0.00 M M 2.8 12 300 M M 3 8 18 290
18 29 1 15 -15 50 0 0.00 M M 1.9 13 10 M M 0 8 17 10
19 29 1 15 -14 50 0 0.00 M M 1.1 6 200 M M 0 8 6 200
20 30 2 16 -13 49 0 0.00 M M 0.4 6 180 M M 2 8 6 190
21 33 6 20 -9 45 0 0.00 M M 1.5 7 200 M M 1 8 7 200
22 34 8 21 -7 44 0 0.08 M M 1.9 10 240 M M 4 8 19 220
23 39 15 27 -1 38 0 0.00 M M 3.1 12 280 M M 5 16 320
24 37 12 25 -2 40 0 0.00 M M 1.2 8 180 M M 1 8 190
25 43 11 27 0 38 0 0.00 M M 1.4 8 320 M M 6 12 330
26 38 13 26 -1 39 0 0.04 M M 4.4 10 280 M M 4 8 M M
27 32 15 24 -2 41 0 0.07 M M 7.2 20 180 M M 9 8 29 180
28 26 16 21 -5 44 0 0.03 M M 2.9 16 270 M M 8 22 240
29 22 16 19 -7 46 0 0.01 M M 3.0 8 180 M M 4 M M
30 33 19 26 1 39 0 0.35 M M 9.1 16 170 M M 10 27 170
================================================================================
SM 1038 396 1227 0 2.71 M 110.7 M 142
================================================================================
AV 34.6 13.2 3.7 FASTST M M 5 MAX(MPH)
MISC ----> 33 190 46 200
================================================================================
NOTES:
# LAST OF SEVERAL OCCURRENCES
COLUMN 17 PEAK WIND IN M.P.H.
PRELIMINARY LOCAL CLIMATOLOGICAL DATA (WS FORM: F-6) , PAGE 2
STATION: MCCALL ID
MONTH: NOVEMBER
YEAR: 2022
LATITUDE: 44 52 N
LONGITUDE: 116 6 W
[TEMPERATURE DATA] [PRECIPITATION DATA] SYMBOLS USED IN COLUMN 16
AVERAGE MONTHLY: 23.9 TOTAL FOR MONTH: 2.71 1 = FOG OR MIST
DPTR FM NORMAL: -7.0 DPTR FM NORMAL: 0.41 2 = FOG REDUCING VISIBILITY
HIGHEST: 58 ON 1 GRTST 24HR 0.66 ON 4- 5 TO 1/4 MILE OR LESS
LOWEST: 1 ON 19,18 3 = THUNDER
SNOW, ICE PELLETS, HAIL 4 = ICE PELLETS
TOTAL MONTH: M 5 = HAIL
GRTST 24HR M ON M 6 = FREEZING RAIN OR DRIZZLE
GRTST DEPTH: M ON M 7 = DUSTSTORM OR SANDSTORM:
VSBY 1/2 MILE OR LESS
8 = SMOKE OR HAZE
[NO. OF DAYS WITH] [WEATHER - DAYS WITH] 9 = BLOWING SNOW
X = TORNADO
MAX 32 OR BELOW: 10 0.01 INCH OR MORE: 13
MAX 90 OR ABOVE: 0 0.10 INCH OR MORE: 7
MIN 32 OR BELOW: 29 0.50 INCH OR MORE: 2
MIN 0 OR BELOW: 0 1.00 INCH OR MORE: 0
[HDD (BASE 65) ]
TOTAL THIS MO. 1227 CLEAR (SCALE 0-3) 10
DPTR FM NORMAL 202 PTCLDY (SCALE 4-7) 15
TOTAL FM JUL 1 1920 CLOUDY (SCALE 8-10) 5
DPTR FM NORMAL -323
[CDD (BASE 65) ]
TOTAL THIS MO. 0
DPTR FM NORMAL 0 [PRESSURE DATA]
TOTAL FM JAN 1 342 HIGHEST SLP M ON M
DPTR FM NORMAL 231 LOWEST SLP 29.37 ON 7
[REMARKS]
#FINAL-11-22#