000
CXUS55 KSEW 010930
CF6OLM
PRELIMINARY LOCAL CLIMATOLOGICAL DATA (WS FORM: F-6)
STATION: OLYMPIA WA AIRPORT
MONTH: AUGUST
YEAR: 2023
LATITUDE: 46 58 N
LONGITUDE: 122 54 W
TEMPERATURE IN F: :PCPN: SNOW: WIND :SUNSHINE: SKY :PK WND
================================================================================
1 2 3 4 5 6A 6B 7 8 9 10 11 12 13 14 15 16 17 18
12Z AVG MX 2MIN
DY MAX MIN AVG DEP HDD CDD WTR SNW DPTH SPD SPD DIR MIN PSBL S-S WX SPD DR
================================================================================
1 85 48 67 1 0 2 0.00 M M 3.1 10 20 M M 0 17 10
2 87 48 68 3 0 3 0.00 M M 3.4 14 250 M M 0 19 310
3 85 51 68 3 0 3 0.00 M M 3.3 12 300 M M 2 18 17 40
4 88 52 70 5 0 5 0.00 M M 3.0 10 360 M M 0 16 60
5 71 63 67 2 0 2 0.02 M M 2.4 10 340 M M 6 14 340
6 79 61 70 5 0 5 T M M 5.7 13 230 M M 7 17 240
7 80 58 69 4 0 4 0.00 M M 3.3 10 360 M M 6 15 300
8 84 52 68 3 0 3 0.00 M M 4.5 14 350 M M 3 1 27 30
9 74 55 65 0 0 0 0.17 M M 6.8 18 230 M M 6 18 24 240
10 74 55 65 0 0 0 0.00 M M 2.6 9 210 M M 7 18 40
11 82 51 67 2 0 2 0.00 M M 2.4 13 320 M M 4 18 80
12 84 53 69 4 0 4 0.00 M M 5.2 14 30 M M 0 19 60
13 91 55 73 8 0 8 0.00 M M 6.8 17 20 M M 0 22 20
14 96 59 78 13 0 13 0.00 M M 6.9 17 60 M M 0 25 10
15 100 58 79 15 0 14 0.00 M M 4.5 14 40 M M 0 21 20
16 99 58 79 15 0 14 0.00 M M 3.2 10 350 M M 0 16 350
17 91 58 75 11 0 10 0.00 M M 6.9 17 210 M M 0 1 26 230
18 77 49 63 -1 2 0 0.00 M M 8.7 17 210 M M 0 26 210
19 80 43 62 -2 3 0 0.00 M M 4.7 14 30 M M 0 22 90
20 83 46 65 1 0 0 0.00 M M 4.1 13 20 M M 1 8 19 40
21 79 46 63 -1 2 0 0.00 M M 4.4 16 280 M M 1 18 23 240
22 71 49 60 -4 5 0 T M M 5.4 15 190 M M 6 18 23 160
23 75 51 63 -1 2 0 0.08 M M 3.5 10 320 M M 5 1 14 10
24 79 45 62 -1 3 0 0.00 M M 5.9 17 60 M M 0 1 24 80
25 86 53 70 7 0 5 0.15 M M 4.0 16 360 M M 1 13 20 360
26 89 52 71 8 0 6 0.00 M M 3.5 12 40 M M 0 1 18 30
27 85 53 69 6 0 4 T M M 4.6 10 220 M M 1 18 14 220
28 66 60 63 0 2 0 0.02 M M 5.6 12 230 M M 9 3 19 240
29 76 58 67 4 0 2 0.04 M M 5.9 16 280 M M 8 13 22 280
30 78 58 68 5 0 3 0.00 M M 5.0 14 270 M M 6 20 240
31 71 54 63 1 2 0 0.30 M M 1.9 9 20 M M 7 128 13 20
================================================================================
SM 2545 1652 21 112 0.78 M 141.2 M 86
================================================================================
AV 82.1 53.3 4.6 FASTST M M 3 MAX(MPH)
MISC ----> 18 230 27 30
================================================================================
NOTES:
# LAST OF SEVERAL OCCURRENCES
COLUMN 17 PEAK WIND IN M.P.H.
PRELIMINARY LOCAL CLIMATOLOGICAL DATA (WS FORM: F-6) , PAGE 2
STATION: OLYMPIA WA AIRPORT
MONTH: AUGUST
YEAR: 2023
LATITUDE: 46 58 N
LONGITUDE: 122 54 W
[TEMPERATURE DATA] [PRECIPITATION DATA] SYMBOLS USED IN COLUMN 16
AVERAGE MONTHLY: 67.7 TOTAL FOR MONTH: 0.78 1 = FOG OR MIST
DPTR FM NORMAL: 3.5 DPTR FM NORMAL: -0.18 2 = FOG REDUCING VISIBILITY
HIGHEST: 100 ON 15 GRTST 24HR 0.30 ON 31-31 TO 1/4 MILE OR LESS
LOWEST: 43 ON 19 3 = THUNDER
SNOW, ICE PELLETS, HAIL 4 = ICE PELLETS
TOTAL MONTH: M 5 = HAIL
GRTST 24HR M ON M 6 = FREEZING RAIN OR DRIZZLE
GRTST DEPTH: M ON M 7 = DUSTSTORM OR SANDSTORM:
VSBY 1/2 MILE OR LESS
8 = SMOKE OR HAZE
[NO. OF DAYS WITH] [WEATHER - DAYS WITH] 9 = BLOWING SNOW
X = TORNADO
MAX 32 OR BELOW: 0 0.01 INCH OR MORE: 7
MAX 90 OR ABOVE: 5 0.10 INCH OR MORE: 3
MIN 32 OR BELOW: 0 0.50 INCH OR MORE: 0
MIN 0 OR BELOW: 0 1.00 INCH OR MORE: 0
[HDD (BASE 65) ]
TOTAL THIS MO. 21 CLEAR (SCALE 0-3) 19
DPTR FM NORMAL -46 PTCLDY (SCALE 4-7) 11
TOTAL FM JUL 1 53 CLOUDY (SCALE 8-10) 1
DPTR FM NORMAL -89
[CDD (BASE 65) ]
TOTAL THIS MO. 112
DPTR FM NORMAL 68 [PRESSURE DATA]
TOTAL FM JAN 1 192 HIGHEST SLP M ON M
DPTR FM NORMAL 87 LOWEST SLP 29.74 ON 17
[REMARKS]
#FINAL-08-23#