000
CXUS56 KMFR 010930
CF6OTH
PRELIMINARY LOCAL CLIMATOLOGICAL DATA (WS FORM: F-6)
STATION: NORTH BEND OR
MONTH: APRIL
YEAR: 2022
LATITUDE: 43 25 N
LONGITUDE: 124 15 W
TEMPERATURE IN F: :PCPN: SNOW: WIND :SUNSHINE: SKY :PK WND
================================================================================
1 2 3 4 5 6A 6B 7 8 9 10 11 12 13 14 15 16 17 18
12Z AVG MX 2MIN
DY MAX MIN AVG DEP HDD CDD WTR SNW DPTH SPD SPD DIR MIN PSBL S-S WX SPD DR
================================================================================
1 54 36 45 -4 20 0 T M M 6.7 18 340 M M 5 1 23 350
2 55 41 48 -1 17 0 0.00 M M 8.6 22 350 M M 4 12 26 360
3 57 40 49 0 16 0 0.15 M M 10.9 23 190 M M 8 36 200
4 55 47 51 2 14 0 0.83 M M 14.5 30 280 M M 9 1 38 280
5 54 39 47 -2 18 0 T M M 8.8 22 360 M M 7 25 10
6 64 37 51 2 14 0 0.00 M M 7.8 18 360 M M 0 8 23 360
7 66 42 54 4 11 0 0.00 M M 5.9 15 300 M M 0 17 310
8 55 43 49 -1 16 0 0.16 M M 8.5 17 330 M M 8 1 21 330
9 52 41 47 -3 18 0 0.01 M M 9.8 21 360 M M 7 26 360
10 51 44 48 -2 17 0 0.93 M M 11.9 23 210 M M 10 35 200
11 50 37 44 -6 21 0 0.40 M M 16.6 37 300 M M 9 13 41 300
12 48 38 43 -7 22 0 0.60 M M 13.1 32 270 M M 8 1 38 280
13 51 40 46 -4 19 0 0.36 M M 9.5 29 280 M M 9 1 38 280
14 48 36 42 -8 23 0 0.14 M M 7.3 23 270 M M 7 1 25 260
15 51 33 42 -8 23 0 0.00 M M 8.2 16 340 M M 1 20 350
16 51 40 46 -4 19 0 0.01 M M 9.7 22 270 M M 6 28 270
17 52 37 45 -5 20 0 0.00 M M 7.1 10 250 M M 3 M M
18 56 41 49 -1 16 0 0.82 M M 8.8 24 280 M M 9 1 37 240
19 54 39 47 -4 18 0 0.25 M M 10.7 16 130 M M 6 1 33 210
20 56 43 50 -1 15 0 0.54 M M 11.2 22 150 M M 9 35 200
21 M M M M M M M M M M M M M M M M M
22 57 M M M M M M M M M M M M M M 1 M M
23 59 39 49 -2 16 0 0.00 M M 6.6 13 320 M M 0 1 M M
24 58 42 50 -1 15 0 0.00 M M 7.4 14 260 M M 6 1 M M
25 56 47 52 1 13 0 0.07 M M 6.6 12 310 M M 9 1 M M
26 55 43 49 -3 16 0 0.10 M M 7.5 17 270 M M 6 1 M M
27 55 41 48 -4 17 0 0.00 M M 7.0 14 320 M M 3 1 M M
28 57 42 50 -2 15 0 0.04 M M 8.6 18 250 M M 9 23 240
29 58 46 52 0 13 0 0.56 M M 8.2 15 140 M M 9 1 M M
30 57 45 51 -1 14 0 0.09 M M 9.5 18 250 M M 9 1 30 220
================================================================================
SM 1592 1139 476 0 6.06 M 257.0 M 176
================================================================================
AV 54.9 40.7 9.2 FASTST M M 6 MAX(MPH)
MISC ----> 37 300 41 300
================================================================================
NOTES:
# LAST OF SEVERAL OCCURRENCES
COLUMN 17 PEAK WIND IN M.P.H.
PRELIMINARY LOCAL CLIMATOLOGICAL DATA (WS FORM: F-6) , PAGE 2
STATION: NORTH BEND OR
MONTH: APRIL
YEAR: 2022
LATITUDE: 43 25 N
LONGITUDE: 124 15 W
[TEMPERATURE DATA] [PRECIPITATION DATA] SYMBOLS USED IN COLUMN 16
AVERAGE MONTHLY: 47.8 TOTAL FOR MONTH: 6.06 1 = FOG OR MIST
DPTR FM NORMAL: -2.6 DPTR FM NORMAL: 0.66 2 = FOG REDUCING VISIBILITY
HIGHEST: 66 ON 7 GRTST 24HR 1.08 ON 10-11 TO 1/4 MILE OR LESS
LOWEST: 33 ON 15 3 = THUNDER
SNOW, ICE PELLETS, HAIL 4 = ICE PELLETS
TOTAL MONTH: M 5 = HAIL
GRTST 24HR M ON M 6 = FREEZING RAIN OR DRIZZLE
GRTST DEPTH: M ON M 7 = DUSTSTORM OR SANDSTORM:
VSBY 1/2 MILE OR LESS
8 = SMOKE OR HAZE
[NO. OF DAYS WITH] [WEATHER - DAYS WITH] 9 = BLOWING SNOW
X = TORNADO
MAX 32 OR BELOW: 0 0.01 INCH OR MORE: 18
MAX 90 OR ABOVE: 0 0.10 INCH OR MORE: 13
MIN 32 OR BELOW: 0 0.50 INCH OR MORE: 6
MIN 0 OR BELOW: 0 1.00 INCH OR MORE: 0
[HDD (BASE 65) ]
TOTAL THIS MO. 476 CLEAR (SCALE 0-3) 6
DPTR FM NORMAL 36 PTCLDY (SCALE 4-7) 11
TOTAL FM JUL 1 3717 CLOUDY (SCALE 8-10) 13
DPTR FM NORMAL -91
[CDD (BASE 65) ]
TOTAL THIS MO. 0
DPTR FM NORMAL 0 [PRESSURE DATA]
TOTAL FM JAN 1 0 HIGHEST SLP 30.49 ON 9
DPTR FM NORMAL 0 LOWEST SLP 29.56 ON 11
[REMARKS]
#FINAL-04-22#