000
CXUS54 KBMX 011110
CF6TOI
PRELIMINARY LOCAL CLIMATOLOGICAL DATA (WS FORM: F-6)
STATION: TROY
MONTH: JANUARY
YEAR: 2024
LATITUDE: 31 51 N
LONGITUDE: 86 1 W
TEMPERATURE IN F: :PCPN: SNOW: WIND :SUNSHINE: SKY :PK WND
================================================================================
1 2 3 4 5 6A 6B 7 8 9 10 11 12 13 14 15 16 17 18
12Z AVG MX 2MIN
DY MAX MIN AVG DEP HDD CDD WTR SNW DPTH SPD SPD DIR MIN PSBL S-S WX SPD DR
================================================================================
1 65 34 50 2 15 0 0.00 0.0 0 6.7 16 340 M M 0 1 22 350
2 59 26 43 -5 22 0 0.00 0.0 0 1.8 9 50 M M 0 14 30
3 46 29 38 -10 27 0 0.13 0.0 0 2.1 10 100 M M 7 12 14 110
4 59 30 45 -3 20 0 0.00 0.0 0 3.0 16 30 M M 2 12 20 360
5 65 29 47 0 18 0 0.24 M M 8.0 23 130 M M 3 1 36 130
6 65 44 55 8 10 0 0.01 M M 5.7 16 140 M M 6 18 27 150
7 58 36 47 0 18 0 0.00 0.0 0 5.2 21 310 M M 2 30 310
8 59 36 48 1 17 0 0.22 0.0 0 11.4 28 120 M M 5 3 46 120
9 70 43 57 10 8 0 2.17 0.0 0 11.6 32 140 M M 8 13 51 140
10 58 32 45 -2 20 0 0.00 0.0 0 4.8 13 270 M M 0 19 260
11 68 38 53 6 12 0 0.00 0.0 0 3.5 12 130 M M 1 18 130
12 75 49 62 15 3 0 0.05 0.0 0 9.7 31 330 M M 8 13 39 330
13 55 32 44 -3 21 0 0.00 0.0 0 5.5 21 300 M M 0 30 320
14 67 28 48 1 17 0 0.00 0.0 0 1.5 10 220 M M 0 15 290
15 70 31 51 4 14 0 0.02 0.0 0 2.7 13 210 M M 3 16 140
16 50 22 36 -11 29 0 0.06 M M 12.7 23 320 M M 5 16 31 320
17 47 17 32 -15 33 0 0.00 0.0 0 4.7 10 360 M M 0 18 10
18 60 20 40 -7 25 0 0.13 0.0 0 4.1 10 180 M M 4 1 16 180
19 56 31 44 -3 21 0 T 0.0 0 11.0 22 330 M M 4 1 30 320
20 41 26 34 -14 31 0 0.00 0.0 0 10.0 20 340 M M 0 26 360
21 48 20 34 -14 31 0 0.00 0.0 0 4.8 12 60 M M 0 17 80
22 63 32 48 0 17 0 0.00 0.0 0 4.7 14 130 M M 3 19 130
23 69 51 60 12 5 0 0.04 0.0 0 7.5 15 130 M M 8 8 21 140
24 80 61 71 23 0 6 0.38 0.0 0 8.1 16 170 M M 10 1 25 150
25 78 61 70 22 0 5 2.43 0.0 0 7.1 31 280 M M 9 138 46 270
26 77 57 67 19 0 2 0.00 0.0 0 2.3 8 150 M M 3 12 10 150
27 69 53 61 13 4 0 1.14 0.0 0 6.3 18 300 M M 7 1 31 280
28 55 45 50 2 15 0 0.00 0.0 0 11.3 20 320 M M 9 28 320
29 62 37 50 2 15 0 0.00 0.0 0 7.0 16 330 M M 3 23 310
30 69 32 51 3 14 0 0.00 0.0 0 3.0 13 240 M M 1 18 230
31 63 37 50 1 15 0 0.00 0.0 0 5.8 18 330 M M 0 25 340
================================================================================
SM 1926 1119 497 13 7.02 0.0 193.6 M 111
================================================================================
AV 62.1 36.1 6.2 FASTST M M 4 MAX(MPH)
MISC ----> 32 140 51 140
================================================================================
NOTES:
# LAST OF SEVERAL OCCURRENCES
COLUMN 17 PEAK WIND IN M.P.H.
PRELIMINARY LOCAL CLIMATOLOGICAL DATA (WS FORM: F-6) , PAGE 2
STATION: TROY
MONTH: JANUARY
YEAR: 2024
LATITUDE: 31 51 N
LONGITUDE: 86 1 W
[TEMPERATURE DATA] [PRECIPITATION DATA] SYMBOLS USED IN COLUMN 16
AVERAGE MONTHLY: 49.1 TOTAL FOR MONTH: 7.02 1 = FOG OR MIST
DPTR FM NORMAL: 1.5 DPTR FM NORMAL: 1.98 2 = FOG REDUCING VISIBILITY
HIGHEST: 80 ON 24 GRTST 24HR 2.85 ON 8- 9 TO 1/4 MILE OR LESS
LOWEST: 17 ON 17 3 = THUNDER
SNOW, ICE PELLETS, HAIL 4 = ICE PELLETS
TOTAL MONTH: 0.0 INCH 5 = HAIL
GRTST 24HR 0.0 6 = FREEZING RAIN OR DRIZZLE
GRTST DEPTH: 0 7 = DUSTSTORM OR SANDSTORM:
VSBY 1/2 MILE OR LESS
8 = SMOKE OR HAZE
[NO. OF DAYS WITH] [WEATHER - DAYS WITH] 9 = BLOWING SNOW
X = TORNADO
MAX 32 OR BELOW: 0 0.01 INCH OR MORE: 13
MAX 90 OR ABOVE: 0 0.10 INCH OR MORE: 8
MIN 32 OR BELOW: 16 0.50 INCH OR MORE: 3
MIN 0 OR BELOW: 0 1.00 INCH OR MORE: 3
[HDD (BASE 65) ]
TOTAL THIS MO. 497 CLEAR (SCALE 0-3) 16
DPTR FM NORMAL -45 PTCLDY (SCALE 4-7) 12
TOTAL FM JUL 1 1118 CLOUDY (SCALE 8-10) 3
DPTR FM NORMAL -318
[CDD (BASE 65) ]
TOTAL THIS MO. 13
DPTR FM NORMAL 10 [PRESSURE DATA]
TOTAL FM JAN 1 13 HIGHEST SLP 30.62 ON 21
DPTR FM NORMAL 10 LOWEST SLP 29.42 ON 9
[REMARKS]
#FINAL-01-24#