000
CXUS55 KCYS 011824 CCA
CF6LAR

PRELIMINARY LOCAL CLIMATOLOGICAL DATA (WS FORM: F-6)     ...CORRECTED...

                                          STATION:   LARAMIE WYOMING AIRPORT
                                          MONTH:     JULY
                                          YEAR:      2015
                                          LATITUDE:   41 18 N
                                          LONGITUDE: 105 40 W

  TEMPERATURE IN F:       :PCPN:    SNOW:  WIND      :SUNSHINE: SKY     :PK WND
================================================================================
1   2   3   4   5  6A  6B    7    8   9   10  11  12  13   14  15   16   17  18
                                     12Z  AVG MX 2MIN
DY MAX MIN AVG DEP HDD CDD  WTR  SNW DPTH SPD SPD DIR MIN PSBL S-S WX    SPD DR
================================================================================

 1  83  50  67   5   0   2 0.04    M    M  6.6 23 220   M    M   1 3      30 190
 2  81  51  66   4   0   1 0.03    M    M  8.3 29  60   M    M   2 3      45  50
 3  83  46  65   3   0   0 0.00    M    M  9.1 29  70   M    M   0        34  70
 4  87  52  70   7   0   5 0.02    M    M 11.3 29 320   M    M   2 3      38 320
 5  83  53  68   5   0   3 0.61    M    M 10.0 26 330   M    M   5 13     37  20
 6  62  52  57  -6   8   0 0.50    M    M  9.6 18 140   M    M  10 1      24 150
 7  66  51  59  -4   6   0 0.26    M    M 11.1 22 150   M    M  10 138    26 150
 8  58  48  53 -11  12   0 0.30    M    M  8.3 18  70   M    M   8 1      22  80
 9  70  46  58  -6   7   0 0.30    M    M  7.8 23 180   M    M   4 13     28 170
10  74  50  62  -2   3   0 0.01    M    M 12.6 25 230   M    M   3        30 230
11  77  49  63  -1   2   0    T    M    M 12.7 43 210   M    M   1 3      51 210
12  81  53  67   3   0   2 0.00    M    M 14.0 29 230   M    M   1        35 230
13  82  49  66   2   0   1 0.11    M    M  9.4 28 280   M    M   2 3      39 280
14  78  49  64   0   1   0 0.02    M    M  7.0 21 240   M    M   3 3      26 250
15  74  48  61  -3   4   0 0.14    M    M  7.7 32 320   M    M   3 13     44 320
16  81  48  65   1   0   0 0.00    M    M 14.1 33 290   M    M   1        39 300
17  81  48  65   0   0   0    T    M    M 13.6 41 290   M    M   2        50 280
18  77  44  61  -4   4   0    T    M    M  9.6 24 360   M    M   3 3      35 200
19  74  47  61  -4   4   0 0.00    M    M 10.2 22 280   M    M   4        28 260
20  77  39  58  -7   7   0    T    M    M  7.5 20 140   M    M   3        23 140
21  71  52  62  -3   3   0 0.03    M    M  8.1 23 160   M    M   6 3      27 160
22  79  46  63  -2   2   0    T    M    M 10.7 24 230   M    M   2        32 230
23  83  45  64  -1   1   0 0.00    M    M 11.8 28 230   M    M   1        38 250
24  86  46  66   1   0   1 0.00    M    M 10.8 23 160   M    M   1        34 250
25  82  50  66   1   0   1    T    M    M  6.7 20 330   M    M   3        25 340
26  86  45  66   1   0   1 0.00    M    M 10.6 28 150   M    M   1        35 150
27  85  50  68   3   0   3    T    M    M 15.9 38 220   M    M   1        53 210
28  76  43  60  -5   5   0 0.00    M    M 10.5 28 270   M    M   0        37 250
29  79  44  62  -3   3   0 0.00    M    M  6.9 14  30   M    M   0        19  30
30  82  39  61  -4   4   0 0.00    M    M  7.4 16 140   M    M   0        21 140
31  82  44  63  -1   2   0 0.02    M    M  8.8 22 100   M    M   1        29  90
================================================================================
SM 2420 1477        78  20  2.39    M    308.7          M       84
================================================================================
AV 78.1 47.6                              10.0 FASTST   M    M   3    MAX(MPH)
                                 MISC ---->    43 210                 53  210
================================================================================
NOTES:
# LAST OF SEVERAL OCCURRENCES

COLUMN 17 PEAK WIND IN M.P.H.

PRELIMINARY LOCAL CLIMATOLOGICAL DATA (WS FORM: F-6) , PAGE 2

                                          STATION:  LARAMIE WYOMING AIRPORT
                                          MONTH:    JULY
                                          YEAR:     2015
                                          LATITUDE:   41 18 N
                                          LONGITUDE: 105 40 W

[TEMPERATURE DATA]      [PRECIPITATION DATA]       SYMBOLS USED IN COLUMN 16

AVERAGE MONTHLY: 62.9   TOTAL FOR MONTH:   2.39    1 = FOG OR MIST
DPTR FM NORMAL:  -1.1   DPTR FM NORMAL:    0.96    2 = FOG REDUCING VISIBILITY
HIGHEST:    87 ON  4    GRTST 24HR  1.10 ON  5- 6      TO 1/4 MILE OR LESS
LOWEST:     39 ON 30,20                            3 = THUNDER
                        SNOW, ICE PELLETS, HAIL    4 = ICE PELLETS
                        TOTAL MONTH:    M          5 = HAIL
                        GRTST 24HR    M  ON   M    6 = FREEZING RAIN OR DRIZZLE
                        GRTST DEPTH:  M  ON   M    7 = DUSTSTORM OR SANDSTORM:
                                                       VSBY 1/2 MILE OR LESS
                                                   8 = SMOKE OR HAZE
[NO. OF DAYS WITH]      [WEATHER - DAYS WITH]      9 = BLOWING SNOW
                                                   X = TORNADO
MAX 32 OR BELOW:   0    0.01 INCH OR MORE:  14
MAX 90 OR ABOVE:   0    0.10 INCH OR MORE:   7
MIN 32 OR BELOW:   0    0.50 INCH OR MORE:   2
MIN  0 OR BELOW:   0    1.00 INCH OR MORE:   0

[HDD (BASE 65) ]
TOTAL THIS MO.    78    CLEAR  (SCALE 0-3)  23
DPTR FM NORMAL     9    PTCLDY (SCALE 4-7)   5
TOTAL FM JUL 1    78    CLOUDY (SCALE 8-10)  3
DPTR FM NORMAL     9

[CDD (BASE 65) ]
TOTAL THIS MO.    20
DPTR FM NORMAL   -20    [PRESSURE DATA]
TOTAL FM JAN 1    34    HIGHEST SLP 30.21 ON 30
DPTR FM NORMAL   -13    LOWEST  SLP 29.59 ON 27

[REMARKS]

NEW RECORD DAILY PRECIPITATION AMOUNT OF 0.61 INCH SET ON THE 5TH.  THE OLD
 RECORD WAS 0.14 SET IN 2015.
NEW RECORD CLODEST HIGH TEMPERATURE OF 62 DEGREES SET ON THE 6TH.  THE OLD
 RECORD WAS 68 DEGREES SET IN 1982.
NEW RECORD COLDEST HIGH TEMPERATURE OF 58 DEGREES SET ON THE 8TH.  THE OLD
 RECORD WAS 59 DEGREES SET IN 1990.
#FINAL-07-15#
