801
CXUS55 KPAH 300636
CF6POF
PRELIMINARY LOCAL CLIMATOLOGICAL DATA (WS FORM: F-6)

                                          STATION:   POPLAR BLUFF MO
                                          MONTH:     MARCH
                                          YEAR:      2017
                                          LATITUDE:   36 46 N
                                          LONGITUDE:  90 19 W

  TEMPERATURE IN F:       :PCPN:    SNOW:  WIND      :SUNSHINE: SKY     :PK WND
================================================================================
1   2   3   4   5  6A  6B    7    8   9   10  11  12  13   14  15   16   17  18
                                     12Z  AVG MX 2MIN
DY MAX MIN AVG DEP HDD CDD  WTR  SNW DPTH SPD SPD DIR MIN PSBL S-S WX    SPD DR
================================================================================

 1  70  40  55  11  10   0 0.23  0.0    0 14.4 41 260   M    M   2 1      60 250
 2  58  34  46   2  19   0 0.00  0.0    0  8.4 16 190   M    M   0        21 160
 3  50  31  41  -3  24   0 0.00  0.0    0  4.9 14 150   M    M   0        15 150
 4  65  30  48   3  17   0 0.00  0.0    0  8.0 22 210   M    M   0        28 210
 5  55  41  48   3  17   0 0.04  0.0    0  8.8 23 210   M    M   8        28 200
 6  67  52  60  15   5   0 0.26  0.0    0 15.5 30 180   M    M  10 1      44 190
 7  65  44  55   9  10   0 1.57  0.0    0  9.3 30 180   M    M   5 1      41 190
 8  65  36  51   5  14   0 0.00  0.0    0  5.9 18 210   M    M   0        23 190
 9  74  38  56  10   9   0 1.04  0.0    0  8.0 28 320   M    M   2 1      36 310
10  57  40  49   3  16   0 0.00  0.0    0 13.1 24  10   M    M   1        33 360
11  40  31  36 -11  29   0 0.36    M    0  8.2 15  40   M    M   9 1      19  40
12  46  27  37 -10  28   0 0.00  0.0    0  5.6 14  80   M    M   0        17  40
13  42  32  37 -10  28   0 0.19    M    0  7.4 20 350   M    M   9 1      25 350
14  37  27  32 -16  33   0 0.00  0.0    0 11.6 20 350   M    M   9        25 360
15  38  22  30 -18  35   0 0.00  0.0    0  5.9 14  20   M    M   1        20 150
16  47  33  40  -8  25   0 0.00  0.0    0  7.6 16 200   M    M  10        20 140
17  62  44  53   4  12   0 0.05    M    0  7.0 22 220   M    M   9 12     29 240
18  70  44  57   8   8   0 0.00  0.0    0  8.9 21 330   M    M   1 12     27 310
19  55  36  46  -3  19   0    T    M    0  4.7 10 140   M    M   5        13 170
20  81  41  61  11   4   0 0.00  0.0    0  7.6 23 210   M    M   0        26 210
21  65  49  57   7   8   0 0.45    M    0  9.9 21 350   M    M   5 1      26  50
22  57  45  51   1  14   0    T  0.0    0 11.1 20  40   M    M   3        25  30
23  68  45  57   7   8   0 0.00  0.0    0  7.5 14 160   M    M   5 8      20 150
24  75  62  69  18   0   4 0.00  0.0    0 14.2 26 160   M    M   4        35 200
25  68  55  62  11   3   0 0.95  0.0    0 11.1 25 160   M    M   8 1      32 150
26  66  52  59   8   6   0 0.00  0.0    0  5.6 14 220   M    M   6        19 220
27  68  53  61   9   4   0 0.54  0.0    0  6.0 25 200   M    M   5 1      42 220
28  64  52  58   6   7   0 0.00  0.0    0  6.4 13  50   M    M   7        17  70
29  76  53  65  13   0   0    T  0.0    0  9.2 23 150   M    M   6        32 150
================================================================================
SM 1751 1189       412   4  5.68     0.0 251.8          M      130
================================================================================
AV 60.4 41.0                               8.7 FASTST   M    M   4    MAX(MPH)
                                 MISC ---->  # 41 260               # 60  250
================================================================================
NOTES:
# LAST OF SEVERAL OCCURRENCES

COLUMN 17 PEAK WIND IN M.P.H.

PRELIMINARY LOCAL CLIMATOLOGICAL DATA (WS FORM: F-6) , PAGE 2

                                          STATION:  POPLAR BLUFF MO
                                          MONTH:    MARCH
                                          YEAR:     2017
                                          LATITUDE:   36 46 N
                                          LONGITUDE:  90 19 W

[TEMPERATURE DATA]      [PRECIPITATION DATA]       SYMBOLS USED IN COLUMN 16

AVERAGE MONTHLY: 50.7   TOTAL FOR MONTH:   5.68    1 = FOG OR MIST
DPTR FM NORMAL:   2.7   DPTR FM NORMAL:    1.62    2 = FOG REDUCING VISIBILITY
HIGHEST:    81 ON 20    GRTST 24HR  1.57 ON  7- 7      TO 1/4 MILE OR LESS
LOWEST:     22 ON 15                               3 = THUNDER
                        SNOW, ICE PELLETS, HAIL    4 = ICE PELLETS
                        TOTAL MONTH:   0.0 INCH    5 = HAIL
                        GRTST 24HR     0.0         6 = FREEZING RAIN OR DRIZZLE
                        GRTST DEPTH:   0           7 = DUSTSTORM OR SANDSTORM:
                                                       VSBY 1/2 MILE OR LESS
                                                   8 = SMOKE OR HAZE
[NO. OF DAYS WITH]      [WEATHER - DAYS WITH]      9 = BLOWING SNOW
                                                   X = TORNADO
MAX 32 OR BELOW:   0    0.01 INCH OR MORE:  11
MAX 90 OR ABOVE:   0    0.10 INCH OR MORE:   9
MIN 32 OR BELOW:   7    0.50 INCH OR MORE:   4
MIN  0 OR BELOW:   0    1.00 INCH OR MORE:   2

[HDD (BASE 65) ]
TOTAL THIS MO.   412    CLEAR  (SCALE 0-3)  12
DPTR FM NORMAL   -83    PTCLDY (SCALE 4-7)  11
TOTAL FM JUL 1  2806    CLOUDY (SCALE 8-10)  6
DPTR FM NORMAL  -958

[CDD (BASE 65) ]
TOTAL THIS MO.     4
DPTR FM NORMAL     4    [PRESSURE DATA]
TOTAL FM JAN 1     4    HIGHEST SLP M ON M
DPTR FM NORMAL     4    LOWEST  SLP 29.58 ON  1

[REMARKS]
