617
CXUS54 KSJT 011408
CLMABI


CLIMATE REPORT
NATIONAL WEATHER SERVICE SAN ANGELO TX
859 AM CDT MON MAY 1 2017

...................................

...THE ABILENE CLIMATE SUMMARY FOR THE MONTH OF APRIL 2017...

CLIMATE NORMAL PERIOD 1981 TO 2010
CLIMATE RECORD PERIOD 1886 TO 2017

WEATHER         OBSERVED          NORMAL  DEPART  LAST YEAR`S
                 VALUE   DATE(S)  VALUE   FROM    VALUE  DATE(S)
                                          NORMAL
................................................................
TEMPERATURE (F)
RECORD
 HIGH             104   04/25/2012
 LOW               25   04/09/1973
                        04/05/1886
HIGHEST            95   04/25        MM      MM       88  04/25
LOWEST             39   04/06        MM      MM       36  04/02
AVG. MAXIMUM     77.6              77.3     0.3     75.4
AVG. MINIMUM     53.2              51.9     1.3     52.9
MEAN             65.4              64.6     0.8     64.2
DAYS MAX >= 90      2               2.1    -0.1        0
DAYS MAX <= 32      0               0.0     0.0        0
DAYS MIN <= 32      0               0.3    -0.3        0
DAYS MIN <= 0       0               0.0     0.0        0

PRECIPITATION (INCHES)
RECORD
 MAXIMUM         9.80   1890
 MINIMUM         0.00   2012
TOTALS           1.34              1.64   -0.30     6.24
DAILY AVG.       0.04              0.05   -0.01     0.21
DAYS >= .01         5               5.0     0.0       11
DAYS >= .10         1               3.1    -2.1       10
DAYS >= .50         1               1.1    -0.1        4
DAYS >= 1.00        1               0.5     0.5        1
GREATEST
 24 HR. TOTAL    1.19   04/01 TO 04/02              2.82 04/16 TO 04/17

SNOWFALL (INCHES)
RECORDS
 TOTAL            9.3   1996
                        0
                        0
TOTALS            0.0               0.3    -0.3        T
SINCE 7/1           T               4.7    -4.7      5.1
SNOWDEPTH AVG.      0                MM      MM        0
DAYS >= 1.0         0               0.0     0.0        0
GREATEST
 SNOW DEPTH         0   MM                             0  MM
 24 HR TOTAL      0.0                                0.0

DEGREE_DAYS
HEATING TOTAL      83               111     -28       80
 SINCE 7/1       1810              2542    -732     2021
COOLING TOTAL     104                99       5       63
 SINCE 1/1        219               133      86       95
.................................................................

WIND (MPH)
AVERAGE WIND SPEED              13.5
HIGHEST WIND SPEED/DIRECTION    39/300    DATE  04/30
HIGHEST GUST SPEED/DIRECTION    48/300    DATE  04/30

SKY COVER
AVERAGE SKY COVER           0.30

AVERAGE RH (PERCENT)     66

WEATHER CONDITIONS. NUMBER OF DAYS WITH
THUNDERSTORM              1     MIXED PRECIP               0
HEAVY RAIN                1     RAIN                       1
LIGHT RAIN                6     FREEZING RAIN              0
LT FREEZING RAIN          0     HAIL                       0
HEAVY SNOW                0     SNOW                       0
LIGHT SNOW                0     SLEET                      0
FOG                       6     FOG W/VIS <= 1/4 MILE      0
HAZE                      2

-  INDICATES NEGATIVE NUMBERS.
R  INDICATES RECORD WAS SET OR TIED.
MM INDICATES DATA IS MISSING.
T  INDICATES TRACE AMOUNT.

$$
