000
CXAK56 PAFC 011021
CF6AKN
PRELIMINARY LOCAL CLIMATOLOGICAL DATA (WS FORM: F-6)
STATION: KING SALMON
MONTH: APRIL
YEAR: 2023
LATITUDE: 58 41 N
LONGITUDE: 156 39 W
TEMPERATURE IN F: :PCPN: SNOW: WIND :SUNSHINE: SKY :PK WND
================================================================================
1 2 3 4 5 6A 6B 7 8 9 10 11 12 13 14 15 16 17 18
12Z AVG MX 2MIN
DY MAX MIN AVG DEP HDD CDD WTR SNW DPTH SPD SPD DIR MIN PSBL S-S WX SPD DR
================================================================================
1 32 19 26 -2 39 0 0.00 M M 8.1 17 260 M M 3 22 240
2 37 27 32 3 33 0 0.00 M M 7.2 20 280 M M 6 34 310
3 39 29 34 5 31 0 0.31 M M 8.7 14 170 M M 10 18 18 170
4 37 33 35 5 30 0 0.11 M M 3.7 12 200 M M 10 12 15 200
5 33 25 29 -1 36 0 0.01 M M 6.9 15 350 M M 10 1 18 360
6 25 10 18 -13 47 0 0.00 M M 11.2 17 350 M M 3 21 350
7 21 4 13 -19 52 0 0.00 M M 9.7 16 340 M M 0 19 350
8 14 1 8 -24 57 0 0.00 M M 10.7 18 350 M M 0 27 350
9 12 -6 3 -30 62 0 0.00 M M 8.1 17 340 M M 0 22 330
10 23 0 12 -21 53 0 T M M 6.2 13 10 M M 3 16 360
11 38 16 27 -7 38 0 0.09 M M 10.5 24 250 M M 10 1 34 180
12 38 31 35 1 30 0 0.10 M M 11.6 18 240 M M 10 1 32 260
13 27 24 26 -9 39 0 0.01 M M 11.4 20 360 M M 9 1 23 350
14 23 9 16 -20 49 0 0.00 M M 12.1 21 350 M M 1 27 330
15 32 14 23 -13 42 0 0.10 M M 12.0 21 360 M M 7 18 25 360
16 29 16 23 -14 42 0 0.00 M M 12.7 23 350 M M 0 29 350
17 25 8 17 -20 48 0 0.00 M M 12.3 23 350 M M 0 28 350
18 31 10 21 -17 44 0 0.00 M M 12.2 20 360 M M 2 24 360
19 39 13 26 -12 39 0 0.00 M M 5.7 15 10 M M 0 21 10
20 50 18 34 -5 31 0 0.00 M M 5.8 13 360 M M 0 15 40
21 46 27 37 -2 28 0 0.00 M M 9.5 20 20 M M 0 23 10
22 48 24 36 -4 29 0 0.00 M M 8.3 21 340 M M 0 28 330
23 33 19 26 -14 39 0 0.00 M M 19.2 31 350 M M 2 42 360
24 28 13 21 -19 44 0 0.00 M M 6.8 14 360 M M 1 17 360
25 45 27 36 -5 29 0 0.02 M M 7.5 16 90 M M 10 18 20 90
26 49 30 40 -1 25 0 T M M 5.9 15 230 M M 8 17 230
27 41 31 36 -6 29 0 0.02 M M 7.2 15 150 M M 9 1 17 160
28 48 31 40 -2 25 0 0.00 M M 14.2 30 150 M M 5 35 170
29 49 33 41 -1 24 0 0.00 M M 9.4 20 180 M M 5 24 180
30 52 32 42 0 23 0 0.15 M M 16.5 37 160 M M 6 1 48 150
================================================================================
SM 1044 568 1137 0 0.92 M 291.3 M 130
================================================================================
AV 34.8 18.9 9.7 FASTST M M 4 MAX(MPH)
MISC ----> 37 160 48 150
================================================================================
NOTES:
# LAST OF SEVERAL OCCURRENCES
COLUMN 17 PEAK WIND IN M.P.H.
PRELIMINARY LOCAL CLIMATOLOGICAL DATA (WS FORM: F-6) , PAGE 2
STATION: KING SALMON
MONTH: APRIL
YEAR: 2023
LATITUDE: 58 41 N
LONGITUDE: 156 39 W
[TEMPERATURE DATA] [PRECIPITATION DATA] SYMBOLS USED IN COLUMN 16
AVERAGE MONTHLY: 26.9 TOTAL FOR MONTH: 0.92 1 = FOG OR MIST
DPTR FM NORMAL: -9.1 DPTR FM NORMAL: -0.12 2 = FOG REDUCING VISIBILITY
HIGHEST: 52 ON 30 GRTST 24HR 0.32 ON 3- 4 TO 1/4 MILE OR LESS
LOWEST: -6 ON 9 3 = THUNDER
SNOW, ICE PELLETS, HAIL 4 = ICE PELLETS
TOTAL MONTH: M 5 = HAIL
GRTST 24HR M ON M 6 = FREEZING RAIN OR DRIZZLE
GRTST DEPTH: M ON M 7 = DUSTSTORM OR SANDSTORM:
VSBY 1/2 MILE OR LESS
8 = SMOKE OR HAZE
[NO. OF DAYS WITH] [WEATHER - DAYS WITH] 9 = BLOWING SNOW
X = TORNADO
MAX 32 OR BELOW: 13 0.01 INCH OR MORE: 10
MAX 90 OR ABOVE: 0 0.10 INCH OR MORE: 5
MIN 32 OR BELOW: 28 0.50 INCH OR MORE: 0
MIN 0 OR BELOW: 2 1.00 INCH OR MORE: 0
[HDD (BASE 65) ]
TOTAL THIS MO. 1137 CLEAR (SCALE 0-3) 15
DPTR FM NORMAL 269 PTCLDY (SCALE 4-7) 7
TOTAL FM JUL 1 9420 CLOUDY (SCALE 8-10) 8
DPTR FM NORMAL 3
[CDD (BASE 65) ]
TOTAL THIS MO. 0
DPTR FM NORMAL 0 [PRESSURE DATA]
TOTAL FM JAN 1 0 HIGHEST SLP M ON M
DPTR FM NORMAL 0 LOWEST SLP 29.25 ON 30
[REMARKS]
#FINAL-04-23#