000
CXAK56 PAFC 020114
CF6AKN
PRELIMINARY LOCAL CLIMATOLOGICAL DATA (WS FORM: F-6)
STATION: KING SALMON
MONTH: MAY
YEAR: 2021
LATITUDE: 58 41 N
LONGITUDE: 156 39 W
TEMPERATURE IN F: :PCPN: SNOW: WIND :SUNSHINE: SKY :PK WND
================================================================================
1 2 3 4 5 6A 6B 7 8 9 10 11 12 13 14 15 16 17 18
12Z AVG MX 2MIN
DY MAX MIN AVG DEP HDD CDD WTR SNW DPTH SPD SPD DIR MIN PSBL S-S WX SPD DR
================================================================================
1 49 18 34 -9 31 0 T M M 8.9 22 150 M M 6 28 150
2 51 35 43 0 22 0 0.00 M M 12.4 26 100 M M 9 34 100
3 48 35 42 -1 23 0 0.02 M M 10.4 21 60 M M 9 26 50
4 55 36 46 2 19 0 T M M 10.8 23 60 M M 7 32 60
5 53 23 38 -6 27 0 0.00 M M 4.4 13 360 M M 3 8 21 60
6 56 20 38 -6 27 0 0.00 M M 4.5 15 190 M M 3 12 20 190
7 51 29 40 -4 25 0 T M M 12.6 22 100 M M 5 36 100
8 51 36 44 0 21 0 0.06 M M 15.0 22 100 M M 9 38 100
9 52 33 43 -1 22 0 0.06 M M 10.6 23 100 M M 8 30 80
10 50 40 45 0 20 0 0.22 M M 6.4 15 100 M M 10 1 19 110
11 48 32 40 -5 25 0 0.07 M M 1.6 6 40 M M 10 1 M M
12 56 30 43 -2 22 0 0.00 M M 5.3 16 130 M M 7 12 20 130
13 58 27 43 -2 22 0 0.00 M M 10.7 20 110 M M 1 25 70
14 50 36 43 -2 22 0 0.24 M M 6.8 14 110 M M 9 1 17 130
15 54 30 42 -4 23 0 T M M 3.8 12 70 M M 7 15 130
16 56 34 45 -1 20 0 T M M 6.4 16 300 M M 6 20 290
17 43 36 40 -6 25 0 0.02 M M 10.7 15 220 M M 10 1 20 210
18 55 34 45 -1 20 0 0.00 M M 5.5 13 220 M M 7 1 16 190
19 51 32 42 -4 23 0 0.11 M M 10.4 24 90 M M 9 1 37 90
20 48 43 46 0 19 0 0.21 M M 24.9 37 90 M M 10 1 52 100
21 51 37 44 -2 21 0 0.18 M M 6.9 15 250 M M 9 1 20 80
22 55 32 44 -3 21 0 0.00 M M 8.3 14 270 M M 6 18 190
23 70 27 49 2 16 0 0.00 M M 5.2 16 210 M M 2 12 20 210
24 70 32 51 4 14 0 0.00 M M 5.4 15 220 M M 2 19 230
25 71 29 50 3 15 0 0.00 M M 5.3 15 280 M M 0 1 22 270
26 68 34 51 4 14 0 0.00 M M 6.4 15 270 M M 1 21 290
27 65 38 52 4 13 0 0.00 M M 5.5 13 210 M M 2 23 240
28 72 32 52 4 13 0 0.00 M M 5.7 17 20 M M 5 12 22 30
29 52 39 46 -2 19 0 0.13 M M 5.8 15 80 M M 9 1 19 90
30 55 43 49 1 16 0 0.03 M M 8.6 20 170 M M 9 1 26 160
31 63 36 50 1 15 0 T M M 8.4 17 90 M M 3 24 80
================================================================================
SM 1727 1018 635 0 1.35 M 253.6 M 193
================================================================================
AV 55.7 32.8 8.2 FASTST M M 6 MAX(MPH)
MISC ----> 37 90 52 100
================================================================================
NOTES:
# LAST OF SEVERAL OCCURRENCES
COLUMN 17 PEAK WIND IN M.P.H.
PRELIMINARY LOCAL CLIMATOLOGICAL DATA (WS FORM: F-6) , PAGE 2
STATION: KING SALMON
MONTH: MAY
YEAR: 2021
LATITUDE: 58 41 N
LONGITUDE: 156 39 W
[TEMPERATURE DATA] [PRECIPITATION DATA] SYMBOLS USED IN COLUMN 16
AVERAGE MONTHLY: 44.3 TOTAL FOR MONTH: 1.35 1 = FOG OR MIST
DPTR FM NORMAL: -1.3 DPTR FM NORMAL: -0.09 2 = FOG REDUCING VISIBILITY
HIGHEST: 72 ON 28 GRTST 24HR 0.32 ON 19-20 TO 1/4 MILE OR LESS
LOWEST: 18 ON 1 3 = THUNDER
SNOW, ICE PELLETS, HAIL 4 = ICE PELLETS
TOTAL MONTH: M 5 = HAIL
GRTST 24HR M ON M 6 = FREEZING RAIN OR DRIZZLE
GRTST DEPTH: M ON M 7 = DUSTSTORM OR SANDSTORM:
VSBY 1/2 MILE OR LESS
8 = SMOKE OR HAZE
[NO. OF DAYS WITH] [WEATHER - DAYS WITH] 9 = BLOWING SNOW
X = TORNADO
MAX 32 OR BELOW: 0 0.01 INCH OR MORE: 12
MAX 90 OR ABOVE: 0 0.10 INCH OR MORE: 6
MIN 32 OR BELOW: 14 0.50 INCH OR MORE: 0
MIN 0 OR BELOW: 0 1.00 INCH OR MORE: 0
[HDD (BASE 65) ]
TOTAL THIS MO. 635 CLEAR (SCALE 0-3) 9
DPTR FM NORMAL 35 PTCLDY (SCALE 4-7) 9
TOTAL FM JUL 1 9861 CLOUDY (SCALE 8-10) 13
DPTR FM NORMAL -157
[CDD (BASE 65) ]
TOTAL THIS MO. 0
DPTR FM NORMAL 0 [PRESSURE DATA]
TOTAL FM JAN 1 0 HIGHEST SLP 30.17 ON 23
DPTR FM NORMAL 0 LOWEST SLP 29.29 ON 29
[REMARKS]
#FINAL-05-21#