000
CXUS53 KGRR 010910
CF6BIV
PRELIMINARY LOCAL CLIMATOLOGICAL DATA (WS FORM: F-6)
STATION: HOLLAND
MONTH: OCTOBER
YEAR: 2023
LATITUDE: 42 49 N
LONGITUDE: 86 10 W
TEMPERATURE IN F: :PCPN: SNOW: WIND :SUNSHINE: SKY :PK WND
================================================================================
1 2 3 4 5 6A 6B 7 8 9 10 11 12 13 14 15 16 17 18
12Z AVG MX 2MIN
DY MAX MIN AVG DEP HDD CDD WTR SNW DPTH SPD SPD DIR MIN PSBL S-S WX SPD DR
================================================================================
1 83 59 71 14 0 6 0.00 M M 2.8 9 140 M M 0 18 13 280
2 83 58 71 14 0 6 0.00 M M 3.3 9 290 M M 0 1 14 270
3 85 57 71 14 0 6 0.00 M M 4.4 13 260 M M 0 17 180
4 84 63 74 18 0 9 0.04 M M 7.9 20 240 M M 2 29 230
5 67 56 62 6 3 0 1.19 M M 6.8 28 230 M M 8 123 39 210
6 64 44 54 -1 11 0 1.35 M M 8.8 20 240 M M 6 13 29 250
7 54 44 49 -6 16 0 0.86 M M 6.1 15 330 M M 9 1 29 360
8 55 37 46 -9 19 0 0.08 M M 5.2 17 330 M M 6 1 28 320
9 54 39 47 -7 18 0 0.01 M M 5.8 18 320 M M 7 1 30 320
10 52 43 48 -6 17 0 0.14 M M 3.7 13 290 M M 10 1 22 290
11 62 45 54 0 11 0 T M M 3.1 9 300 M M 7 14 290
12 58 46 52 -1 13 0 T M M 7.0 15 80 M M 10 21 80
13 51 48 50 -3 15 0 0.45 M M 12.5 18 90 M M 10 1 30 80
14 56 47 52 0 13 0 0.53 M M 9.7 21 70 M M 10 1 35 80
15 57 45 51 -1 14 0 T M M 7.8 17 320 M M 9 30 320
16 53 38 46 -6 19 0 T M M 5.4 9 320 M M 7 16 10
17 57 34 46 -5 19 0 0.00 M M 3.9 14 240 M M 6 1 18 240
18 67 41 54 3 11 0 T M M 8.6 20 180 M M 6 26 180
19 57 53 55 4 10 0 0.18 M M 7.3 14 230 M M 10 1 17 180
20 57 39 48 -2 17 0 0.07 M M 7.7 18 330 M M 9 1 29 320
21 50 35 43 -7 22 0 0.10 M M 3.8 10 350 M M 7 1 18 340
22 54 34 44 -6 21 0 0.00 M M 4.5 16 310 M M 4 1 25 300
23 62 32 47 -2 18 0 T M M 8.5 21 180 M M 0 1 29 170
24 77 57 67 18 0 2 0.01 M M 12.2 23 230 M M 3 34 220
25 69 59 64 16 1 0 0.37 M M 9.6 24 220 M M 9 1 37 220
26 70 63 67 19 0 2 0.61 M M 11.2 23 220 M M 8 1 31 220
27 68 49 59 11 6 0 0.10 M M 15.5 26 240 M M 9 1 40 260
28 53 46 50 3 15 0 T M M 5.2 15 310 M M 8 25 300
29 49 41 45 -2 20 0 0.10 M M 4.9 10 70 M M 10 17 60
30 43 37 40 -6 25 0 0.01 M M 7.3 18 290 M M 10 29 290
31 39 22 31 -15 34 0 0.25 M M 6.6 22 190 M M 9 12 30 190
================================================================================
SM 1890 1411 388 31 6.45 M 217.1 M 209
================================================================================
AV 61.0 45.5 7.0 FASTST M M 7 MAX(MPH)
MISC ----> 28 230 40 260
================================================================================
NOTES:
# LAST OF SEVERAL OCCURRENCES
COLUMN 17 PEAK WIND IN M.P.H.
PRELIMINARY LOCAL CLIMATOLOGICAL DATA (WS FORM: F-6) , PAGE 2
STATION: HOLLAND
MONTH: OCTOBER
YEAR: 2023
LATITUDE: 42 49 N
LONGITUDE: 86 10 W
[TEMPERATURE DATA] [PRECIPITATION DATA] SYMBOLS USED IN COLUMN 16
AVERAGE MONTHLY: 53.2 TOTAL FOR MONTH: 6.45 1 = FOG OR MIST
DPTR FM NORMAL: 1.5 DPTR FM NORMAL: 2.23 2 = FOG REDUCING VISIBILITY
HIGHEST: 85 ON 3 GRTST 24HR 2.20 ON 6- 7 TO 1/4 MILE OR LESS
LOWEST: 22 ON 31 3 = THUNDER
SNOW, ICE PELLETS, HAIL 4 = ICE PELLETS
TOTAL MONTH: M 5 = HAIL
GRTST 24HR M ON M 6 = FREEZING RAIN OR DRIZZLE
GRTST DEPTH: M ON M 7 = DUSTSTORM OR SANDSTORM:
VSBY 1/2 MILE OR LESS
8 = SMOKE OR HAZE
[NO. OF DAYS WITH] [WEATHER - DAYS WITH] 9 = BLOWING SNOW
X = TORNADO
MAX 32 OR BELOW: 0 0.01 INCH OR MORE: 19
MAX 90 OR ABOVE: 0 0.10 INCH OR MORE: 13
MIN 32 OR BELOW: 2 0.50 INCH OR MORE: 5
MIN 0 OR BELOW: 0 1.00 INCH OR MORE: 2
[HDD (BASE 65) ]
TOTAL THIS MO. 388 CLEAR (SCALE 0-3) 6
DPTR FM NORMAL -32 PTCLDY (SCALE 4-7) 11
TOTAL FM JUL 1 478 CLOUDY (SCALE 8-10) 14
DPTR FM NORMAL -88
[CDD (BASE 65) ]
TOTAL THIS MO. 31
DPTR FM NORMAL 23 [PRESSURE DATA]
TOTAL FM JAN 1 641 HIGHEST SLP 30.34 ON 1
DPTR FM NORMAL 10 LOWEST SLP 29.51 ON 20
[REMARKS]
#FINAL-10-23#