000
CXUS53 KARX 120117
CF6CCY
PRELIMINARY LOCAL CLIMATOLOGICAL DATA (WS FORM: F-6)
STATION: CHARLES_CITY IA
MONTH: OCTOBER
YEAR: 2020
LATITUDE: 43 4 N
LONGITUDE: 92 37 W
TEMPERATURE IN F: :PCPN: SNOW: WIND :SUNSHINE: SKY :PK WND
================================================================================
1 2 3 4 5 6A 6B 7 8 9 10 11 12 13 14 15 16 17 18
12Z AVG MX 2MIN
DY MAX MIN AVG DEP HDD CDD WTR SNW DPTH SPD SPD DIR MIN PSBL S-S WX SPD DR
================================================================================
1 55 36 46 -9 19 0 0.01 0.0 0 11.5 18 320 M M 7 27 320
2 54 30 42 -13 23 0 0.00 0.0 0 4.4 8 330 M M 5 12 99
3 50 36 43 -12 22 0 0.00 0.0 0 4.6 10 40 M M 8 14 99
4 55 28 42 -12 23 0 0.00 0.0 0 5.0 8 160 M M 1 15 260
5 70 39 55 1 10 0 0.00 0.0 0 13.9 25 180 M M 1 37 190
6 79 46 63 9 2 0 0.00 0.0 0 9.8 21 250 M M 1 27 240
7 75 48 62 9 3 0 0.00 0.0 0 8.6 15 320 M M 0 27 320
8 72 43 58 5 7 0 0.00 0.0 0 9.0 15 140 M M 0 8 14 120
9 84 57 71 19 0 6 0.00 0.0 0 13.9 22 210 M M 0 32 210
10 73 50 62 10 3 0 0.00 0.0 0 8.6 13 30 M M 0 20 30
11 79 48 64 12 1 0 0.00 0.0 0 15.9 23 140 M M 1 30 140
12 72 45 59 8 6 0 0.04 0.0 0 15.9 25 310 M M 4 35 160
13 63 39 51 0 14 0 0.00 0.0 0 11.2 22 320 M M 2 33 290
14 64 39 52 2 13 0 0.00 0.0 0 17.0 28 150 M M 5 37 150
15 50 32 41 -9 24 0 0.00 0.0 0 13.9 22 310 M M 2 30 320
16 48 30 39 -11 26 0 0.00 0.0 0 11.9 27 270 M M 4 31 260
17 64 39 52 3 13 0 T 0.0 0 16.5 27 230 M M 7 35 230
18 39 28 34 -15 31 0 0.00 0.0 0 11.6 20 290 M M 5 27 290
19 34 27 31 -18 34 0 0.00 0.0 0 5.1 10 140 M M 9 M M
20 43 34 39 -9 26 0 M M 0 10.7 17 130 M M 10 1 20 280
21 45 36 41 -7 24 0 0.00 0.0 0 7.9 15 320 M M 7 1 22 320
22 39 36 38 -10 27 0 M M 0 15.0 21 80 M M 10 1 27 80
23 39 27 33 -14 32 0 0.00 0.0 0 17.1 24 340 M M 10 1 32 340
24 36 19 28 -19 37 0 0.00 0.0 0 7.8 13 40 M M 6 14 40
25 32 25 29 -17 36 0 M M M 10.5 14 20 M M 8 18 350
26 30 19 25 -21 40 0 0.00 0.0 M 8.8 14 350 M M 6 21 340
27 36 19 28 -18 37 0 0.00 0.0 0 7.2 14 210 M M 2 17 240
28 55 25 40 -5 25 0 0.00 0.0 0 9.5 16 330 M M 0 15 99
29 41 30 36 -9 29 0 0.00 0.0 0 10.6 16 340 M M 9 21 340
30 45 32 39 -5 26 0 0.00 0.0 0 6.8 14 140 M M 5 20 140
31 63 34 49 5 16 0 0.00 0.0 0 19.5 27 310 M M 3 39 310
================================================================================
SM 1684 1076 629 6 0.05 0.0 339.7 M 138
================================================================================
AV 54.3 34.7 11.0 FASTST M M 4 MAX(MPH)
MISC ----> # 28 150 # 39 310
================================================================================
NOTES:
# LAST OF SEVERAL OCCURRENCES
COLUMN 17 PEAK WIND IN M.P.H.
PRELIMINARY LOCAL CLIMATOLOGICAL DATA (WS FORM: F-6) , PAGE 2
STATION: CHARLES_CITY IA
MONTH: OCTOBER
YEAR: 2020
LATITUDE: 43 4 N
LONGITUDE: 92 37 W
[TEMPERATURE DATA] [PRECIPITATION DATA] SYMBOLS USED IN COLUMN 16
AVERAGE MONTHLY: 44.5 TOTAL FOR MONTH: 0.05 1 = FOG OR MIST
DPTR FM NORMAL: -5.2 DPTR FM NORMAL: -2.30 2 = FOG REDUCING VISIBILITY
HIGHEST: 84 ON 9 GRTST 24HR 0.04 ON 12-12 TO 1/4 MILE OR LESS
LOWEST: 19 ON 27,26 3 = THUNDER
SNOW, ICE PELLETS, HAIL 4 = ICE PELLETS
TOTAL MONTH: 0.0 INCH 5 = HAIL
GRTST 24HR 0.0 6 = FREEZING RAIN OR DRIZZLE
GRTST DEPTH: 0 7 = DUSTSTORM OR SANDSTORM:
VSBY 1/2 MILE OR LESS
8 = SMOKE OR HAZE
[NO. OF DAYS WITH] [WEATHER - DAYS WITH] 9 = BLOWING SNOW
X = TORNADO
MAX 32 OR BELOW: 2 0.01 INCH OR MORE: 2
MAX 90 OR ABOVE: 0 0.10 INCH OR MORE: 0
MIN 32 OR BELOW: 14 0.50 INCH OR MORE: 0
MIN 0 OR BELOW: 0 1.00 INCH OR MORE: 0
[HDD (BASE 65) ]
TOTAL THIS MO. 629 CLEAR (SCALE 0-3) 13
DPTR FM NORMAL 149 PTCLDY (SCALE 4-7) 13
TOTAL FM JUL 1 821 CLOUDY (SCALE 8-10) 5
DPTR FM NORMAL 160
[CDD (BASE 65) ]
TOTAL THIS MO. 6
DPTR FM NORMAL 0 [PRESSURE DATA]
TOTAL FM JAN 1 727 HIGHEST SLP M ON M
DPTR FM NORMAL 61 LOWEST SLP M ON M
[REMARKS]
#FINAL-10-20#