000
CXUS55 KCYS 050214 CCA
CF6CDR
PRELIMINARY LOCAL CLIMATOLOGICAL DATA (WS FORM: F-6)...CORRECTED
STATION: CHADRON NEBRASKA AIRPORT
MONTH: JUNE
YEAR: 2022
LATITUDE: 42 50 N
LONGITUDE: 103 6 W
TEMPERATURE IN F: :PCPN: SNOW: WIND :SUNSHINE: SKY :PK WND
================================================================================
1 2 3 4 5 6A 6B 7 8 9 10 11 12 13 14 15 16 17 18
12Z AVG MX 2MIN
DY MAX MIN AVG DEP HDD CDD WTR SNW DPTH SPD SPD DIR MIN PSBL S-S WX SPD DR
================================================================================
1 67 43 55 -7 10 0 0.00 M M 4.1 12 240 M M 3 16 240
2 72 41 57 -5 8 0 0.00 M M 3.4 9 10 M M 2 14 20
3 78 49 64 1 1 0 0.34 M M 9.4 21 70 M M 5 138 30 70
4 78 47 63 0 2 0 T M M 6.6 16 60 M M 1 23 60
5 78 57 68 5 0 3 0.17 M M 9.1 29 360 M M 4 13 44 350
6 78 51 65 1 0 0 0.05 M M 6.6 28 50 M M 4 1 36 40
7 71 44 58 -6 7 0 0.08 M M 4.5 26 10 M M 5 13 40 20
8 77 39 58 -6 7 0 0.00 M M 5.5 16 310 M M 0 24 310
9 78 54 66 1 0 1 0.00 M M 3.6 12 50 M M 1 17 20
10 89 50 70 5 0 5 0.00 M M 3.0 13 170 M M 0 16 180
11 89 53 71 6 0 6 0.00 M M 6.4 29 10 M M 0 40 360
12 92 59 76 10 0 11 0.00 M M 9.7 36 150 M M 3 49 160
13 87 62 75 9 0 10 0.00 M M 10.3 37 310 M M 5 60 310
14 77 46 62 -4 3 0 0.00 M M 15.5 35 280 M M 1 47 280
15 83 38 61 -6 4 0 0.00 M M 12.8 29 270 M M 0 45 280
16 90 40 65 -2 0 0 0.00 M M 6.0 18 130 M M 0 27 140
17 100 67 84 16 0 19 0.00 M M 17.1 31 170 M M 1 45 170
18 101 74 88 20 0 23 T M M 21.2 33 170 M M 0 3 46 170
19 97 58 78 10 0 13 0.00 M M 11.4 33 300 M M 1 3 47 300
20 84 51 68 0 0 3 0.14 M M 8.5 33 240 M M 3 3 47 270
21 82 43 63 -6 2 0 0.00 M M 7.2 18 300 M M 0 28 300
22 94 44 69 0 0 4 0.00 M M 10.5 23 180 M M 0 31 180
23 97 58 78 8 0 13 0.00 M M 10.8 22 170 M M 0 32 170
24 95 56 76 6 0 11 T M M 8.4 29 280 M M 1 3 40 270
25 75 45 60 -10 5 0 0.06 M M 12.5 26 30 M M 4 39 300
26 78 40 59 -12 6 0 T M M 6.2 18 200 M M 5 25 190
27 93 45 69 -2 0 4 0.00 M M 6.8 17 330 M M 0 26 320
28 98 48 73 2 0 8 0.00 M M 7.3 25 150 M M 0 36 150
29 104 65 85 13 0 20 T M M 12.9 28 180 M M 0 3 40 270
30 90 59 75 3 0 10 T M M 8.1 29 170 M M 2 3 35 170
================================================================================
SM 2572 1526 55 164 0.84 M 265.4 M 51
================================================================================
AV 85.7 50.9 8.8 FASTST M M 2 MAX(MPH)
MISC ----> 37 310 60 310
================================================================================
NOTES:
# LAST OF SEVERAL OCCURRENCES
COLUMN 17 PEAK WIND IN M.P.H.
PRELIMINARY LOCAL CLIMATOLOGICAL DATA (WS FORM: F-6) , PAGE 2
STATION: CHADRON NEBRASKA AIRPORT
MONTH: JUNE
YEAR: 2022
LATITUDE: 42 50 N
LONGITUDE: 103 6 W
[TEMPERATURE DATA] [PRECIPITATION DATA] SYMBOLS USED IN COLUMN 16
AVERAGE MONTHLY: 68.3 TOTAL FOR MONTH: 0.84 1 = FOG OR MIST
DPTR FM NORMAL: 1.3 DPTR FM NORMAL: -1.62 2 = FOG REDUCING VISIBILITY
HIGHEST: 104 ON 29 GRTST 24HR 0.34 ON 3- 3 TO 1/4 MILE OR LESS
LOWEST: 38 ON 15 3 = THUNDER
SNOW, ICE PELLETS, HAIL 4 = ICE PELLETS
TOTAL MONTH: M 5 = HAIL
GRTST 24HR M ON M 6 = FREEZING RAIN OR DRIZZLE
GRTST DEPTH: M ON M 7 = DUSTSTORM OR SANDSTORM:
VSBY 1/2 MILE OR LESS
8 = SMOKE OR HAZE
[NO. OF DAYS WITH] [WEATHER - DAYS WITH] 9 = BLOWING SNOW
X = TORNADO
MAX 32 OR BELOW: 0 0.01 INCH OR MORE: 6
MAX 90 OR ABOVE: 12 0.10 INCH OR MORE: 3
MIN 32 OR BELOW: 0 0.50 INCH OR MORE: 0
MIN 0 OR BELOW: 0 1.00 INCH OR MORE: 0
[HDD (BASE 65) ]
TOTAL THIS MO. 55 CLEAR (SCALE 0-3) 23
DPTR FM NORMAL -11 PTCLDY (SCALE 4-7) 7
TOTAL FM JUL 1 6414 CLOUDY (SCALE 8-10) 0
DPTR FM NORMAL -436
[CDD (BASE 65) ]
TOTAL THIS MO. 164
DPTR FM NORMAL 38 [PRESSURE DATA]
TOTAL FM JAN 1 166 HIGHEST SLP 30.49 ON 26
DPTR FM NORMAL 19 LOWEST SLP 29.34 ON 13
[REMARKS]
JUNE 18...RECORD HIGH LOW 74 DEGREES (PREVIOUS 72 DEGREES IN 1941)
#FINAL-06-22#