000
CXUS54 KFWD 032211
CF6DAL
PRELIMINARY LOCAL CLIMATOLOGICAL DATA (WS FORM: F-6)
STATION: DALLAS LOVE FIELD
MONTH: MAY
YEAR: 2022
LATITUDE: 32 50 N
LONGITUDE: 96 51 W
TEMPERATURE IN F: :PCPN: SNOW: WIND :SUNSHINE: SKY :PK WND
================================================================================
1 2 3 4 5 6A 6B 7 8 9 10 11 12 13 14 15 16 17 18
12Z AVG MX 2MIN
DY MAX MIN AVG DEP HDD CDD WTR SNW DPTH SPD SPD DIR MIN PSBL S-S WX SPD DR
================================================================================
1 85 58 72 1 0 7 T 0.0 0 8.5 17 130 M M 6 26 140
2 86 65 76 5 0 11 0.59 0.0 0 14.6 28 110 M M 7 13 43 170
3 77 54 66 -5 0 1 0.58 0.0 0 8.1 20 360 M M 10 13 34 40
4 87 60 74 2 0 9 0.06 0.0 0 10.5 21 150 M M 9 138 31 150
5 78 59 69 -3 0 4 0.66 0.0 0 8.6 22 330 M M 6 13 40 350
6 84 56 70 -2 0 5 0.00 0.0 0 4.4 13 130 M M 1 19 180
7 87 68 78 6 0 13 0.00 0.0 0 11.5 20 140 M M 6 8 29 140
8 92 75 84 11 0 19 0.00 0.0 0 14.8 24 160 M M 3 18 34 170
9 91 76 84 11 0 19 0.00 0.0 0 15.3 25 180 M M 6 37 160
10 90 78 84 10 0 19 0.00 0.0 0 13.0 20 160 M M 6 31 170
11 89 73 81 7 0 16 0.00 0.0 0 11.6 18 160 M M 7 30 170
12 91 71 81 7 0 16 0.00 0.0 0 12.3 20 150 M M 2 29 180
13 91 70 81 7 0 16 0.00 0.0 0 11.1 23 160 M M 4 39 180
14 93 72 83 8 0 18 0.00 0.0 0 7.1 15 150 M M 3 20 180
15 95 70 83 8 0 18 0.00 0.0 0 10.6 26 50 M M 6 3 44 50
16 90 67 79 3 0 14 0.00 0.0 0 7.1 16 140 M M 6 32 60
17 93 76 85 9 0 20 0.00 0.0 0 12.6 22 150 M M 7 32 160
18 95 72 84 8 0 19 0.00 0.0 0 13.4 22 180 M M 6 33 170
19 93 73 83 7 0 18 0.00 0.0 0 16.0 26 170 M M 3 38 170
20 94 75 85 8 0 20 0.00 0.0 0 16.4 24 160 M M 6 8 41 180
21 93 63 78 1 0 13 0.02 0.0 0 13.4 24 350 M M 8 38 39 360
22 72 61 67 -10 0 2 0.00 0.0 0 10.0 22 360 M M 9 33 40
23 80 60 70 -8 0 5 T 0.0 0 8.1 22 120 M M 10 1 35 120
24 78 63 71 -7 0 6 2.24 0.0 0 9.5 25 340 M M 10 13 33 330
25 73 61 67 -11 0 2 0.09 0.0 0 11.9 30 120 M M 8 13 45 120
26 88 57 73 -6 0 8 0.00 0.0 0 7.7 24 330 M M 2 37 320
27 91 59 75 -4 0 10 0.00 0.0 0 3.5 12 130 M M 1 18 130
28 93 68 81 2 0 16 0.00 0.0 0 14.0 26 150 M M 2 36 150
29 92 71 82 2 0 17 0.00 0.0 0 17.5 28 160 M M 6 41 170
30 92 76 84 4 0 19 0.00 0.0 0 16.7 26 170 M M 5 42 200
31 94 77 86 6 0 21 0.00 0.0 0 13.4 21 150 M M 6 33 180
================================================================================
SM 2727 2084 0 401 4.24 0.0 353.2 M 177
================================================================================
AV 88.0 67.2 11.4 FASTST M M 6 MAX(MPH)
MISC ----> 30 120 45 120
================================================================================
NOTES:
# LAST OF SEVERAL OCCURRENCES
COLUMN 17 PEAK WIND IN M.P.H.
PRELIMINARY LOCAL CLIMATOLOGICAL DATA (WS FORM: F-6) , PAGE 2
STATION: DALLAS LOVE FIELD
MONTH: MAY
YEAR: 2022
LATITUDE: 32 50 N
LONGITUDE: 96 51 W
[TEMPERATURE DATA] [PRECIPITATION DATA] SYMBOLS USED IN COLUMN 16
AVERAGE MONTHLY: 77.6 TOTAL FOR MONTH: 4.24 1 = FOG OR MIST
DPTR FM NORMAL: 2.2 DPTR FM NORMAL: -0.33 2 = FOG REDUCING VISIBILITY
HIGHEST: 95 ON 18,15 GRTST 24HR 2.33 ON 24-25 TO 1/4 MILE OR LESS
LOWEST: 54 ON 3 3 = THUNDER
SNOW, ICE PELLETS, HAIL 4 = ICE PELLETS
TOTAL MONTH: 0.0 INCH 5 = HAIL
GRTST 24HR 0.0 6 = FREEZING RAIN OR DRIZZLE
GRTST DEPTH: 0 7 = DUSTSTORM OR SANDSTORM:
VSBY 1/2 MILE OR LESS
8 = SMOKE OR HAZE
[NO. OF DAYS WITH] [WEATHER - DAYS WITH] 9 = BLOWING SNOW
X = TORNADO
MAX 32 OR BELOW: 0 0.01 INCH OR MORE: 7
MAX 90 OR ABOVE: 18 0.10 INCH OR MORE: 4
MIN 32 OR BELOW: 0 0.50 INCH OR MORE: 4
MIN 0 OR BELOW: 0 1.00 INCH OR MORE: 1
[HDD (BASE 65) ]
TOTAL THIS MO. 0 CLEAR (SCALE 0-3) 7
DPTR FM NORMAL -6 PTCLDY (SCALE 4-7) 19
TOTAL FM JUL 1 1836 CLOUDY (SCALE 8-10) 5
DPTR FM NORMAL -154
[CDD (BASE 65) ]
TOTAL THIS MO. 401
DPTR FM NORMAL 71 [PRESSURE DATA]
TOTAL FM JAN 1 603 HIGHEST SLP 30.25 ON 22
DPTR FM NORMAL 83 LOWEST SLP 29.53 ON 20
[REMARKS]
#FINAL-05-22#