000
CXUS54 KFWD 040418
CF6DAL
PRELIMINARY LOCAL CLIMATOLOGICAL DATA (WS FORM: F-6)
STATION: DALLAS LOVE FIELD
MONTH: OCTOBER
YEAR: 2020
LATITUDE: 32 50 N
LONGITUDE: 96 51 W
TEMPERATURE IN F: :PCPN: SNOW: WIND :SUNSHINE: SKY :PK WND
================================================================================
1 2 3 4 5 6A 6B 7 8 9 10 11 12 13 14 15 16 17 18
12Z AVG MX 2MIN
DY MAX MIN AVG DEP HDD CDD WTR SNW DPTH SPD SPD DIR MIN PSBL S-S WX SPD DR
================================================================================
1 82 61 72 -1 0 7 0.00 0.0 0 7.0 16 30 M M 3 25 30
2 78 58 68 -5 0 3 0.00 0.0 0 5.3 13 130 M M 3 18 140
3 84 60 72 0 0 7 0.00 0.0 0 9.2 16 150 M M 4 24 150
4 80 62 71 -1 0 6 0.00 0.0 0 7.2 15 20 M M 3 30 230
5 80 57 69 -3 0 4 0.00 0.0 0 7.8 17 120 M M 0 22 130
6 87 61 74 2 0 9 0.00 0.0 0 7.8 13 140 M M 1 18 110
7 87 66 77 6 0 12 0.00 0.0 0 6.1 12 140 M M 2 16 130
8 88 64 76 5 0 11 0.00 0.0 0 6.2 14 120 M M 5 19 120
9 86 71 79 9 0 14 0.00 0.0 0 5.8 13 100 M M 5 8 21 100
10 90 65 78 8 0 13 0.00 0.0 0 3.0 8 200 M M 1 12 200
11 97 71 84 14 0 19 0.00 0.0 0 9.7 17 160 M M 0 27 170
12 83 61 72 2 0 7 0.00 0.0 0 9.2 25 310 M M 1 78 35 360
13 84 53 69 0 0 4 0.00 0.0 0 3.1 12 180 M M 2 15 170
14 91 63 77 8 0 12 0.00 0.0 0 11.4 22 180 M M 0 33 180
15 78 63 71 2 0 6 0.00 0.0 0 10.7 22 30 M M 6 8 34 10
16 72 55 64 -4 1 0 0.00 0.0 0 7.2 16 30 M M 3 27 20
17 76 53 65 -3 0 0 0.00 0.0 0 11.3 21 180 M M 4 33 180
18 89 60 75 7 0 10 0.00 0.0 0 12.8 22 180 M M 6 32 170
19 67 57 62 -5 3 0 0.00 0.0 0 6.4 13 320 M M 7 8 33 60
20 88 62 75 8 0 10 0.00 0.0 0 8.1 18 160 M M 6 25 170
21 86 71 79 12 0 14 0.00 0.0 0 9.2 17 150 M M 4 24 170
22 85 69 77 11 0 12 0.00 0.0 0 10.4 18 150 M M 4 18 28 170
23 77 50 64 -2 1 0 0.99 0.0 0 13.1 30 320 M M 9 13 42 320
24 60 46 53 -13 12 0 0.00 0.0 0 6.3 17 350 M M 7 31 50
25 64 53 59 -7 6 0 0.03 0.0 0 7.9 13 130 M M 9 18 22 50
26 56 39 48 -17 17 0 0.22 0.0 0 10.6 20 350 M M 10 1 29 320
27 42 39 41 -24 24 0 0.09 M 0 9.5 17 330 M M 10 1 30 10
28 47 40 44 -21 21 0 0.42 M M 10.2 21 310 M M 8 1 27 310
29 62 38 50 -14 15 0 0.00 0.0 0 9.4 22 290 M M 6 36 30
30 68 38 53 -11 12 0 0.00 0.0 0 2.5 8 120 M M 3 17 80
31 72 45 59 -5 6 0 0.00 0.0 0 5.9 14 170 M M 5 18 160
================================================================================
SM 2386 1751 118 180 1.75 0.0 250.3 M 137
================================================================================
AV 77.0 56.5 8.1 FASTST M M 4 MAX(MPH)
MISC ----> # 30 320 # 42 320
================================================================================
NOTES:
# LAST OF SEVERAL OCCURRENCES
COLUMN 17 PEAK WIND IN M.P.H.
PRELIMINARY LOCAL CLIMATOLOGICAL DATA (WS FORM: F-6) , PAGE 2
STATION: DALLAS LOVE FIELD
MONTH: OCTOBER
YEAR: 2020
LATITUDE: 32 50 N
LONGITUDE: 96 51 W
[TEMPERATURE DATA] [PRECIPITATION DATA] SYMBOLS USED IN COLUMN 16
AVERAGE MONTHLY: 66.7 TOTAL FOR MONTH: 1.75 1 = FOG OR MIST
DPTR FM NORMAL: -1.6 DPTR FM NORMAL: -3.04 2 = FOG REDUCING VISIBILITY
HIGHEST: 97 ON 11 GRTST 24HR 0.99 ON 23-23 TO 1/4 MILE OR LESS
LOWEST: 38 ON 30,29 3 = THUNDER
SNOW, ICE PELLETS, HAIL 4 = ICE PELLETS
TOTAL MONTH: 0.0 INCH 5 = HAIL
GRTST 24HR 0.0 6 = FREEZING RAIN OR DRIZZLE
GRTST DEPTH: 0 7 = DUSTSTORM OR SANDSTORM:
VSBY 1/2 MILE OR LESS
8 = SMOKE OR HAZE
[NO. OF DAYS WITH] [WEATHER - DAYS WITH] 9 = BLOWING SNOW
X = TORNADO
MAX 32 OR BELOW: 0 0.01 INCH OR MORE: 5
MAX 90 OR ABOVE: 3 0.10 INCH OR MORE: 3
MIN 32 OR BELOW: 0 0.50 INCH OR MORE: 1
MIN 0 OR BELOW: 0 1.00 INCH OR MORE: 0
[HDD (BASE 65) ]
TOTAL THIS MO. 118 CLEAR (SCALE 0-3) 10
DPTR FM NORMAL 60 PTCLDY (SCALE 4-7) 17
TOTAL FM JUL 1 119 CLOUDY (SCALE 8-10) 4
DPTR FM NORMAL 56
[CDD (BASE 65) ]
TOTAL THIS MO. 180
DPTR FM NORMAL 18 [PRESSURE DATA]
TOTAL FM JAN 1 3045 HIGHEST SLP 30.39 ON 16
DPTR FM NORMAL 138 LOWEST SLP 29.69 ON 15
[REMARKS]
EDITED WX ON 13TH
#FINAL-10-20#