000
CXUS51 KRNK 010638
CF6DAN
PRELIMINARY LOCAL CLIMATOLOGICAL DATA (WS FORM: F-6)
STATION: DANVILLE VA
MONTH: JUNE
YEAR: 2021
LATITUDE: 36 34 N
LONGITUDE: 79 20 W
TEMPERATURE IN F: :PCPN: SNOW: WIND :SUNSHINE: SKY :PK WND
================================================================================
1 2 3 4 5 6A 6B 7 8 9 10 11 12 13 14 15 16 17 18
12Z AVG MX 2MIN
DY MAX MIN AVG DEP HDD CDD WTR SNW DPTH SPD SPD DIR MIN PSBL S-S WX SPD DR
================================================================================
1 82 48 65 -5 0 0 0.00 0.0 0 2.8 9 210 M M 0 21 170
2 84 57 71 0 0 6 0.04 0.0 0 1.8 8 160 M M 5 14 150
3 85 66 76 5 0 11 0.08 0.0 0 3.3 13 180 M M 7 1 20 180
4 87 64 76 5 0 11 0.48 0.0 0 4.6 14 260 M M 4 13 18 290
5 91 60 76 5 0 11 0.00 0.0 0 3.5 8 180 M M 0 12 120
6 92 67 80 8 0 15 T 0.0 0 4.2 16 240 M M 2 20 240
7 89 69 79 7 0 14 0.14 0.0 0 5.1 26 240 M M 6 35 240
8 87 70 79 7 0 14 0.00 0.0 0 5.9 16 240 M M 4 21 240
9 90 71 81 9 0 16 0.00 0.0 0 5.3 14 40 M M 2 3 17 40
10 87 70 79 6 0 14 T 0.0 0 2.1 13 230 M M 7 13 17 230
11 87 70 79 6 0 14 0.09 0.0 0 3.0 13 210 M M 8 13 19 220
12 80 67 74 1 0 9 T 0.0 0 7.5 15 50 M M 9 1 18 40
13 86 68 77 3 0 12 0.03 0.0 0 4.4 18 360 M M 6 22 360
14 91 65 78 4 0 13 0.00 0.0 0 2.8 18 360 M M 2 1 20 360
15 86 64 75 1 0 10 0.00 0.0 0 7.4 20 360 M M 1 1 26 360
16 85 59 72 -2 0 7 0.00 0.0 0 7.3 17 320 M M 2 23 360
17 85 52 69 -5 0 4 0.00 0.0 0 3.5 12 20 M M 0 16 360
18 90 51 71 -4 0 6 0.00 0.0 0 5.2 17 260 M M 0 24 270
19 93 66 80 5 0 15 0.00 0.0 0 8.2 18 240 M M 0 24 250
20 86 69 78 3 0 13 T 0.0 0 4.6 12 240 M M 4 16 230
21 96 71 84 9 0 19 0.00 0.0 0 7.4 20 230 M M 2 27 240
22 80 59 70 -6 0 5 0.34 0.0 0 5.8 17 340 M M 4 1 24 340
23 78 57 68 -8 0 3 0.00 0.0 0 3.8 14 60 M M 5 17 40
24 82 56 69 -7 0 4 0.00 0.0 0 3.3 12 60 M M 4 22 50
25 80 53 67 -9 0 2 T 0.0 0 2.5 12 50 M M 5 16 40
26 88 69 79 3 0 14 0.00 0.0 0 3.3 13 230 M M 6 16 230
27 91 68 80 4 0 15 0.00 0.0 0 2.8 12 230 M M 4 1 17 220
28 93 67 80 3 0 15 0.00 0.0 0 2.6 10 150 M M 2 16 150
29 92 68 80 3 0 15 0.00 0.0 0 2.9 13 230 M M 2 18 230
30 96 67 82 5 0 17 0.00 0.0 0 6.2 17 240 M M 1 22 240
================================================================================
SM 2619 1908 0 324 1.20 0.0 133.1 M 104
================================================================================
AV 87.3 63.6 4.4 FASTST M M 3 MAX(MPH)
MISC ----> 26 240 35 240
================================================================================
NOTES:
# LAST OF SEVERAL OCCURRENCES
COLUMN 17 PEAK WIND IN M.P.H.
PRELIMINARY LOCAL CLIMATOLOGICAL DATA (WS FORM: F-6) , PAGE 2
STATION: DANVILLE VA
MONTH: JUNE
YEAR: 2021
LATITUDE: 36 34 N
LONGITUDE: 79 20 W
[TEMPERATURE DATA] [PRECIPITATION DATA] SYMBOLS USED IN COLUMN 16
AVERAGE MONTHLY: 75.5 TOTAL FOR MONTH: 1.20 1 = FOG OR MIST
DPTR FM NORMAL: 1.5 DPTR FM NORMAL: -2.78 2 = FOG REDUCING VISIBILITY
HIGHEST: 96 ON 30,21 GRTST 24HR 0.56 ON 3- 4 TO 1/4 MILE OR LESS
LOWEST: 48 ON 1 3 = THUNDER
SNOW, ICE PELLETS, HAIL 4 = ICE PELLETS
TOTAL MONTH: 0.0 INCH 5 = HAIL
GRTST 24HR 0.0 6 = FREEZING RAIN OR DRIZZLE
GRTST DEPTH: 0 7 = DUSTSTORM OR SANDSTORM:
VSBY 1/2 MILE OR LESS
8 = SMOKE OR HAZE
[NO. OF DAYS WITH] [WEATHER - DAYS WITH] 9 = BLOWING SNOW
X = TORNADO
MAX 32 OR BELOW: 0 0.01 INCH OR MORE: 7
MAX 90 OR ABOVE: 11 0.10 INCH OR MORE: 3
MIN 32 OR BELOW: 0 0.50 INCH OR MORE: 0
MIN 0 OR BELOW: 0 1.00 INCH OR MORE: 0
[HDD (BASE 65) ]
TOTAL THIS MO. 0 CLEAR (SCALE 0-3) 14
DPTR FM NORMAL -4 PTCLDY (SCALE 4-7) 14
TOTAL FM JUL 1 3559 CLOUDY (SCALE 8-10) 2
DPTR FM NORMAL -244
[CDD (BASE 65) ]
TOTAL THIS MO. 324
DPTR FM NORMAL 51 [PRESSURE DATA]
TOTAL FM JAN 1 461 HIGHEST SLP M ON M
DPTR FM NORMAL 45 LOWEST SLP 29.68 ON 21
[REMARKS]
#FINAL-06-21#