000
CXUS51 KOKX 011610
CLMEWR
NYCCLMEWR 000
TTAA00 OKX 011608
CLIMATE REPORT
NATIONAL WEATHER SERVICE NEW YORK, NY
1208 PM EDT SAT APR 01 2023
...................................
...THE NEWARK NJ CLIMATE SUMMARY FOR THE MONTH OF MARCH 2023...
CLIMATE NORMAL PERIOD 1991 TO 2020
CLIMATE RECORD PERIOD 1931 TO 2023
WEATHER OBSERVED NORMAL DEPART LAST YEAR`S
VALUE DATE(S) VALUE FROM VALUE DATE(S)
NORMAL
................................................................
TEMPERATURE (F)
RECORD
HIGH 89 03/29/1945
LOW 6 03/04/1943
HIGHEST 65 03/21 MM MM 76 03/07
03/22
03/26
LOWEST 27 03/20 MM MM 20 03/04
AVG. MAXIMUM 53.2 50.9 2.3 54.4
AVG. MINIMUM 36.7 34.2 2.5 36.1
MEAN 44.9 42.5 2.4 45.2
DAYS MAX >= 90 0 0.0 0.0 0
DAYS MAX <= 32 0 1.0 -1.0 0
DAYS MIN <= 32 7 12.4 -5.4 12
DAYS MIN <= 0 0 0.0 0.0 0
PRECIPITATION (INCHES)
RECORD
MAXIMUM 11.14 1983
MINIMUM 0.79 2006
TOTALS 3.32 4.13 -0.81 2.38
DAILY AVG. 0.11 0.13 -0.02 0.08
DAYS >= .01 13 10.9 2.1 11
DAYS >= .10 8 6.9 1.1 6
DAYS >= .50 2 2.7 -0.7 2
DAYS >= 1.00 1 0.9 0.1 0
GREATEST
24 HR. TOTAL 1.49 03/03 TO 03/04 0.88 03/24 TO 03/24
STORM TOTAL 1.24 0.88
(MM/DD(HH)) MM
SNOWFALL (INCHES)
TOTALS 0.6 5.6 -5.0 0.8
LIQUID EQUIV 0.10 0.50 -0.40 0.10
SINCE 7/1 2.7 31.0 -28.3 MM
LIQUID 7/1 0.27 3.10 -2.83 MM
SNOWDEPTH AVG. 0 -1
DAYS >= TRACE 4 3.0 1.0 5
DAYS >= 1.0 0 2.0 -2.0 0
GREATEST
SNOW DEPTH 1 03/01 MM 03/29
03/30
03/13
24 HR TOTAL MM MM
STORM TOTAL 0.4 0.5
(MM/DD(HH)) MM
DEGREE DAYS
HEATING TOTAL 614 697 -83 605
SINCE 7/1 3501 4200 -699 MM
COOLING TOTAL 0 1 -1 0
SINCE 1/1 0 1 -1 MM
................................................................
WIND (MPH)
AVERAGE WIND SPEED 11.3
HIGHEST WIND SPEED/DIRECTION 37/310 DATE 03/15
HIGHEST GUST SPEED/DIRECTION 49/320 DATE 03/07
WEATHER CONDITIONS. NUMBER OF DAYS WITH
THUNDERSTORM 1 MIXED PRECIP 0
HEAVY RAIN 1 RAIN 4
LIGHT RAIN 19 FREEZING RAIN 0
LT FREEZING RAIN 0 HAIL 0
HEAVY SNOW 0 SNOW 0
LIGHT SNOW 3 SLEET 1
FOG 12 FOG W/VIS <= 1/4 MILE 1
HAZE 0
- INDICATES NEGATIVE NUMBERS.
R INDICATES RECORD WAS SET OR TIED.
MM INDICATES DATA IS MISSING.
T INDICATES TRACE AMOUNT.
$$