000
CXUS54 KMAF 011230
CF6FST
PRELIMINARY LOCAL CLIMATOLOGICAL DATA (WS FORM: F-6)
STATION: FORT STOCKTON
MONTH: MAY
YEAR: 2023
LATITUDE: 30 55 N
LONGITUDE: 102 55 W
TEMPERATURE IN F: :PCPN: SNOW: WIND :SUNSHINE: SKY :PK WND
================================================================================
1 2 3 4 5 6A 6B 7 8 9 10 11 12 13 14 15 16 17 18
12Z AVG MX 2MIN
DY MAX MIN AVG DEP HDD CDD WTR SNW DPTH SPD SPD DIR MIN PSBL S-S WX SPD DR
================================================================================
1 78 53 66 -5 0 1 0.00 M M 6.9 13 180 M M 0 18 310
2 89 66 78 7 0 13 T M M 10.5 37 150 M M 1 38 54 150
3 84 64 74 2 0 9 T M M 14.4 23 160 M M 2 31 150
4 90 64 77 5 0 12 0.00 M M 12.8 29 220 M M 1 8 41 240
5 94 63 79 7 0 14 0.00 M M 9.2 17 230 M M 0 29 170
6 95 59 77 5 0 12 0.00 M M 7.7 21 340 M M 0 29 280
7 94 58 76 3 0 11 0.00 M M 8.6 28 150 M M 0 8 39 160
8 96 65 81 8 0 16 0.00 M M 10.0 29 180 M M 0 8 39 190
9 97 67 82 9 0 17 0.00 M M 12.4 26 150 M M 0 38 160
10 92 64 78 4 0 13 0.00 M M 14.6 28 140 M M 0 37 130
11 91 63 77 3 0 12 0.00 M M 8.3 21 230 M M 0 28 280
12 89 58 74 0 0 9 T M M 11.5 37 250 M M 3 138 51 280
13 76 57 67 -8 0 2 0.00 M M 8.1 16 170 M M 3 22 40
14 80 54 67 -8 0 2 0.00 M M 6.8 13 40 M M 1 19 340
15 81 61 71 -4 0 6 0.00 M M 7.1 24 150 M M 3 34 150
16 83 62 73 -3 0 8 0.00 M M 6.4 17 90 M M 6 23 90
17 90 62 76 0 0 11 0.00 M M 11.4 20 160 M M 0 29 120
18 90 68 79 3 0 14 T M M 11.5 31 100 M M 3 3 41 290
19 91 66 79 2 0 14 T M M 10.0 25 240 M M 1 3 36 240
20 69 60 65 -12 0 0 0.00 M M 8.3 25 70 M M 6 18 38 70
21 82 61 72 -5 0 7 0.00 M M 9.3 21 160 M M 4 18 29 150
22 87 62 75 -3 0 10 T M M 11.8 28 300 M M 1 3 47 280
23 97 64 81 3 0 16 M M M 11.6 24 220 M M 0 33 220
24 91 68 80 2 0 15 0.00 M M 14.0 26 160 M M 0 37 130
25 85 66 76 -2 0 11 0.00 M M 15.7 25 120 M M 4 33 140
26 85 66 76 -3 0 11 0.03 M M 16.7 31 130 M M 3 38 42 140
27 85 64 75 -4 0 10 0.03 M M 13.8 28 180 M M 1 3 40 180
28 86 60 73 -6 0 8 0.00 M M 9.1 20 230 M M 1 3 27 190
29 95 62 79 -1 0 14 0.00 M M 10.8 21 160 M M 0 30 160
30 98 64 81 1 0 16 0.00 M M 13.2 25 150 M M 0 36 160
31 89 68 79 -1 0 14 0.00 M M 21.0 33 150 M M 0 51 160
================================================================================
SM 2729 1939 0 328 0.06 M 343.5 M 44
================================================================================
AV 88.0 62.5 11.1 FASTST M M 1 MAX(MPH)
MISC ----> # 37 150 54 150
================================================================================
NOTES:
# LAST OF SEVERAL OCCURRENCES
COLUMN 17 PEAK WIND IN M.P.H.
PRELIMINARY LOCAL CLIMATOLOGICAL DATA (WS FORM: F-6) , PAGE 2
STATION: FORT STOCKTON
MONTH: MAY
YEAR: 2023
LATITUDE: 30 55 N
LONGITUDE: 102 55 W
[TEMPERATURE DATA] [PRECIPITATION DATA] SYMBOLS USED IN COLUMN 16
AVERAGE MONTHLY: 75.3 TOTAL FOR MONTH: 0.06 1 = FOG OR MIST
DPTR FM NORMAL: -0.3 DPTR FM NORMAL: -1.59 2 = FOG REDUCING VISIBILITY
HIGHEST: 98 ON 30 GRTST 24HR 0.06 ON 26-27 TO 1/4 MILE OR LESS
LOWEST: 53 ON 1 3 = THUNDER
SNOW, ICE PELLETS, HAIL 4 = ICE PELLETS
TOTAL MONTH: M 5 = HAIL
GRTST 24HR M ON M 6 = FREEZING RAIN OR DRIZZLE
GRTST DEPTH: M ON M 7 = DUSTSTORM OR SANDSTORM:
VSBY 1/2 MILE OR LESS
8 = SMOKE OR HAZE
[NO. OF DAYS WITH] [WEATHER - DAYS WITH] 9 = BLOWING SNOW
X = TORNADO
MAX 32 OR BELOW: 0 0.01 INCH OR MORE: 2
MAX 90 OR ABOVE: 15 0.10 INCH OR MORE: 0
MIN 32 OR BELOW: 0 0.50 INCH OR MORE: 0
MIN 0 OR BELOW: 0 1.00 INCH OR MORE: 0
[HDD (BASE 65) ]
TOTAL THIS MO. 0 CLEAR (SCALE 0-3) 26
DPTR FM NORMAL -12 PTCLDY (SCALE 4-7) 5
TOTAL FM JUL 1 1855 CLOUDY (SCALE 8-10) 0
DPTR FM NORMAL -121
[CDD (BASE 65) ]
TOTAL THIS MO. 328
DPTR FM NORMAL -12 [PRESSURE DATA]
TOTAL FM JAN 1 492 HIGHEST SLP 30.22 ON 20
DPTR FM NORMAL -43 LOWEST SLP 29.53 ON 10
[REMARKS]
#FINAL-05-23#