000
CXGM50 PGUM 020226
CF6GUM
PRELIMINARY LOCAL CLIMATOLOGICAL DATA (WS FORM: F-6)
STATION: GUAM INTERNATIONAL AIRPORT
MONTH: NOVEMBER
YEAR: 2021
LATITUDE: 13 29 N
LONGITUDE: 144-48 E
TEMPERATURE IN F: :PCPN: SNOW: WIND :SUNSHINE: SKY :PK WND
================================================================================
1 2 3 4 5 6A 6B 7 8 9 10 11 12 13 14 15 16 17 18
12Z AVG MX 2MIN
DY MAX MIN AVG DEP HDD CDD WTR SNW DPTH SPD SPD DIR MIN PSBL S-S WX SPD DR
================================================================================
1 87 77 82 0 0 17 0.02 0.0 0 5.8 12 70 M M 3 17 170
2 87 75 81 -1 0 16 0.55 0.0 0 4.5 23 10 M M 5 3 28 10
3 86 74 80 -2 0 15 T 0.0 0 5.8 18 80 M M 3 26 100
4 88 78 83 1 0 18 0.10 0.0 0 6.7 15 90 M M 3 19 90
5 88 78 83 1 0 18 0.02 0.0 0 7.8 15 90 M M 3 19 90
6 88 78 83 1 0 18 0.05 0.0 0 8.8 17 90 M M 2 24 80
7 88 78 83 1 0 18 0.04 0.0 0 9.9 17 100 M M 3 22 90
8 87 77 82 0 0 17 0.83 0.0 0 6.1 13 70 M M 4 16 120
9 88 78 83 1 0 18 0.17 0.0 0 9.1 16 60 M M 3 20 90
10 88 78 83 1 0 18 0.04 0.0 0 11.5 20 70 M M 3 26 60
11 88 80 84 2 0 19 T 0.0 0 11.5 20 80 M M 2 31 80
12 88 79 84 2 0 19 0.11 0.0 0 13.8 26 70 M M 3 34 60
13 88 80 84 2 0 19 0.07 0.0 0 14.3 23 90 M M 3 29 100
14 87 78 83 1 0 18 0.58 0.0 0 10.8 23 70 M M 4 33 100
15 89 77 83 1 0 18 0.32 0.0 0 10.1 28 80 M M 4 3 38 80
16 84 76 80 -2 0 15 0.39 0.0 0 12.2 28 70 M M 5 3 40 90
17 86 77 82 0 0 17 0.65 0.0 0 5.8 18 90 M M 4 24 90
18 87 78 83 1 0 18 0.03 0.0 0 11.8 17 90 M M 3 24 90
19 86 79 83 1 0 18 T 0.0 0 11.0 22 80 M M 2 27 90
20 87 80 84 2 0 19 T 0.0 0 9.6 16 90 M M 2 21 90
21 87 77 82 0 0 17 T 0.0 0 11.4 20 60 M M 2 25 70
22 86 77 82 0 0 17 0.16 0.0 0 12.3 25 70 M M 4 39 80
23 87 76 82 0 0 17 1.20 0.0 0 11.5 26 80 M M 5 34 90
24 88 76 82 0 0 17 0.41 0.0 0 12.3 21 70 M M 3 27 80
25 88 77 83 1 0 18 0.45 0.0 0 15.1 21 70 M M 3 35 60
26 87 76 82 0 0 17 0.40 0.0 0 14.8 24 80 M M 4 36 90
27 86 76 81 -1 0 16 T 0.0 0 12.8 24 50 M M 2 30 70
28 85 75 80 -2 0 15 0.68 0.0 0 12.4 23 70 M M 4 31 70
29 82 74 78 -4 0 13 1.20 0.0 0 11.7 31 90 M M 8 40 90
30 85 76 81 -1 0 16 1.40 0.0 0 8.9 17 110 M M 6 23 120
================================================================================
SM 2606 2315 0 516 9.87 0.0 310.1 M 105
================================================================================
AV 86.9 77.2 10.3 FASTST M M 4 MAX(MPH)
MISC ----> 31 90 # 40 90
================================================================================
NOTES:
# LAST OF SEVERAL OCCURRENCES
COLUMN 17 PEAK WIND IN M.P.H.
PRELIMINARY LOCAL CLIMATOLOGICAL DATA (WS FORM: F-6) , PAGE 2
STATION: GUAM INTERNATIONAL AIRPORT
MONTH: NOVEMBER
YEAR: 2021
LATITUDE: 13 29 N
LONGITUDE: 144-48 E
[TEMPERATURE DATA] [PRECIPITATION DATA] SYMBOLS USED IN COLUMN 16
AVERAGE MONTHLY: 82.0 TOTAL FOR MONTH: 9.87 1 = FOG OR MIST
DPTR FM NORMAL: -0.2 DPTR FM NORMAL: 1.58 2 = FOG REDUCING VISIBILITY
HIGHEST: 89 ON 15 GRTST 24HR 5.34 ON 21-22 TO 1/4 MILE OR LESS
LOWEST: 74 ON 29, 3 3 = THUNDER
SNOW, ICE PELLETS, HAIL 4 = ICE PELLETS
TOTAL MONTH: 0.0 INCH 5 = HAIL
GRTST 24HR 0.0 6 = FREEZING RAIN OR DRIZZLE
GRTST DEPTH: 0 7 = DUSTSTORM OR SANDSTORM:
VSBY 1/2 MILE OR LESS
8 = SMOKE OR HAZE
[NO. OF DAYS WITH] [WEATHER - DAYS WITH] 9 = BLOWING SNOW
X = TORNADO
MAX 32 OR BELOW: 0 0.01 INCH OR MORE: 24
MAX 90 OR ABOVE: 0 0.10 INCH OR MORE: 17
MIN 32 OR BELOW: 0 0.50 INCH OR MORE: 8
MIN 0 OR BELOW: 0 1.00 INCH OR MORE: 3
[HDD (BASE 65) ]
TOTAL THIS MO. 0 CLEAR (SCALE 0-3) 15
DPTR FM NORMAL 0 PTCLDY (SCALE 4-7) 15
TOTAL FM JUL 1 0 CLOUDY (SCALE 8-10) 0
DPTR FM NORMAL 0
[CDD (BASE 65) ]
TOTAL THIS MO. 516
DPTR FM NORMAL 0 [PRESSURE DATA]
TOTAL FM JAN 1 5780 HIGHEST SLP 29.95 ON 1
DPTR FM NORMAL 184 LOWEST SLP 29.83 ON 1
[REMARKS]
#FINAL-11-21#