000
CXUS52 KGSP 011552
CF6HKY
PRELIMINARY LOCAL CLIMATOLOGICAL DATA (WS FORM: F-6)
STATION: HICKORY NC
MONTH: JULY
YEAR: 2021
LATITUDE: 35 45 N
LONGITUDE: 81 23 W
TEMPERATURE IN F: :PCPN: SNOW: WIND :SUNSHINE: SKY :PK WND
================================================================================
1 2 3 4 5 6A 6B 7 8 9 10 11 12 13 14 15 16 17 18
12Z AVG MX 2MIN
DY MAX MIN AVG DEP HDD CDD WTR SNW DPTH SPD SPD DIR MIN PSBL S-S WX SPD DR
================================================================================
1 92 71 82 5 0 17 0.01 M M 7.7 20 190 M M 2 1 27 180
2 85 64 75 -2 0 10 0.63 M M 5.5 14 220 M M 4 13 20 230
3 82 57 70 -7 0 5 0.00 M M 4.9 12 310 M M 2 17 10
4 86 56 71 -7 0 6 0.00 M M 3.4 12 240 M M 1 8 16 310
5 91 65 78 0 0 13 0.00 M M 2.1 9 220 M M 1 1 12 20
6 91 65 78 0 0 13 0.00 M M 3.7 12 200 M M 1 18 20 210
7 88 67 78 0 0 13 0.35 M M 2.8 16 190 M M 2 138 21 190
8 83 69 76 -2 0 11 0.12 M M 5.0 17 50 M M 6 13 21 50
9 89 67 78 0 0 13 0.07 M M 4.4 17 260 M M 1 138 23 320
10 88 68 78 0 0 13 0.00 M M 3.9 12 220 M M 1 3 17 220
11 90 68 79 1 0 14 0.05 M M 6.0 17 190 M M 4 128 24 200
12 90 72 81 3 0 16 T M M 8.8 17 240 M M 4 25 200
13 86 67 77 -1 0 12 0.00 M M 6.2 15 230 M M 3 21 190
14 90 68 79 1 0 14 0.04 M M 3.1 14 270 M M 2 13 20 290
15 92 68 80 2 0 15 0.00 M M 1.7 16 250 M M 3 12 20 240
16 94 70 82 4 0 17 0.00 M M 5.5 15 200 M M 2 21 200
17 90 71 81 3 0 16 0.18 M M 4.8 15 240 M M 4 3 22 250
18 86 69 78 0 0 13 1.19 M M 4.2 23 240 M M 5 3 28 240
19 83 70 77 -1 0 12 0.09 M M 4.8 14 60 M M 6 1 17 50
20 84 68 76 -2 0 11 0.00 M M 1.8 8 80 M M 1 1 11 70
21 90 65 78 0 0 13 0.00 M M 4.2 12 360 M M 1 128 16 310
22 89 67 78 0 0 13 0.00 M M 2.4 9 210 M M 1 18 12 220
23 89 69 79 1 0 14 0.00 M M 1.8 9 200 M M 4 18 14 200
24 87 72 80 2 0 15 0.09 M M 5.8 15 210 M M 7 138 20 210
25 87 70 79 1 0 14 0.00 M M 5.0 13 210 M M 4 13 17 210
26 89 71 80 2 0 15 0.35 M M 3.7 12 340 M M 3 13 16 350
27 92 69 81 3 0 16 0.44 M M 3.7 39 20 M M 3 13 56 10
28 93 68 81 3 0 16 0.00 M M 2.4 9 20 M M 1 13 50
29 93 69 81 3 0 16 0.00 M M 3.7 13 230 M M 0 16 230
30 91 75 83 5 0 18 0.00 M M 4.6 15 250 M M 1 19 250
31 89 69 79 1 0 14 0.00 M M 3.8 10 230 M M 1 13 20
================================================================================
SM 2749 2104 0 418 3.61 M 131.4 M 81
================================================================================
AV 88.7 67.9 4.2 FASTST M M 3 MAX(MPH)
MISC ----> 39 20 56 10
================================================================================
NOTES:
# LAST OF SEVERAL OCCURRENCES
COLUMN 17 PEAK WIND IN M.P.H.
PRELIMINARY LOCAL CLIMATOLOGICAL DATA (WS FORM: F-6) , PAGE 2
STATION: HICKORY NC
MONTH: JULY
YEAR: 2021
LATITUDE: 35 45 N
LONGITUDE: 81 23 W
[TEMPERATURE DATA] [PRECIPITATION DATA] SYMBOLS USED IN COLUMN 16
AVERAGE MONTHLY: 78.3 TOTAL FOR MONTH: 3.61 1 = FOG OR MIST
DPTR FM NORMAL: 0.6 DPTR FM NORMAL: -0.68 2 = FOG REDUCING VISIBILITY
HIGHEST: 94 ON 16 GRTST 24HR 1.27 ON 18-19 TO 1/4 MILE OR LESS
LOWEST: 56 ON 4 3 = THUNDER
SNOW, ICE PELLETS, HAIL 4 = ICE PELLETS
TOTAL MONTH: M 5 = HAIL
GRTST 24HR M ON M 6 = FREEZING RAIN OR DRIZZLE
GRTST DEPTH: M ON M 7 = DUSTSTORM OR SANDSTORM:
VSBY 1/2 MILE OR LESS
8 = SMOKE OR HAZE
[NO. OF DAYS WITH] [WEATHER - DAYS WITH] 9 = BLOWING SNOW
X = TORNADO
MAX 32 OR BELOW: 0 0.01 INCH OR MORE: 13
MAX 90 OR ABOVE: 14 0.10 INCH OR MORE: 7
MIN 32 OR BELOW: 0 0.50 INCH OR MORE: 2
MIN 0 OR BELOW: 0 1.00 INCH OR MORE: 1
[HDD (BASE 65) ]
TOTAL THIS MO. 0 CLEAR (SCALE 0-3) 18
DPTR FM NORMAL 0 PTCLDY (SCALE 4-7) 13
TOTAL FM JUL 1 0 CLOUDY (SCALE 8-10) 0
DPTR FM NORMAL 0
[CDD (BASE 65) ]
TOTAL THIS MO. 418
DPTR FM NORMAL 23 [PRESSURE DATA]
TOTAL FM JAN 1 852 HIGHEST SLP 30.26 ON 13
DPTR FM NORMAL 24 LOWEST SLP 29.74 ON 2
[REMARKS]
#FINAL-07-21#