000
CXUS52 KGSP 010917
CF6HKY
PRELIMINARY LOCAL CLIMATOLOGICAL DATA (WS FORM: F-6)
STATION: HICKORY NC
MONTH: NOVEMBER
YEAR: 2023
LATITUDE: 35 45 N
LONGITUDE: 81 23 W
TEMPERATURE IN F: :PCPN: SNOW: WIND :SUNSHINE: SKY :PK WND
================================================================================
1 2 3 4 5 6A 6B 7 8 9 10 11 12 13 14 15 16 17 18
12Z AVG MX 2MIN
DY MAX MIN AVG DEP HDD CDD WTR SNW DPTH SPD SPD DIR MIN PSBL S-S WX SPD DR
================================================================================
1 52 31 42 -12 23 0 0.00 M M 6.2 16 20 M M 0 22 20
2 53 27 40 -14 25 0 0.00 M M 1.5 8 210 M M 0 10 10
3 62 29 46 -7 19 0 0.00 M M 1.7 8 190 M M 0 11 230
4 73 32 53 0 12 0 0.00 M M 3.3 9 300 M M 0 13 300
5 75 47 61 9 4 0 0.00 M M 3.2 10 260 M M 0 8 12 310
6 74 44 59 7 6 0 0.00 M M 3.7 13 230 M M 0 19 190
7 80 44 62 10 3 0 0.00 M M 4.4 17 200 M M 0 23 200
8 80 50 65 13 0 0 0.00 M M 4.0 13 190 M M 0 22 260
9 85 52 69 18 0 4 0.00 M M 3.0 14 270 M M 2 19 260
10 67 51 59 8 6 0 0.03 M M 6.5 20 50 M M 9 1 29 50
11 57 47 52 1 13 0 0.06 M M 1.5 7 70 M M 10 9 60
12 62 41 52 2 13 0 0.00 M M 3.2 14 70 M M 4 17 70
13 67 36 52 2 13 0 0.00 M M 2.1 8 200 M M 0 11 190
14 67 37 52 2 13 0 0.00 M M 1.8 8 10 M M 0 14 360
15 58 41 50 1 15 0 0.00 M M 1.4 7 30 M M 0 10 10
16 71 42 57 8 8 0 0.00 M M 1.5 8 200 M M 7 12 200
17 68 48 58 9 7 0 0.02 M M 1.2 6 310 M M 9 1 7 340
18 72 44 58 10 7 0 0.00 M M 4.2 14 340 M M 1 20 10
19 64 35 50 2 15 0 0.00 M M 1.1 8 220 M M 0 10 220
20 60 39 50 2 15 0 0.00 M M 4.5 10 60 M M 9 15 50
21 52 43 48 0 17 0 1.32 M M 5.7 15 330 M M 10 18 20 330
22 64 40 52 5 13 0 0.00 M M 5.5 16 310 M M 5 25 320
23 61 33 47 0 18 0 0.00 M M 2.5 8 190 M M 0 12 12 190
24 60 37 49 2 16 0 0.00 M M 2.5 9 70 M M 0 14 40
25 51 34 43 -3 22 0 0.00 M M 4.5 13 60 M M 1 16 50
26 49 27 38 -8 27 0 0.04 M M 2.3 9 200 M M 4 1 13 200
27 54 32 43 -3 22 0 0.00 M M 4.6 14 270 M M 1 1 19 280
28 48 28 38 -8 27 0 0.00 M M 6.9 22 270 M M 0 30 290
29 48 21 35 -11 30 0 0.00 M M 4.6 14 200 M M 0 19 190
30 60 25 43 -2 22 0 0.00 M M 2.9 13 200 M M 0 18 210
================================================================================
SM 1894 1137 431 4 1.47 M 102.0 M 72
================================================================================
AV 63.1 37.9 3.4 FASTST M M 2 MAX(MPH)
MISC ----> 22 270 30 290
================================================================================
NOTES:
# LAST OF SEVERAL OCCURRENCES
COLUMN 17 PEAK WIND IN M.P.H.
PRELIMINARY LOCAL CLIMATOLOGICAL DATA (WS FORM: F-6) , PAGE 2
STATION: HICKORY NC
MONTH: NOVEMBER
YEAR: 2023
LATITUDE: 35 45 N
LONGITUDE: 81 23 W
[TEMPERATURE DATA] [PRECIPITATION DATA] SYMBOLS USED IN COLUMN 16
AVERAGE MONTHLY: 50.5 TOTAL FOR MONTH: 1.47 1 = FOG OR MIST
DPTR FM NORMAL: 1.2 DPTR FM NORMAL: -2.15 2 = FOG REDUCING VISIBILITY
HIGHEST: 85 ON 9 GRTST 24HR 1.32 ON 21-21 TO 1/4 MILE OR LESS
LOWEST: 21 ON 29 3 = THUNDER
SNOW, ICE PELLETS, HAIL 4 = ICE PELLETS
TOTAL MONTH: M 5 = HAIL
GRTST 24HR M ON M 6 = FREEZING RAIN OR DRIZZLE
GRTST DEPTH: M ON M 7 = DUSTSTORM OR SANDSTORM:
VSBY 1/2 MILE OR LESS
8 = SMOKE OR HAZE
[NO. OF DAYS WITH] [WEATHER - DAYS WITH] 9 = BLOWING SNOW
X = TORNADO
MAX 32 OR BELOW: 0 0.01 INCH OR MORE: 5
MAX 90 OR ABOVE: 0 0.10 INCH OR MORE: 1
MIN 32 OR BELOW: 9 0.50 INCH OR MORE: 1
MIN 0 OR BELOW: 0 1.00 INCH OR MORE: 1
[HDD (BASE 65) ]
TOTAL THIS MO. 431 CLEAR (SCALE 0-3) 21
DPTR FM NORMAL -42 PTCLDY (SCALE 4-7) 4
TOTAL FM JUL 1 576 CLOUDY (SCALE 8-10) 5
DPTR FM NORMAL -117
[CDD (BASE 65) ]
TOTAL THIS MO. 4
DPTR FM NORMAL 2 [PRESSURE DATA]
TOTAL FM JAN 1 1377 HIGHEST SLP 30.52 ON 2
DPTR FM NORMAL -18 LOWEST SLP 29.72 ON 22
[REMARKS]
#FINAL-11-23#