000
CXUS53 KIND 010700
CF6LAF
PRELIMINARY LOCAL CLIMATOLOGICAL DATA (WS FORM: F-6)
STATION: LAFAYETTE IN
MONTH: OCTOBER
YEAR: 2020
LATITUDE: 40 25 N
LONGITUDE: 86 56 W
TEMPERATURE IN F: :PCPN: SNOW: WIND :SUNSHINE: SKY :PK WND
================================================================================
1 2 3 4 5 6A 6B 7 8 9 10 11 12 13 14 15 16 17 18
12Z AVG MX 2MIN
DY MAX MIN AVG DEP HDD CDD WTR SNW DPTH SPD SPD DIR MIN PSBL S-S WX SPD DR
================================================================================
1 65 41 53 -7 12 0 T M M 7.3 21 300 M M 4 30 300
2 62 37 50 -9 15 0 0.00 M M 5.9 15 320 M M 7 12 20 30
3 63 45 54 -5 11 0 0.03 M M 4.2 10 220 M M 9 16 220
4 57 38 48 -10 17 0 0.36 M M 7.0 15 290 M M 8 1 21 340
5 65 32 49 -9 16 0 0.00 M M 5.8 14 220 M M 3 12 20 230
6 77 49 63 5 2 0 0.00 M M 7.4 18 250 M M 1 27 250
7 84 53 69 12 0 4 0.00 M M 8.6 21 320 M M 0 27 330
8 80 46 63 6 2 0 0.00 M M 3.9 12 20 M M 0 1 17 20
9 85 47 66 9 0 1 0.00 M M 6.2 20 200 M M 0 33 180
10 82 62 72 16 0 7 0.00 M M 5.0 14 230 M M 1 19 220
11 83 59 71 15 0 6 0.00 M M 7.5 15 100 M M 2 1 22 90
12 74 45 60 4 5 0 0.06 M M 7.7 29 290 M M 6 12 43 300
13 72 38 55 0 10 0 0.00 M M 5.8 16 220 M M 3 12 27 200
14 80 42 61 6 4 0 0.00 M M 9.6 24 190 M M 0 39 180
15 68 40 54 0 11 0 0.05 M M 9.2 22 290 M M 4 31 280
16 60 29 45 -9 20 0 T M M 6.7 23 240 M M 1 43 260
17 64 32 48 -6 17 0 0.00 M M 7.1 23 190 M M 2 36 190
18 69 47 58 4 7 0 0.03 M M 8.3 21 320 M M 8 28 320
19 52 45 49 -4 16 0 0.10 M M 8.7 16 40 M M 10 18 22 30
20 59 45 52 -1 13 0 1.29 M M 9.2 21 110 M M 9 13 31 110
21 61 51 56 3 9 0 0.51 M M 6.9 20 330 M M 9 13 29 330
22 83 55 69 17 0 4 0.00 M M 6.6 16 220 M M 5 12 28 230
23 76 46 61 9 4 0 0.12 M M 9.8 24 280 M M 7 13 34 290
24 54 43 49 -3 16 0 0.00 M M 7.7 15 30 M M 7 21 30
25 51 44 48 -3 17 0 T M M 10.6 17 60 M M 10 23 60
26 51 43 47 -4 18 0 0.02 M M 7.0 14 330 M M 10 1 20 340
27 46 42 44 -7 21 0 0.05 M M 3.9 10 350 M M 10 18 13 350
28 52 42 47 -3 18 0 0.05 M M 3.2 8 330 M M 6 1 11 340
29 58 43 51 1 14 0 0.24 M M 11.0 22 350 M M 8 1 32 360
30 49 33 41 -9 24 0 0.00 M M 7.8 17 330 M M 2 26 350
31 61 30 46 -3 19 0 0.00 M M 5.9 16 190 M M 0 24 170
================================================================================
SM 2043 1344 338 22 2.91 M 221.5 M 152
================================================================================
AV 65.9 43.4 7.1 FASTST M M 5 MAX(MPH)
MISC ----> 29 290 # 43 300
================================================================================
NOTES:
# LAST OF SEVERAL OCCURRENCES
COLUMN 17 PEAK WIND IN M.P.H.
PRELIMINARY LOCAL CLIMATOLOGICAL DATA (WS FORM: F-6) , PAGE 2
STATION: LAFAYETTE IN
MONTH: OCTOBER
YEAR: 2020
LATITUDE: 40 25 N
LONGITUDE: 86 56 W
[TEMPERATURE DATA] [PRECIPITATION DATA] SYMBOLS USED IN COLUMN 16
AVERAGE MONTHLY: 54.6 TOTAL FOR MONTH: 2.91 1 = FOG OR MIST
DPTR FM NORMAL: 0.3 DPTR FM NORMAL: 0.02 2 = FOG REDUCING VISIBILITY
HIGHEST: 85 ON 9 GRTST 24HR 1.68 ON 20-21 TO 1/4 MILE OR LESS
LOWEST: 29 ON 16 3 = THUNDER
SNOW, ICE PELLETS, HAIL 4 = ICE PELLETS
TOTAL MONTH: M 5 = HAIL
GRTST 24HR M ON M 6 = FREEZING RAIN OR DRIZZLE
GRTST DEPTH: M ON M 7 = DUSTSTORM OR SANDSTORM:
VSBY 1/2 MILE OR LESS
8 = SMOKE OR HAZE
[NO. OF DAYS WITH] [WEATHER - DAYS WITH] 9 = BLOWING SNOW
X = TORNADO
MAX 32 OR BELOW: 0 0.01 INCH OR MORE: 13
MAX 90 OR ABOVE: 0 0.10 INCH OR MORE: 6
MIN 32 OR BELOW: 4 0.50 INCH OR MORE: 2
MIN 0 OR BELOW: 0 1.00 INCH OR MORE: 1
[HDD (BASE 65) ]
TOTAL THIS MO. 338 CLEAR (SCALE 0-3) 12
DPTR FM NORMAL -11 PTCLDY (SCALE 4-7) 11
TOTAL FM JUL 1 385 CLOUDY (SCALE 8-10) 8
DPTR FM NORMAL -48
[CDD (BASE 65) ]
TOTAL THIS MO. 22
DPTR FM NORMAL 5 [PRESSURE DATA]
TOTAL FM JAN 1 1268 HIGHEST SLP M ON M
DPTR FM NORMAL 286 LOWEST SLP 29.60 ON 14
[REMARKS]
#FINAL-10-20#