000
CXUS53 KMKX 010910
CF6LNR
PRELIMINARY LOCAL CLIMATOLOGICAL DATA (WS FORM: F-6)
STATION: LONE ROCK WI
MONTH: NOVEMBER
YEAR: 2023
LATITUDE: 43 12 N
LONGITUDE: 90 11 W
TEMPERATURE IN F: :PCPN: SNOW: WIND :SUNSHINE: SKY :PK WND
================================================================================
1 2 3 4 5 6A 6B 7 8 9 10 11 12 13 14 15 16 17 18
12Z AVG MX 2MIN
DY MAX MIN AVG DEP HDD CDD WTR SNW DPTH SPD SPD DIR MIN PSBL S-S WX SPD DR
================================================================================
1 39 18 29 -14 36 0 0.00 M M 4.1 14 220 M M 4 19 200
2 54 24 39 -4 26 0 0.00 M M 3.6 14 250 M M 0 8 22 250
3 52 29 41 -1 24 0 0.02 M M 2.4 9 240 M M 5 12 15 240
4 55 30 43 1 22 0 0.00 M M 1.6 9 290 M M 1 18 11 290
5 35 27 31 -10 34 0 M M M 0.8 3 110 M M 4 1 M M
6 M M M M M M M M M M M M M M M M M
7 M M M M M M M M M M M M M M M M M
8 M M M M M M M M M M M M M M M M M
9 M M M M M M M M M M M M M M M M M
10 M M M M M M M M M M M M M M M M M
11 M M M M M M M M M M M M M M M M M
12 M M M M M M M M M M M M M M M M M
13 M M M M M M M M M M M M M M M M M
14 M M M M M M M M M M M M M M M M M
15 65 M M M M M 0.00 M M 3.1 10 230 M M 0 8 16 230
16 67 31 49 12 16 0 T M M 8.8 26 200 M M 3 1 42 210
17 55 22 39 3 26 0 T M M 7.1 23 340 M M 1 34 340
18 57 20 39 3 26 0 0.00 M M 3.0 16 280 M M 0 22 270
19 55 21 38 3 27 0 0.00 M M 3.9 12 100 M M 0 1 17 100
20 48 36 42 7 23 0 0.02 M M 10.7 20 70 M M 6 1 27 70
21 49 35 42 8 23 0 0.09 M M 9.3 20 340 M M 7 1 29 340
22 45 28 37 3 28 0 0.00 M M 5.6 17 320 M M 2 22 320
23 43 24 34 0 31 0 0.00 M M 7.8 18 340 M M 0 26 330
24 32 18 25 -8 40 0 0.00 M M 5.8 14 360 M M 0 18 360
25 34 20 27 -6 38 0 T M M 1.5 12 200 M M 8 18 15 200
26 31 24 28 -4 37 0 0.07 M M 8.6 26 290 M M 10 18 40 290
27 24 17 21 -11 44 0 T M M 12.8 24 290 M M 6 30 290
28 24 8 16 -15 49 0 0.00 M M 6.5 12 200 M M 3 18 300
29 45 12 29 -2 36 0 0.00 M M 4.0 12 270 M M 0 18 16 260
30 48 21 35 5 30 0 0.00 M M 4.3 13 250 M M 0 18 17 270
================================================================================
SM 957 465 616 0 0.20 M 115.3 M 60
================================================================================
AV 45.6 23.3 5.5 FASTST M M 3 MAX(MPH)
MISC ----> # 26 200 42 210
================================================================================
NOTES:
# LAST OF SEVERAL OCCURRENCES
COLUMN 17 PEAK WIND IN M.P.H.
PRELIMINARY LOCAL CLIMATOLOGICAL DATA (WS FORM: F-6) , PAGE 2
STATION: LONE ROCK WI
MONTH: NOVEMBER
YEAR: 2023
LATITUDE: 43 12 N
LONGITUDE: 90 11 W
[TEMPERATURE DATA] [PRECIPITATION DATA] SYMBOLS USED IN COLUMN 16
AVERAGE MONTHLY: 34.4 TOTAL FOR MONTH: 0.20 1 = FOG OR MIST
DPTR FM NORMAL: -2.4 DPTR FM NORMAL: -1.75 2 = FOG REDUCING VISIBILITY
HIGHEST: 67 ON 16 GRTST 24HR 0.11 ON 20-21 TO 1/4 MILE OR LESS
LOWEST: 8 ON 28 3 = THUNDER
SNOW, ICE PELLETS, HAIL 4 = ICE PELLETS
TOTAL MONTH: M 5 = HAIL
GRTST 24HR M ON M 6 = FREEZING RAIN OR DRIZZLE
GRTST DEPTH: M ON M 7 = DUSTSTORM OR SANDSTORM:
VSBY 1/2 MILE OR LESS
8 = SMOKE OR HAZE
[NO. OF DAYS WITH] [WEATHER - DAYS WITH] 9 = BLOWING SNOW
X = TORNADO
MAX 32 OR BELOW: 4 0.01 INCH OR MORE: 4
MAX 90 OR ABOVE: 0 0.10 INCH OR MORE: 0
MIN 32 OR BELOW: 18 0.50 INCH OR MORE: 0
MIN 0 OR BELOW: 0 1.00 INCH OR MORE: 0
[HDD (BASE 65) ]
TOTAL THIS MO. 616 CLEAR (SCALE 0-3) 12
DPTR FM NORMAL -232 PTCLDY (SCALE 4-7) 8
TOTAL FM JUL 1 1101 CLOUDY (SCALE 8-10) 10
DPTR FM NORMAL -399
[CDD (BASE 65) ]
TOTAL THIS MO. 0
DPTR FM NORMAL 0 [PRESSURE DATA]
TOTAL FM JAN 1 769 HIGHEST SLP 30.61 ON 24
DPTR FM NORMAL 123 LOWEST SLP 29.58 ON 6
[REMARKS]
#FINAL-11-23#