000
CXUS55 KPAH 010700
CF6MDH
PRELIMINARY LOCAL CLIMATOLOGICAL DATA (WS FORM: F-6)
STATION: CARBONDALE IL
MONTH: APRIL
YEAR: 2021
LATITUDE: 37 46 N
LONGITUDE: 89 15 W
TEMPERATURE IN F: :PCPN: SNOW: WIND :SUNSHINE: SKY :PK WND
================================================================================
1 2 3 4 5 6A 6B 7 8 9 10 11 12 13 14 15 16 17 18
12Z AVG MX 2MIN
DY MAX MIN AVG DEP HDD CDD WTR SNW DPTH SPD SPD DIR MIN PSBL S-S WX SPD DR
================================================================================
1 47 30 39 -12 26 0 0.00 M M 9.0 20 340 M M 0 29 330
2 55 24 40 -12 25 0 0.00 M M 4.4 12 130 M M 0 1 16 120
3 67 30 49 -3 16 0 0.00 M M 10.3 22 200 M M 0 30 180
4 76 45 61 9 4 0 0.00 M M 7.6 17 190 M M 0 8 23 210
5 77 47 62 9 3 0 0.00 M M 9.4 21 170 M M 1 30 210
6 80 55 68 15 0 3 0.00 M M 12.1 25 200 M M 2 36 220
7 78 56 67 14 0 2 0.40 M M 13.8 31 200 M M 6 1 39 200
8 62 49 56 2 9 0 0.01 M M 9.7 22 200 M M 9 1 30 180
9 83 M M M M M 0.68 M M 10.6 22 230 M M 4 13 31 320
10 68 51 60 6 5 0 0.07 M M 13.5 29 240 M M 8 1 39 240
11 72 47 60 5 5 0 0.03 M M 10.0 25 280 M M 2 1 37 270
12 72 41 57 2 8 0 0.00 M M 5.0 14 350 M M 0 21 340
13 63 51 57 2 8 0 0.02 M M 5.0 17 350 M M 10 25 360
14 65 47 56 0 9 0 0.00 M M 6.3 15 360 M M 4 21 330
15 61 40 51 -5 14 0 0.00 M M 7.0 17 340 M M 1 26 350
16 61 37 49 -7 16 0 T M M 3.5 12 330 M M 4 1 18 10
17 60 46 53 -4 12 0 0.01 M M 5.0 13 320 M M 9 17 290
18 64 38 51 -6 14 0 0.03 M M 4.4 20 320 M M 4 1 26 330
19 70 37 54 -4 11 0 0.00 M M 7.5 17 350 M M 0 12 23 330
20 52 33 43 -15 22 0 0.07 M M 9.4 22 330 M M 6 1 29 330
21 55 31 43 -15 22 0 0.00 M M 5.6 16 240 M M 5 12 25 310
22 58 32 45 -13 20 0 0.00 M M 4.3 12 10 M M 1 8 19 360
23 65 45 55 -4 10 0 T M M 7.5 18 160 M M 10 26 160
24 59 47 53 -6 12 0 0.85 M M 6.9 15 350 M M 8 1 20 360
25 70 39 55 -5 10 0 0.00 M M 3.9 10 130 M M 2 12 15 40
26 78 49 64 4 1 0 0.00 M M 12.8 25 190 M M 0 33 190
27 82 62 72 12 0 7 0.00 M M 19.6 35 190 M M 0 8 46 210
28 72 65 69 8 0 4 0.22 M M 8.4 15 150 M M 6 13 21 210
29 70 52 61 0 4 0 0.57 M M 7.6 21 230 M M 7 138 26 330
30 77 51 64 3 1 0 0.00 M M 4.9 16 310 M M 0 1 23 350
================================================================================
SM 2019 1277 287 16 2.96 M 245.0 M 109
================================================================================
AV 67.3 44.0 8.2 FASTST M M 4 MAX(MPH)
MISC ----> 35 190 46 210
================================================================================
NOTES:
# LAST OF SEVERAL OCCURRENCES
COLUMN 17 PEAK WIND IN M.P.H.
PRELIMINARY LOCAL CLIMATOLOGICAL DATA (WS FORM: F-6) , PAGE 2
STATION: CARBONDALE IL
MONTH: APRIL
YEAR: 2021
LATITUDE: 37 46 N
LONGITUDE: 89 15 W
[TEMPERATURE DATA] [PRECIPITATION DATA] SYMBOLS USED IN COLUMN 16
AVERAGE MONTHLY: 55.7 TOTAL FOR MONTH: 2.96 1 = FOG OR MIST
DPTR FM NORMAL: -0.6 DPTR FM NORMAL: -1.18 2 = FOG REDUCING VISIBILITY
HIGHEST: 83 ON 9 GRTST 24HR 0.85 ON 24-24 TO 1/4 MILE OR LESS
LOWEST: 24 ON 2 3 = THUNDER
SNOW, ICE PELLETS, HAIL 4 = ICE PELLETS
TOTAL MONTH: M 5 = HAIL
GRTST 24HR M ON M 6 = FREEZING RAIN OR DRIZZLE
GRTST DEPTH: M ON M 7 = DUSTSTORM OR SANDSTORM:
VSBY 1/2 MILE OR LESS
8 = SMOKE OR HAZE
[NO. OF DAYS WITH] [WEATHER - DAYS WITH] 9 = BLOWING SNOW
X = TORNADO
MAX 32 OR BELOW: 0 0.01 INCH OR MORE: 12
MAX 90 OR ABOVE: 0 0.10 INCH OR MORE: 5
MIN 32 OR BELOW: 5 0.50 INCH OR MORE: 3
MIN 0 OR BELOW: 0 1.00 INCH OR MORE: 0
[HDD (BASE 65) ]
TOTAL THIS MO. 287 CLEAR (SCALE 0-3) 15
DPTR FM NORMAL 3 PTCLDY (SCALE 4-7) 10
TOTAL FM JUL 1 4258 CLOUDY (SCALE 8-10) 5
DPTR FM NORMAL -141
[CDD (BASE 65) ]
TOTAL THIS MO. 16
DPTR FM NORMAL -7 [PRESSURE DATA]
TOTAL FM JAN 1 16 HIGHEST SLP M ON M
DPTR FM NORMAL -10 LOWEST SLP 29.45 ON 10
[REMARKS]
#FINAL-04-21#