000
CXUS53 KMPX 011010
CF6MPX
PRELIMINARY LOCAL CLIMATOLOGICAL DATA (WS FORM: F-6)
STATION: CHANHASSEN MN
MONTH: NOVEMBER
YEAR: 2022
LATITUDE: 44 50 N
LONGITUDE: 93 34 W
TEMPERATURE IN F: :PCPN: SNOW: WIND :SUNSHINE: SKY :PK WND
================================================================================
1 2 3 4 5 6A 6B 7 8 9 10 11 12 13 14 15 16 17 18
12Z AVG MX 2MIN
DY MAX MIN AVG DEP HDD CDD WTR SNW DPTH SPD SPD DIR MIN PSBL S-S WX SPD DR
================================================================================
1 70 34 52 12 13 0 0.00 0.0 0 M M M M M M M M
2 75 54 65 25 0 0 0.00 0.0 0 M M M M M M M M
3 64 42 53 14 12 0 0.14 0.0 0 M M M M M M M M
4 42 29 36 -2 29 0 0.13 0.0 0 M M M M M M M M
5 41 29 35 -3 30 0 T 0.0 0 M M M M M M M M
6 49 31 40 2 25 0 0.06 0.0 0 M M M M M M M M
7 34 24 29 -8 36 0 0.00 0.0 0 M M M M M M M M
8 48 32 40 4 25 0 0.10 0.0 0 M M M M M M M M
9 65 47 56 20 9 0 0.13 0.0 0 M M M M M M M M
10 65 24 45 9 20 0 0.01 T 0 M M M M M M M M
11 28 23 26 -9 39 0 T T 0 M M M M M M M M
12 27 25 26 -8 39 0 T T T M M M M M M M M
13 26 19 23 -11 42 0 T T T M M M M M M M M
14 29 23 26 -8 39 0 0.15 2.1 T M M M M M M M M
15 31 26 29 -4 36 0 0.24 2.2 2 M M M M M M M M
16 31 18 25 -7 40 0 0.03 0.4 4 M M M M M M M M
17 27 19 23 -9 42 0 0.01 0.2 3 M M M M M M M M
18 21 15 18 -14 47 0 T T 3 M M M M M M M M
19 22 6 14 -17 51 0 T T 3 M M M M M M M M
20 29 6 18 -12 47 0 T T 2 M M M M M M M M
21 31 15 23 -7 42 0 0.00 0.0 2 M M M M M M M M
22 37 14 26 -4 39 0 0.00 0.0 2 M M M M M M M M
23 48 17 33 4 32 0 0.00 0.0 1 M M M M M M M M
24 41 29 35 7 30 0 0.00 0.0 T M M M M M M M M
25 50 23 37 9 28 0 0.00 0.0 T M M M M M M M M
26 53 34 44 16 21 0 0.00 0.0 0 M M M M M M M M
27 39 21 30 3 35 0 0.00 0.0 0 M M M M M M M M
28 41 19 30 4 35 0 0.00 0.0 0 M M M M M M M M
29 32 18 25 -1 40 0 0.49 5.3 T M M M M M M M M
30 20 5 13 -13 52 0 T T 4 M M M M M M M M
================================================================================
SM 1216 721 975 0 1.49 10.2 M M M
================================================================================
AV 40.5 24.0 M FASTST M M M MAX(MPH)
MISC ----> M M M M
================================================================================
NOTES:
# LAST OF SEVERAL OCCURRENCES
COLUMN 17 PEAK WIND IN M.P.H.
PRELIMINARY LOCAL CLIMATOLOGICAL DATA (WS FORM: F-6) , PAGE 2
STATION: CHANHASSEN MN
MONTH: NOVEMBER
YEAR: 2022
LATITUDE: 44 50 N
LONGITUDE: 93 34 W
[TEMPERATURE DATA] [PRECIPITATION DATA] SYMBOLS USED IN COLUMN 16
AVERAGE MONTHLY: 32.3 TOTAL FOR MONTH: 1.49 1 = FOG OR MIST
DPTR FM NORMAL: -0.4 DPTR FM NORMAL: -0.24 2 = FOG REDUCING VISIBILITY
HIGHEST: 75 ON 2 GRTST 24HR 0.49 ON 29-29 TO 1/4 MILE OR LESS
LOWEST: 5 ON 30 3 = THUNDER
SNOW, ICE PELLETS, HAIL 4 = ICE PELLETS
TOTAL MONTH: 10.2 INCHES 5 = HAIL
GRTST 24HR 5.3 ON 29-29 6 = FREEZING RAIN OR DRIZZLE
GRTST DEPTH: 4 ON 30,16 7 = DUSTSTORM OR SANDSTORM:
VSBY 1/2 MILE OR LESS
8 = SMOKE OR HAZE
[NO. OF DAYS WITH] [WEATHER - DAYS WITH] 9 = BLOWING SNOW
X = TORNADO
MAX 32 OR BELOW: 13 0.01 INCH OR MORE: 11
MAX 90 OR ABOVE: 0 0.10 INCH OR MORE: 7
MIN 32 OR BELOW: 25 0.50 INCH OR MORE: 0
MIN 0 OR BELOW: 0 1.00 INCH OR MORE: 0
[HDD (BASE 65) ]
TOTAL THIS MO. 975 CLEAR (SCALE 0-3) 0
DPTR FM NORMAL 7 PTCLDY (SCALE 4-7) 0
TOTAL FM JUL 1 1597 CLOUDY (SCALE 8-10) 30
DPTR FM NORMAL -111
[CDD (BASE 65) ]
TOTAL THIS MO. 0
DPTR FM NORMAL 0 [PRESSURE DATA]
TOTAL FM JAN 1 717 HIGHEST SLP M ON M
DPTR FM NORMAL 134 LOWEST SLP M ON M
[REMARKS]
#FINAL-11-22#