000
CXUS51 KLWX 010729
CF6MRB
PRELIMINARY LOCAL CLIMATOLOGICAL DATA (WS FORM: F-6)
STATION: MARTINSBURG WV
MONTH: NOVEMBER
YEAR: 2021
LATITUDE: 39 24 N
LONGITUDE: 77 58 W
TEMPERATURE IN F: :PCPN: SNOW: WIND :SUNSHINE: SKY :PK WND
================================================================================
1 2 3 4 5 6A 6B 7 8 9 10 11 12 13 14 15 16 17 18
12Z AVG MX 2MIN
DY MAX MIN AVG DEP HDD CDD WTR SNW DPTH SPD SPD DIR MIN PSBL S-S WX SPD DR
================================================================================
1 59 39 49 -1 16 0 0.00 M M 8.3 22 280 M M 1 30 270
2 47 32 40 -9 25 0 0.05 M M 3.8 14 290 M M 8 1 17 300
3 51 29 40 -9 25 0 0.00 M M 5.2 18 300 M M 1 26 290
4 50 24 37 -12 28 0 0.00 M M 0.4 6 310 M M 1 8 310
5 52 23 38 -10 27 0 0.00 M M 1.5 9 340 M M 0 1 14 40
6 53 22 38 -10 27 0 0.00 M M 0.9 8 20 M M 0 1 11 30
7 58 22 40 -8 25 0 0.00 M M 2.0 13 360 M M 0 1 16 330
8 70 30 50 3 15 0 0.00 M M 2.4 13 340 M M 0 17 340
9 73 34 54 7 11 0 0.00 M M 2.0 15 270 M M 0 17 260
10 69 45 57 11 8 0 0.00 M M 3.9 14 320 M M 1 8 18 290
11 65 40 53 7 12 0 0.01 M M 6.1 17 150 M M 2 24 150
12 61 37 49 3 16 0 1.43 M M 5.5 23 280 M M 5 1 30 280
13 48 32 40 -6 25 0 T M M 9.6 29 270 M M 4 37 270
14 46 34 40 -5 25 0 0.00 M M 5.7 15 180 M M 9 24 160
15 45 37 41 -4 24 0 0.00 M M 12.7 31 280 M M 9 45 270
16 51 34 43 -1 22 0 0.00 M M 2.8 9 300 M M 7 1 11 310
17 62 32 47 3 18 0 0.00 M M 1.8 8 130 M M 2 1 10 160
18 73 35 54 10 11 0 0.01 M M 9.1 31 270 M M 3 1 47 270
19 46 26 36 -7 29 0 0.00 M M 12.0 29 290 M M 4 39 300
20 44 20 32 -11 33 0 0.00 M M 2.5 13 150 M M 0 17 140
21 48 27 38 -5 27 0 0.02 M M 0.5 10 70 M M 6 13 70
22 49 32 41 -1 24 0 0.02 M M 8.7 24 280 M M 4 1 30 280
23 42 27 35 -7 30 0 0.00 M M 10.4 21 300 M M 1 28 320
24 47 19 33 -9 32 0 0.00 M M 1.8 12 200 M M 0 14 170
25 63 25 44 3 21 0 0.00 M M 4.5 17 280 M M 4 21 270
26 52 32 42 1 23 0 0.01 M M 16.6 38 300 M M 7 49 300
27 43 31 37 -4 28 0 0.00 M M 9.8 24 310 M M 8 34 330
28 54 25 40 0 25 0 0.00 M M 6.5 21 280 M M 6 26 290
29 45 26 36 -4 29 0 0.00 M M 8.8 22 310 M M 5 30 310
30 51 29 40 0 25 0 T M M 4.1 17 280 M M 5 24 280
================================================================================
SM 1617 900 686 0 1.55 M 169.9 M 103
================================================================================
AV 53.9 30.0 5.7 FASTST M M 3 MAX(MPH)
MISC ----> 38 300 49 300
================================================================================
NOTES:
# LAST OF SEVERAL OCCURRENCES
COLUMN 17 PEAK WIND IN M.P.H.
PRELIMINARY LOCAL CLIMATOLOGICAL DATA (WS FORM: F-6) , PAGE 2
STATION: MARTINSBURG WV
MONTH: NOVEMBER
YEAR: 2021
LATITUDE: 39 24 N
LONGITUDE: 77 58 W
[TEMPERATURE DATA] [PRECIPITATION DATA] SYMBOLS USED IN COLUMN 16
AVERAGE MONTHLY: 42.0 TOTAL FOR MONTH: 1.55 1 = FOG OR MIST
DPTR FM NORMAL: -2.6 DPTR FM NORMAL: -1.18 2 = FOG REDUCING VISIBILITY
HIGHEST: 73 ON 18, 9 GRTST 24HR 1.44 ON 11-12 TO 1/4 MILE OR LESS
LOWEST: 19 ON 24 3 = THUNDER
SNOW, ICE PELLETS, HAIL 4 = ICE PELLETS
TOTAL MONTH: M 5 = HAIL
GRTST 24HR M ON M 6 = FREEZING RAIN OR DRIZZLE
GRTST DEPTH: M ON M 7 = DUSTSTORM OR SANDSTORM:
VSBY 1/2 MILE OR LESS
8 = SMOKE OR HAZE
[NO. OF DAYS WITH] [WEATHER - DAYS WITH] 9 = BLOWING SNOW
X = TORNADO
MAX 32 OR BELOW: 0 0.01 INCH OR MORE: 7
MAX 90 OR ABOVE: 0 0.10 INCH OR MORE: 1
MIN 32 OR BELOW: 21 0.50 INCH OR MORE: 1
MIN 0 OR BELOW: 0 1.00 INCH OR MORE: 1
[HDD (BASE 65) ]
TOTAL THIS MO. 686 CLEAR (SCALE 0-3) 14
DPTR FM NORMAL 75 PTCLDY (SCALE 4-7) 14
TOTAL FM JUL 1 868 CLOUDY (SCALE 8-10) 2
DPTR FM NORMAL -127
[CDD (BASE 65) ]
TOTAL THIS MO. 0
DPTR FM NORMAL 0 [PRESSURE DATA]
TOTAL FM JAN 1 1155 HIGHEST SLP 30.58 ON 20
DPTR FM NORMAL 143 LOWEST SLP 29.74 ON 26
[REMARKS]
#FINAL-11-21#