000
CXUS56 KSGX 011245
CF6MYF
PRELIMINARY LOCAL CLIMATOLOGICAL DATA (WS FORM: F-6)
STATION: SAN DIEGO/MONTGOMERY FLD CA
MONTH: NOVEMBER
YEAR: 2020
LATITUDE: 32 49 N
LONGITUDE: 117 9 W
TEMPERATURE IN F: :PCPN: SNOW: WIND :SUNSHINE: SKY :PK WND
================================================================================
1 2 3 4 5 6A 6B 7 8 9 10 11 12 13 14 15 16 17 18
12Z AVG MX 2MIN
DY MAX MIN AVG DEP HDD CDD WTR SNW DPTH SPD SPD DIR MIN PSBL S-S WX SPD DR
================================================================================
1 88 56 72 9 0 7 0.00 0.0 0 2.8 12 290 M M 0 18 14 310
2 77 54 66 3 0 1 0.00 0.0 0 3.0 12 250 M M 1 128 13 240
3 76 53 65 2 0 0 0.00 0.0 0 2.4 12 210 M M 4 128 14 210
4 84 56 70 7 0 5 0.00 0.0 0 4.0 14 330 M M 3 128 17 330
5 96 57 77 15 0 12 0.00 0.0 0 3.1 13 320 M M 0 18 16 310
6 71 59 65 3 0 0 T 0.0 0 8.7 18 260 M M 5 128 24 190
7 63 53 58 -4 7 0 0.61 0.0 0 8.7 25 260 M M 6 18 41 260
8 62 52 57 -5 8 0 0.21 0.0 0 11.5 22 270 M M 7 1 30 260
9 62 46 54 -8 11 0 0.06 M 0 4.4 32 280 M M 2 41 290
10 67 45 56 -5 9 0 0.00 0.0 0 4.2 16 310 M M 0 20 320
11 69 44 57 -4 8 0 0.00 0.0 0 3.1 12 280 M M 0 14 280
12 71 47 59 -2 6 0 0.00 0.0 0 3.1 10 290 M M 0 13 290
13 68 47 58 -2 7 0 0.00 0.0 0 3.5 12 240 M M 1 15 240
14 70 52 61 1 4 0 0.00 0.0 0 5.8 14 320 M M 3 17 330
15 85 51 68 8 0 3 0.00 0.0 0 3.6 20 320 M M 0 22 320
16 91 55 73 13 0 8 0.00 0.0 0 2.4 15 220 M M 0 18 240
17 82 54 68 8 0 3 0.00 0.0 0 2.2 9 340 M M 0 128 12 270
18 69 49 59 0 6 0 0.00 0.0 0 4.9 14 320 M M 3 128 16 320
19 72 53 63 4 2 0 0.00 0.0 0 5.0 14 310 M M 3 128 17 310
20 76 50 63 4 2 0 0.00 0.0 0 2.9 12 300 M M 1 128 15 300
21 74 50 62 3 3 0 0.00 0.0 0 2.3 10 330 M M 0 18 12 330
22 71 51 61 3 4 0 0.00 0.0 0 2.8 9 310 M M 0 128 12 220
23 64 53 59 1 6 0 0.00 0.0 0 4.2 12 210 M M 8 128 14 210
24 66 50 58 0 7 0 0.00 0.0 0 3.0 9 260 M M 2 13 230
25 67 50 59 1 6 0 0.00 0.0 0 3.2 13 290 M M 2 18 15 310
26 66 50 58 0 7 0 0.00 0.0 0 3.5 12 300 M M 5 18 16 260
27 70 42 56 -1 9 0 0.00 0.0 0 4.0 13 220 M M 0 16 220
28 74 42 58 1 7 0 0.00 0.0 0 2.8 14 330 M M 0 16 330
29 75 42 59 2 6 0 0.00 0.0 0 2.9 12 330 M M 0 14 330
30 78 45 62 5 3 0 0.00 0.0 0 2.7 15 310 M M 0 8 18 310
================================================================================
SM 2204 1508 128 39 0.88 0.0 120.7 M 56
================================================================================
AV 73.5 50.3 4.0 FASTST M M 2 MAX(MPH)
MISC ----> # 32 280 # 41 260
================================================================================
NOTES:
# LAST OF SEVERAL OCCURRENCES
COLUMN 17 PEAK WIND IN M.P.H.
PRELIMINARY LOCAL CLIMATOLOGICAL DATA (WS FORM: F-6) , PAGE 2
STATION: SAN DIEGO/MONTGOMERY FLD CA
MONTH: NOVEMBER
YEAR: 2020
LATITUDE: 32 49 N
LONGITUDE: 117 9 W
[TEMPERATURE DATA] [PRECIPITATION DATA] SYMBOLS USED IN COLUMN 16
AVERAGE MONTHLY: 61.9 TOTAL FOR MONTH: 0.88 1 = FOG OR MIST
DPTR FM NORMAL: 2.0 DPTR FM NORMAL: -0.57 2 = FOG REDUCING VISIBILITY
HIGHEST: 96 ON 5 GRTST 24HR 0.61 ON 7- 7 TO 1/4 MILE OR LESS
LOWEST: 42 ON 29,28 3 = THUNDER
SNOW, ICE PELLETS, HAIL 4 = ICE PELLETS
TOTAL MONTH: 0.0 INCH 5 = HAIL
GRTST 24HR 0.0 6 = FREEZING RAIN OR DRIZZLE
GRTST DEPTH: 0 7 = DUSTSTORM OR SANDSTORM:
VSBY 1/2 MILE OR LESS
8 = SMOKE OR HAZE
[NO. OF DAYS WITH] [WEATHER - DAYS WITH] 9 = BLOWING SNOW
X = TORNADO
MAX 32 OR BELOW: 0 0.01 INCH OR MORE: 3
MAX 90 OR ABOVE: 2 0.10 INCH OR MORE: 2
MIN 32 OR BELOW: 0 0.50 INCH OR MORE: 1
MIN 0 OR BELOW: 0 1.00 INCH OR MORE: 0
[HDD (BASE 65) ]
TOTAL THIS MO. 128 CLEAR (SCALE 0-3) 22
DPTR FM NORMAL -39 PTCLDY (SCALE 4-7) 8
TOTAL FM JUL 1 134 CLOUDY (SCALE 8-10) 0
DPTR FM NORMAL -78
[CDD (BASE 65) ]
TOTAL THIS MO. 39
DPTR FM NORMAL 24 [PRESSURE DATA]
TOTAL FM JAN 1 1639 HIGHEST SLP 30.18 ON 28
DPTR FM NORMAL 797 LOWEST SLP 29.69 ON 6
[REMARKS]
#FINAL-11-20#