000
CXUS56 KMTR 011000
CF6OAK
PRELIMINARY LOCAL CLIMATOLOGICAL DATA (WS FORM: F-6)
STATION: OAKLAND AIRPORT
MONTH: NOVEMBER
YEAR: 2023
LATITUDE: 37 43 N
LONGITUDE: 122 13 W
TEMPERATURE IN F: :PCPN: SNOW: WIND :SUNSHINE: SKY :PK WND
================================================================================
1 2 3 4 5 6A 6B 7 8 9 10 11 12 13 14 15 16 17 18
12Z AVG MX 2MIN
DY MAX MIN AVG DEP HDD CDD WTR SNW DPTH SPD SPD DIR MIN PSBL S-S WX SPD DR
================================================================================
1 71 42 57 -1 8 0 0.00 M M 3.0 8 300 M M 4 12 260
2 74 45 60 2 5 0 0.00 M M 4.2 13 300 M M 5 16 300
3 77 52 65 7 0 0 0.00 M M 5.1 12 310 M M 3 15 300
4 73 52 63 5 2 0 0.00 M M 5.5 21 280 M M 4 1 32 310
5 72 56 64 7 1 0 0.01 M M 6.5 16 250 M M 8 1 21 220
6 67 58 63 6 2 0 0.05 M M 8.4 15 190 M M 6 1 22 200
7 66 53 60 3 5 0 0.00 M M 7.7 17 290 M M 1 1 21 270
8 69 45 57 1 8 0 0.00 M M 4.6 14 300 M M 1 20 280
9 65 41 53 -3 12 0 0.00 M M 4.1 15 280 M M 4 18 280
10 67 43 55 -1 10 0 0.00 M M 4.6 14 310 M M 4 17 300
11 70 44 57 1 8 0 0.00 M M 3.7 12 310 M M 1 14 320
12 68 44 56 0 9 0 0.00 M M 5.5 16 250 M M 3 20 250
13 64 50 57 2 8 0 0.00 M M 5.3 13 260 M M 4 18 280
14 73 54 64 9 1 0 T M M 6.9 16 150 M M 5 22 140
15 73 56 65 10 0 0 0.05 M M 7.3 18 140 M M 8 1 22 150
16 69 55 62 7 3 0 T M M 5.2 13 60 M M 8 16 60
17 70 50 60 6 5 0 0.16 M M 5.5 18 150 M M 7 1 29 230
18 63 56 60 6 5 0 0.31 M M 14.2 33 300 M M 9 1 45 270
19 62 47 55 1 10 0 0.00 M M 8.6 16 300 M M 2 24 350
20 69 43 56 2 9 0 0.00 M M 7.0 16 40 M M 0 28 50
21 61 44 53 -1 12 0 0.00 M M 3.9 10 120 M M 5 14 120
22 63 41 52 -1 13 0 0.00 M M 3.5 12 310 M M 5 15 320
23 67 44 56 3 9 0 0.00 M M 3.8 10 300 M M 1 13 300
24 63 39 51 -2 14 0 0.00 M M 5.7 16 60 M M 1 22 50
25 65 39 52 -1 13 0 0.00 M M 7.4 16 60 M M 1 21 50
26 59 42 51 -1 14 0 0.00 M M 4.9 10 80 M M 6 14 80
27 64 36 50 -2 15 0 0.00 M M 4.6 12 70 M M 3 14 60
28 63 38 51 -1 14 0 0.03 M M 4.1 13 310 M M 2 17 300
29 63 45 54 2 11 0 0.13 M M 5.2 12 70 M M 6 1 14 80
30 62 43 53 1 12 0 0.00 M M 10.1 36 290 M M 3 1 44 280
================================================================================
SM 2012 1397 238 0 0.74 M 176.1 M 120
================================================================================
AV 67.1 46.6 5.9 FASTST M M 4 MAX(MPH)
MISC ----> 36 290 45 270
================================================================================
NOTES:
# LAST OF SEVERAL OCCURRENCES
COLUMN 17 PEAK WIND IN M.P.H.
PRELIMINARY LOCAL CLIMATOLOGICAL DATA (WS FORM: F-6) , PAGE 2
STATION: OAKLAND AIRPORT
MONTH: NOVEMBER
YEAR: 2023
LATITUDE: 37 43 N
LONGITUDE: 122 13 W
[TEMPERATURE DATA] [PRECIPITATION DATA] SYMBOLS USED IN COLUMN 16
AVERAGE MONTHLY: 56.8 TOTAL FOR MONTH: 0.74 1 = FOG OR MIST
DPTR FM NORMAL: 2.0 DPTR FM NORMAL: -1.28 2 = FOG REDUCING VISIBILITY
HIGHEST: 77 ON 3 GRTST 24HR 0.46 ON 17-18 TO 1/4 MILE OR LESS
LOWEST: 36 ON 27 3 = THUNDER
SNOW, ICE PELLETS, HAIL 4 = ICE PELLETS
TOTAL MONTH: M 5 = HAIL
GRTST 24HR M ON M 6 = FREEZING RAIN OR DRIZZLE
GRTST DEPTH: M ON M 7 = DUSTSTORM OR SANDSTORM:
VSBY 1/2 MILE OR LESS
8 = SMOKE OR HAZE
[NO. OF DAYS WITH] [WEATHER - DAYS WITH] 9 = BLOWING SNOW
X = TORNADO
MAX 32 OR BELOW: 0 0.01 INCH OR MORE: 7
MAX 90 OR ABOVE: 0 0.10 INCH OR MORE: 3
MIN 32 OR BELOW: 0 0.50 INCH OR MORE: 0
MIN 0 OR BELOW: 0 1.00 INCH OR MORE: 0
[HDD (BASE 65) ]
TOTAL THIS MO. 238 CLEAR (SCALE 0-3) 12
DPTR FM NORMAL -67 PTCLDY (SCALE 4-7) 17
TOTAL FM JUL 1 430 CLOUDY (SCALE 8-10) 1
DPTR FM NORMAL -173
[CDD (BASE 65) ]
TOTAL THIS MO. 0
DPTR FM NORMAL -1 [PRESSURE DATA]
TOTAL FM JAN 1 172 HIGHEST SLP M ON M
DPTR FM NORMAL -4 LOWEST SLP 29.72 ON 15
[REMARKS]
#FINAL-11-23#