000
CXUS52 KMFL 011030
CF6OPF
PRELIMINARY LOCAL CLIMATOLOGICAL DATA (WS FORM: F-6)
STATION: OPA-LOCKA ARPT
MONTH: APRIL
YEAR: 2023
LATITUDE: 25 53 N
LONGITUDE: 80 17 W
TEMPERATURE IN F: :PCPN: SNOW: WIND :SUNSHINE: SKY :PK WND
================================================================================
1 2 3 4 5 6A 6B 7 8 9 10 11 12 13 14 15 16 17 18
12Z AVG MX 2MIN
DY MAX MIN AVG DEP HDD CDD WTR SNW DPTH SPD SPD DIR MIN PSBL S-S WX SPD DR
================================================================================
1 87 72 80 6 0 15 T 0.0 0 8.9 17 160 M M 4 25 150
2 90 71 81 7 0 16 0.00 0.0 0 7.1 14 160 M M 3 12 18 90
3 88 72 80 6 0 15 0.00 0.0 0 7.1 17 140 M M 1 22 180
4 87 73 80 5 0 15 0.00 0.0 0 9.5 16 100 M M 1 23 120
5 87 74 81 6 0 16 T 0.0 0 12.9 20 100 M M 3 25 90
6 87 75 81 6 0 16 0.00 0.0 0 13.0 21 110 M M 2 31 120
7 85 74 80 5 0 15 0.00 0.0 0 10.3 17 100 M M 2 8 23 90
8 87 73 80 5 0 15 T 0.0 0 8.9 17 130 M M 1 23 120
9 88 69 79 4 0 14 0.24 0.0 0 8.0 22 30 M M 3 138 28 50
10 78 68 73 -3 0 8 4.29 M M 11.1 26 90 M M 9 138 30 80
11 78 69 74 -2 0 9 1.08 M M 17.5 26 70 M M 9 18 37 60
12 75 69 72 -4 0 7 2.10 M M 11.2 25 110 M M 9 138 31 90
13 87 72 80 4 0 15 0.44 0.0 0 8.0 21 10 M M 4 13 28 350
14 89 71 80 4 0 15 T 0.0 0 4.5 23 230 M M 1 138 31 210
15 90 73 82 6 0 17 0.00 0.0 0 6.4 15 140 M M 1 20 110
16 88 71 80 4 0 15 0.20 0.0 0 8.1 21 150 M M 4 13 24 150
17 87 67 77 1 0 12 0.55 0.0 0 8.8 24 230 M M 3 138 34 220
18 83 65 74 -2 0 9 0.00 0.0 0 9.3 20 80 M M 1 33 60
19 81 66 74 -3 0 9 0.00 0.0 0 9.3 17 90 M M 3 8 24 90
20 85 70 78 1 0 13 0.00 0.0 0 9.8 18 60 M M 3 8 25 110
21 83 70 77 0 0 12 0.51 0.0 0 5.6 18 40 M M 4 38 25 330
22 89 70 80 3 0 15 0.77 0.0 0 5.1 26 50 M M 3 3 31 50
23 87 71 79 2 0 14 0.00 0.0 0 6.1 17 100 M M 2 8 21 110
24 82 69 76 -1 0 11 1.33 0.0 0 7.6 21 50 M M 5 1238 29 360
25 87 71 79 2 0 14 T 0.0 0 8.3 16 180 M M 2 138 21 120
26 88 69 79 2 0 14 0.10 0.0 0 6.0 23 50 M M 2 3 28 50
27 88 70 79 1 0 14 0.00 0.0 0 8.3 21 150 M M 1 29 140
28 89 71 80 2 0 15 T M M 7.9 25 130 M M 2 3 30 120
29 90 74 82 4 0 17 0.16 0.0 0 11.5 26 180 M M 3 13 33 190
30 85 71 78 0 0 13 0.25 0.0 0 16.1 30 280 M M 2 138 38 280
================================================================================
SM 2575 2120 0 405 12.02 0.0 272.2 M 93
================================================================================
AV 85.8 70.7 9.1 FASTST M M 3 MAX(MPH)
MISC ----> 30 280 38 280
================================================================================
NOTES:
# LAST OF SEVERAL OCCURRENCES
COLUMN 17 PEAK WIND IN M.P.H.
PRELIMINARY LOCAL CLIMATOLOGICAL DATA (WS FORM: F-6) , PAGE 2
STATION: OPA-LOCKA ARPT
MONTH: APRIL
YEAR: 2023
LATITUDE: 25 53 N
LONGITUDE: 80 17 W
[TEMPERATURE DATA] [PRECIPITATION DATA] SYMBOLS USED IN COLUMN 16
AVERAGE MONTHLY: 78.3 TOTAL FOR MONTH: 12.02 1 = FOG OR MIST
DPTR FM NORMAL: 2.2 DPTR FM NORMAL: 9.08 2 = FOG REDUCING VISIBILITY
HIGHEST: 90 ON 29,15 GRTST 24HR 5.15 ON 10-11 TO 1/4 MILE OR LESS
LOWEST: 65 ON 18 3 = THUNDER
SNOW, ICE PELLETS, HAIL 4 = ICE PELLETS
TOTAL MONTH: 0.0 INCH 5 = HAIL
GRTST 24HR 0.0 6 = FREEZING RAIN OR DRIZZLE
GRTST DEPTH: 0 7 = DUSTSTORM OR SANDSTORM:
VSBY 1/2 MILE OR LESS
8 = SMOKE OR HAZE
[NO. OF DAYS WITH] [WEATHER - DAYS WITH] 9 = BLOWING SNOW
X = TORNADO
MAX 32 OR BELOW: 0 0.01 INCH OR MORE: 13
MAX 90 OR ABOVE: 3 0.10 INCH OR MORE: 13
MIN 32 OR BELOW: 0 0.50 INCH OR MORE: 7
MIN 0 OR BELOW: 0 1.00 INCH OR MORE: 4
[HDD (BASE 65) ]
TOTAL THIS MO. 0 CLEAR (SCALE 0-3) 21
DPTR FM NORMAL -1 PTCLDY (SCALE 4-7) 6
TOTAL FM JUL 1 78 CLOUDY (SCALE 8-10) 3
DPTR FM NORMAL -42
[CDD (BASE 65) ]
TOTAL THIS MO. 405
DPTR FM NORMAL 69 [PRESSURE DATA]
TOTAL FM JAN 1 1208 HIGHEST SLP 30.19 ON 6
DPTR FM NORMAL 324 LOWEST SLP 29.74 ON 30
[REMARKS]
#FINAL-04-23#