000
CXUS56 KLOX 011155
CF6OXR
PRELIMINARY LOCAL CLIMATOLOGICAL DATA (WS FORM: F-6)
STATION: OXNARD AIRPORT CA
MONTH: MAY
YEAR: 2021
LATITUDE: 34 12 N
LONGITUDE: 119 12 W
TEMPERATURE IN F: :PCPN: SNOW: WIND :SUNSHINE: SKY :PK WND
================================================================================
1 2 3 4 5 6A 6B 7 8 9 10 11 12 13 14 15 16 17 18
12Z AVG MX 2MIN
DY MAX MIN AVG DEP HDD CDD WTR SNW DPTH SPD SPD DIR MIN PSBL S-S WX SPD DR
================================================================================
1 63 51 57 -3 8 0 0.00 M M 5.5 17 280 M M 1 23 290
2 64 53 59 -1 6 0 0.00 M M 6.8 14 240 M M 2 8 20 260
3 66 50 58 -2 7 0 0.00 M M 7.4 17 270 M M 0 18 M M
4 69 51 60 0 5 0 0.00 M M 5.5 14 270 M M 1 1 M M
5 66 54 60 0 5 0 0.00 M M 6.1 12 270 M M 7 128 M M
6 63 54 59 -1 6 0 0.00 M M 5.0 14 270 M M 9 1 18 270
7 65 54 60 0 5 0 0.00 M M 6.8 18 280 M M 6 M M
8 67 49 58 -3 7 0 0.00 M M 4.7 14 260 M M 3 20 220
9 67 51 59 -2 6 0 0.00 M M 6.1 16 270 M M 7 28 270
10 66 57 62 1 3 0 0.00 M M 7.6 13 280 M M 9 1 24 210
11 67 57 62 1 3 0 0.00 M M 8.6 17 280 M M 6 1 26 240
12 63 58 61 0 4 0 0.00 M M 4.7 12 250 M M 10 M M
13 65 57 61 0 4 0 0.00 M M 7.2 12 260 M M 10 1 20 240
14 64 55 60 -1 5 0 0.00 M M 7.0 10 280 M M 10 1 M M
15 66 57 62 1 3 0 0.00 M M 12.2 18 270 M M 6 M M
16 66 57 62 1 3 0 0.00 M M 11.8 15 260 M M 9 M M
17 66 57 62 1 3 0 0.00 M M 10.8 17 280 M M 6 28 260
18 66 57 62 1 3 0 0.00 M M 5.4 10 240 M M 5 M M
19 122 53 88 27 0 23 0.00 M M 9.0 17 260 M M 2 26 260
20 69 52 61 -1 4 0 0.00 M M 9.7 23 260 M M 1 8 30 260
21 65 49 57 -5 8 0 0.00 M M 18.9 33 280 M M 0 43 280
22 65 48 57 -5 8 0 0.00 M M 7.6 18 280 M M 2 21 260
23 64 49 57 -5 8 0 0.00 M M 7.6 20 270 M M 0 25 270
24 71 51 61 -1 4 0 0.00 M M 7.4 17 270 M M 0 8 20 270
25 72 54 63 1 2 0 0.00 M M 5.4 12 270 M M 0 1 M M
26 68 54 61 -1 4 0 0.00 M M 8.7 17 290 M M 1 1 M M
27 65 54 60 -2 5 0 0.00 M M 6.0 16 280 M M 5 M M
28 66 51 59 -3 6 0 0.00 M M 6.5 16 270 M M 4 8 18 270
29 65 55 60 -2 5 0 0.00 M M 8.3 18 270 M M 6 23 270
30 67 53 60 -2 5 0 0.00 M M 5.5 14 260 M M 3 19 270
31 67 56 62 0 3 0 0.00 M M 5.2 12 290 M M 8 1 M 90
================================================================================
SM 2105 1658 148 23 0.00 M 235.0 M 139
================================================================================
AV 67.9 53.5 7.6 FASTST M M 4 MAX(MPH)
MISC ----> 33 280 43 280
================================================================================
NOTES:
# LAST OF SEVERAL OCCURRENCES
COLUMN 17 PEAK WIND IN M.P.H.
PRELIMINARY LOCAL CLIMATOLOGICAL DATA (WS FORM: F-6) , PAGE 2
STATION: OXNARD AIRPORT CA
MONTH: MAY
YEAR: 2021
LATITUDE: 34 12 N
LONGITUDE: 119 12 W
[TEMPERATURE DATA] [PRECIPITATION DATA] SYMBOLS USED IN COLUMN 16
AVERAGE MONTHLY: 60.7 TOTAL FOR MONTH: 0.00 1 = FOG OR MIST
DPTR FM NORMAL: -0.5 DPTR FM NORMAL: -0.34 2 = FOG REDUCING VISIBILITY
HIGHEST: 122 ON 19 GRTST 24HR 0.00 ON 1- 1 TO 1/4 MILE OR LESS
LOWEST: 48 ON 22 3 = THUNDER
SNOW, ICE PELLETS, HAIL 4 = ICE PELLETS
TOTAL MONTH: M 5 = HAIL
GRTST 24HR M ON M 6 = FREEZING RAIN OR DRIZZLE
GRTST DEPTH: M ON M 7 = DUSTSTORM OR SANDSTORM:
VSBY 1/2 MILE OR LESS
8 = SMOKE OR HAZE
[NO. OF DAYS WITH] [WEATHER - DAYS WITH] 9 = BLOWING SNOW
X = TORNADO
MAX 32 OR BELOW: 0 0.01 INCH OR MORE: 0
MAX 90 OR ABOVE: 1 0.10 INCH OR MORE: 0
MIN 32 OR BELOW: 0 0.50 INCH OR MORE: 0
MIN 0 OR BELOW: 0 1.00 INCH OR MORE: 0
[HDD (BASE 65) ]
TOTAL THIS MO. 148 CLEAR (SCALE 0-3) 13
DPTR FM NORMAL 25 PTCLDY (SCALE 4-7) 11
TOTAL FM JUL 1 1879 CLOUDY (SCALE 8-10) 7
DPTR FM NORMAL 239
[CDD (BASE 65) ]
TOTAL THIS MO. 23
DPTR FM NORMAL 19 [PRESSURE DATA]
TOTAL FM JAN 1 49 HIGHEST SLP 30.13 ON 23
DPTR FM NORMAL 24 LOWEST SLP 29.79 ON 2
[REMARKS]
#FINAL-05-21#