000
CXUS55 KBYZ 011100
CF6SHR
PRELIMINARY LOCAL CLIMATOLOGICAL DATA (WS FORM: F-6)
STATION: SHERIDAN WY
MONTH: FEBRUARY
YEAR: 2022
LATITUDE: 44 46 N
LONGITUDE: 106 58 W
TEMPERATURE IN F: :PCPN: SNOW: WIND :SUNSHINE: SKY :PK WND
================================================================================
1 2 3 4 5 6A 6B 7 8 9 10 11 12 13 14 15 16 17 18
12Z AVG MX 2MIN
DY MAX MIN AVG DEP HDD CDD WTR SNW DPTH SPD SPD DIR MIN PSBL S-S WX SPD DR
================================================================================
1 25 8 17 -7 48 0 0.01 M M 8.3 21 300 M M 6 8 24 300
2 10 -8 1 -23 64 0 0.08 M M 5.6 20 320 M M 7 8 24 340
3 32 -9 12 -12 53 0 0.00 M M 5.6 23 330 M M 2 26 320
4 48 12 30 6 35 0 0.00 M M 5.7 20 270 M M 3 24 270
5 48 33 41 17 24 0 0.05 M M 22.2 38 310 M M 6 12 47 320
6 47 24 36 12 29 0 0.00 M M 6.2 21 330 M M 2 24 340
7 64 22 43 19 22 0 0.00 M M 6.7 31 320 M M 0 39 330
8 51 33 42 17 23 0 0.00 M M 15.5 29 330 M M 1 35 310
9 53 30 42 17 23 0 0.01 M M 10.7 39 330 M M 9 8 51 350
10 64 28 46 21 19 0 0.05 M M 14.4 36 320 M M 3 1 44 320
11 35 17 26 1 39 0 0.06 M M 20.4 36 300 M M 9 128 41 300
12 46 13 30 5 35 0 0.00 M M 7.7 23 320 M M 5 29 330
13 54 19 37 12 28 0 0.00 M M 4.4 28 330 M M 0 34 320
14 44 19 32 7 33 0 0.00 M M 2.6 9 20 M M 0 11 290
15 40 26 33 7 32 0 0.14 M M 9.0 25 320 M M 7 18 31 330
16 29 2 16 -10 49 0 0.17 M M 7.1 21 320 M M 9 128 26 20
17 41 -1 20 -6 45 0 0.00 M M 5.5 28 320 M M 5 35 330
18 43 28 36 10 29 0 T M M 10.3 32 310 M M 10 1 38 310
19 60 21 41 14 24 0 0.00 M M 9.1 30 260 M M 1 1 40 280
20 51 9 30 3 35 0 0.11 M M 10.9 31 300 M M 6 12 37 310
21 10 -3 4 -23 61 0 0.15 M M 13.6 23 330 M M 10 18 26 310
22 0 -19 -9 -36 74 0 0.05 M M 4.3 8 280 M M 7 8 12 290
23 1 -23 -11 -39 76 0 0.00 M M 2.7 8 310 M M 0 8 10 310
24 19 -16 2 -26 63 0 0.00 M M 2.7 13 320 M M 2 15 320
25 25 -2 12 -16 53 0 0.00 M M 4.1 14 150 M M 1 17 150
26 39 -2 19 -10 46 0 0.00 M M 3.6 13 200 M M 0 13 200
27 51 10 31 2 34 0 0.00 M M 4.0 13 270 M M 0 15 180
28 60 25 43 13 22 0 0.00 M M 3.8 17 240 M M 4 20 240
================================================================================
SM 1090 296 1118 0 0.88 M 226.7 M 115
================================================================================
AV 38.9 10.6 8.1 FASTST M M 4 MAX(MPH)
MISC ----> 39 330 51 350
================================================================================
NOTES:
# LAST OF SEVERAL OCCURRENCES
COLUMN 17 PEAK WIND IN M.P.H.
PRELIMINARY LOCAL CLIMATOLOGICAL DATA (WS FORM: F-6) , PAGE 2
STATION: SHERIDAN WY
MONTH: FEBRUARY
YEAR: 2022
LATITUDE: 44 46 N
LONGITUDE: 106 58 W
[TEMPERATURE DATA] [PRECIPITATION DATA] SYMBOLS USED IN COLUMN 16
AVERAGE MONTHLY: 24.8 TOTAL FOR MONTH: 0.88 1 = FOG OR MIST
DPTR FM NORMAL: -1.2 DPTR FM NORMAL: 0.23 2 = FOG REDUCING VISIBILITY
HIGHEST: 64 ON 10, 7 GRTST 24HR 0.29 ON 15-16 TO 1/4 MILE OR LESS
LOWEST: -23 ON 23 3 = THUNDER
SNOW, ICE PELLETS, HAIL 4 = ICE PELLETS
TOTAL MONTH: M 5 = HAIL
GRTST 24HR M ON M 6 = FREEZING RAIN OR DRIZZLE
GRTST DEPTH: M ON M 7 = DUSTSTORM OR SANDSTORM:
VSBY 1/2 MILE OR LESS
8 = SMOKE OR HAZE
[NO. OF DAYS WITH] [WEATHER - DAYS WITH] 9 = BLOWING SNOW
X = TORNADO
MAX 32 OR BELOW: 9 0.01 INCH OR MORE: 11
MAX 90 OR ABOVE: 0 0.10 INCH OR MORE: 4
MIN 32 OR BELOW: 26 0.50 INCH OR MORE: 0
MIN 0 OR BELOW: 9 1.00 INCH OR MORE: 0
[HDD (BASE 65) ]
TOTAL THIS MO. 1118 CLEAR (SCALE 0-3) 12
DPTR FM NORMAL 28 PTCLDY (SCALE 4-7) 11
TOTAL FM JUL 1 4771 CLOUDY (SCALE 8-10) 5
DPTR FM NORMAL -677
[CDD (BASE 65) ]
TOTAL THIS MO. 0
DPTR FM NORMAL 0 [PRESSURE DATA]
TOTAL FM JAN 1 0 HIGHEST SLP 30.78 ON 22
DPTR FM NORMAL 0 LOWEST SLP 29.58 ON 19
[REMARKS]
#FINAL-02-22#