000
CXUS56 KSLC 010750
CF6SLC
PRELIMINARY LOCAL CLIMATOLOGICAL DATA (WS FORM: F-6)
STATION: SALT LAKE CITY UT
MONTH: JUNE
YEAR: 2021
LATITUDE: 40 46 N
LONGITUDE: 111 58 W
TEMPERATURE IN F: :PCPN: SNOW: WIND :SUNSHINE: SKY :PK WND
================================================================================
1 2 3 4 5 6A 6B 7 8 9 10 11 12 13 14 15 16 17 18
12Z AVG MX 2MIN
DY MAX MIN AVG DEP HDD CDD WTR SNW DPTH SPD SPD DIR MIN PSBL S-S WX SPD DR
================================================================================
1 88 59 74 7 0 9 0.00 0.0 0 5.8 17 10 M M 1 21 10
2 91 62 77 10 0 12 0.00 0.0 0 6.5 16 320 M M 0 21 290
3 97 65 81 14 0 16 0.00 0.0 0 5.3 15 320 M M 0 19 300
4 100 68 84 16 0 19 0.00 0.0 0 8.2 22 320 M M 3 30 310
5 97 69 83 15 0 18 T 0.0 0 5.7 32 270 M M 3 38 54 270
6 92 66 79 11 0 14 0.00 0.0 0 9.0 25 160 M M 1 33 160
7 94 64 79 10 0 14 0.00 0.0 0 10.8 25 150 M M 0 32 150
8 90 73 82 13 0 17 0.00 0.0 0 16.5 30 170 M M 0 37 180
9 91 71 81 12 0 16 0.00 0.0 0 18.3 28 150 M M 0 36 150
10 79 52 66 -4 0 1 0.00 0.0 0 17.6 31 290 M M 3 37 290
11 79 46 63 -7 2 0 0.00 0.0 0 6.0 14 320 M M 0 19 340
12 91 55 73 3 0 8 0.00 0.0 0 6.9 17 330 M M 0 20 320
13 102 61 82 11 0 17 0.00 0.0 0 7.7 20 270 M M 0 26 190
14 103 71 87 16 0 22 0.00 0.0 0 12.7 23 150 M M 0 30 140
15 107 75 91 20 0 26 0.00 0.0 0 12.2 26 230 M M 1 37 190
16 97 71 84 12 0 19 0.00 0.0 0 6.7 13 320 M M 1 19 300
17 96 69 83 11 0 18 0.00 0.0 0 4.9 13 300 M M 1 17 300
18 101 68 85 13 0 20 0.00 0.0 0 6.1 16 170 M M 0 27 170
19 100 78 89 16 0 24 T 0.0 0 6.9 24 10 M M 1 37 360
20 96 70 83 10 0 18 0.00 0.0 0 9.2 23 320 M M 0 29 310
21 95 64 80 6 0 15 0.00 0.0 0 5.6 15 290 M M 0 22 340
22 100 72 86 12 0 21 0.00 0.0 0 11.9 28 160 M M 0 34 150
23 95 75 85 11 0 20 0.00 0.0 0 9.2 25 150 M M 1 32 150
24 82 64 73 -2 0 8 0.10 0.0 0 7.0 22 180 M M 6 3 28 170
25 87 64 76 1 0 11 T 0.0 0 6.9 18 340 M M 4 23 320
26 89 63 76 1 0 11 0.00 0.0 0 7.2 21 290 M M 3 29 10
27 91 70 81 5 0 16 0.00 0.0 0 11.2 22 290 M M 1 28 290
28 93 71 82 6 0 17 0.00 0.0 0 10.8 23 30 M M 1 29 30
29 95 73 84 7 0 19 T 0.0 0 9.5 25 180 M M 2 3 32 180
30 90 72 81 4 0 16 0.00 0.0 0 10.0 22 170 M M 2 28 170
================================================================================
SM 2808 2001 2 462 0.10 0.0 272.3 M 35
================================================================================
AV 93.6 66.7 9.1 FASTST M M 1 MAX(MPH)
MISC ----> 32 270 54 270
================================================================================
NOTES:
# LAST OF SEVERAL OCCURRENCES
COLUMN 17 PEAK WIND IN M.P.H.
PRELIMINARY LOCAL CLIMATOLOGICAL DATA (WS FORM: F-6) , PAGE 2
STATION: SALT LAKE CITY UT
MONTH: JUNE
YEAR: 2021
LATITUDE: 40 46 N
LONGITUDE: 111 58 W
[TEMPERATURE DATA] [PRECIPITATION DATA] SYMBOLS USED IN COLUMN 16
AVERAGE MONTHLY: 80.1 TOTAL FOR MONTH: 0.10 1 = FOG OR MIST
DPTR FM NORMAL: 8.5 DPTR FM NORMAL: -0.85 2 = FOG REDUCING VISIBILITY
HIGHEST: 107 ON 15 GRTST 24HR 0.10 ON 24-24 TO 1/4 MILE OR LESS
LOWEST: 46 ON 11 3 = THUNDER
SNOW, ICE PELLETS, HAIL 4 = ICE PELLETS
TOTAL MONTH: 0.0 INCH 5 = HAIL
GRTST 24HR 0.0 6 = FREEZING RAIN OR DRIZZLE
GRTST DEPTH: 0 7 = DUSTSTORM OR SANDSTORM:
VSBY 1/2 MILE OR LESS
8 = SMOKE OR HAZE
[NO. OF DAYS WITH] [WEATHER - DAYS WITH] 9 = BLOWING SNOW
X = TORNADO
MAX 32 OR BELOW: 0 0.01 INCH OR MORE: 1
MAX 90 OR ABOVE: 24 0.10 INCH OR MORE: 1
MIN 32 OR BELOW: 0 0.50 INCH OR MORE: 0
MIN 0 OR BELOW: 0 1.00 INCH OR MORE: 0
[HDD (BASE 65) ]
TOTAL THIS MO. 2 CLEAR (SCALE 0-3) 28
DPTR FM NORMAL -34 PTCLDY (SCALE 4-7) 2
TOTAL FM JUL 1 5027 CLOUDY (SCALE 8-10) 0
DPTR FM NORMAL -125
[CDD (BASE 65) ]
TOTAL THIS MO. 462
DPTR FM NORMAL 228 [PRESSURE DATA]
TOTAL FM JAN 1 528 HIGHEST SLP M ON M
DPTR FM NORMAL 226 LOWEST SLP 29.43 ON 6
[REMARKS]
#FINAL-06-21#