000
CXUS56 KLKN 040651
CF6WMC
PRELIMINARY LOCAL CLIMATOLOGICAL DATA (WS FORM: F-6)
STATION: WINNEMUCCA AIRPORT NV
MONTH: JANUARY
YEAR: 2022
LATITUDE: 40 54 N
LONGITUDE: 117 48 W
TEMPERATURE IN F: :PCPN: SNOW: WIND :SUNSHINE: SKY :PK WND
================================================================================
1 2 3 4 5 6A 6B 7 8 9 10 11 12 13 14 15 16 17 18
12Z AVG MX 2MIN
DY MAX MIN AVG DEP HDD CDD WTR SNW DPTH SPD SPD DIR MIN PSBL S-S WX SPD DR
================================================================================
1 23 -3 10 -20 55 0 0.00 0.0 6 5.8 14 60 M M 0 20 50
2 26 -3 12 -18 53 0 0.00 0.0 6 8.1 15 40 M M 0 21 50
3 46 5 26 -4 39 0 0.00 0.0 6 15.5 41 230 M M 0 61 230
4 45 38 42 11 23 0 0.00 0.0 4 9.9 21 240 M M 6 35 230
5 52 41 47 16 18 0 0.00 0.0 2 12.4 28 260 M M 6 38 270
6 57 37 47 16 18 0 0.00 0.0 T 11.6 21 180 M M 4 27 180
7 53 35 44 13 21 0 T 0.0 0 11.3 24 270 M M 4 32 240
8 45 28 37 6 28 0 0.00 0.0 0 3.9 13 60 M M 1 18 60
9 44 25 35 4 30 0 0.00 0.0 0 9.8 15 50 M M 0 20 60
10 43 24 34 3 31 0 0.00 0.0 0 3.4 10 80 M M 2 13 60
11 45 24 35 3 30 0 0.00 0.0 0 3.0 10 120 M M 0 13 60
12 52 25 39 7 26 0 0.00 0.0 0 5.4 15 60 M M 0 22 50
13 57 25 41 9 24 0 0.00 0.0 0 5.2 14 320 M M 0 20 220
14 47 25 36 4 29 0 0.00 0.0 0 9.2 18 40 M M 1 26 30
15 49 22 36 4 29 0 0.00 0.0 0 4.6 12 60 M M 0 15 70
16 48 19 34 2 31 0 0.00 0.0 0 2.8 12 70 M M 0 14 60
17 46 17 32 0 33 0 0.00 0.0 0 1.1 7 120 M M 1 12 9 330
18 48 20 34 1 31 0 0.00 0.0 0 2.7 8 170 M M 1 9 160
19 49 19 34 1 31 0 0.00 0.0 0 3.0 9 150 M M 0 12 360
20 52 21 37 4 28 0 0.00 0.0 0 4.0 16 180 M M 2 20 180
21 45 28 37 4 28 0 0.00 0.0 0 8.1 17 350 M M 3 24 340
22 47 23 35 2 30 0 0.00 0.0 0 10.4 21 20 M M 0 27 30
23 48 19 34 1 31 0 0.00 0.0 0 2.8 9 70 M M 0 13 70
24 51 15 33 0 32 0 0.00 0.0 0 3.6 14 290 M M 0 18 30
25 44 21 33 -1 32 0 0.00 0.0 0 6.8 16 290 M M 0 20 300
26 46 14 30 -4 35 0 0.00 0.0 0 3.7 10 70 M M 0 14 60
27 47 12 30 -4 35 0 0.00 0.0 0 8.2 20 30 M M 0 27 60
28 49 13 31 -3 34 0 0.00 0.0 0 8.1 18 40 M M 0 25 30
29 52 8 30 -4 35 0 0.00 0.0 0 2.8 10 150 M M 0 13 150
30 50 8 29 -5 36 0 0.00 0.0 0 4.8 16 190 M M 0 21 200
31 48 22 35 1 30 0 0.00 0.0 0 7.2 17 30 M M 0 22 40
================================================================================
SM 1454 627 966 0 T 0.0 199.2 M 31
================================================================================
AV 46.9 20.2 6.4 FASTST M M 1 MAX(MPH)
MISC ----> 41 230 61 230
================================================================================
NOTES:
# LAST OF SEVERAL OCCURRENCES
COLUMN 17 PEAK WIND IN M.P.H.
PRELIMINARY LOCAL CLIMATOLOGICAL DATA (WS FORM: F-6) , PAGE 2
STATION: WINNEMUCCA AIRPORT NV
MONTH: JANUARY
YEAR: 2022
LATITUDE: 40 54 N
LONGITUDE: 117 48 W
[TEMPERATURE DATA] [PRECIPITATION DATA] SYMBOLS USED IN COLUMN 16
AVERAGE MONTHLY: 33.6 TOTAL FOR MONTH: T 1 = FOG OR MIST
DPTR FM NORMAL: 1.4 DPTR FM NORMAL: -0.96 2 = FOG REDUCING VISIBILITY
HIGHEST: 57 ON 13, 6 GRTST 24HR T ON 31- 1 TO 1/4 MILE OR LESS
LOWEST: -3 ON 2, 1 3 = THUNDER
SNOW, ICE PELLETS, HAIL 4 = ICE PELLETS
TOTAL MONTH: T 5 = HAIL
GRTST 24HR 0.0 6 = FREEZING RAIN OR DRIZZLE
GRTST DEPTH: 6 ON 3, 2 7 = DUSTSTORM OR SANDSTORM:
VSBY 1/2 MILE OR LESS
8 = SMOKE OR HAZE
[NO. OF DAYS WITH] [WEATHER - DAYS WITH] 9 = BLOWING SNOW
X = TORNADO
MAX 32 OR BELOW: 2 0.01 INCH OR MORE: 0
MAX 90 OR ABOVE: 0 0.10 INCH OR MORE: 0
MIN 32 OR BELOW: 27 0.50 INCH OR MORE: 0
MIN 0 OR BELOW: 2 1.00 INCH OR MORE: 0
[HDD (BASE 65) ]
TOTAL THIS MO. 966 CLEAR (SCALE 0-3) 26
DPTR FM NORMAL -49 PTCLDY (SCALE 4-7) 5
TOTAL FM JUL 1 3301 CLOUDY (SCALE 8-10) 0
DPTR FM NORMAL -206
[CDD (BASE 65) ]
TOTAL THIS MO. 0
DPTR FM NORMAL 0 [PRESSURE DATA]
TOTAL FM JAN 1 0 HIGHEST SLP 30.66 ON 28
DPTR FM NORMAL 0 LOWEST SLP 29.66 ON 7
[REMARKS]
#FINAL-01-22#