000
CXUS55 KPIH 281200
CF6BYI

PRELIMINARY LOCAL CLIMATOLOGICAL DATA (WS FORM: F-6)

                                          STATION:   BURLEY ID
                                          MONTH:     APRIL
                                          YEAR:      2016
                                          LATITUDE:   42 32 N
                                          LONGITUDE: 113 46 W

  TEMPERATURE IN F:       :PCPN:    SNOW:  WIND      :SUNSHINE: SKY     :PK WND
================================================================================
1   2   3   4   5  6A  6B    7    8   9   10  11  12  13   14  15   16   17  18
                                     12Z  AVG MX 2MIN
DY MAX MIN AVG DEP HDD CDD  WTR  SNW DPTH SPD SPD DIR MIN PSBL S-S WX    SPD DR
================================================================================

 1  59  32  46   3  19   0 0.00    M    M  5.0 12  90   M    M   1        14  90
 2  68  35  52   9  13   0 0.00    M    M  7.0 16 190   M    M   0        20 200
 3  69  38  54  11  11   0 0.00    M    M  7.0 16 210   M    M   2        21 210
 4  64  34  49   5  16   0 0.03    M    M 11.5 29 280   M    M   6        42 270
 5  53  30  42  -2  23   0 0.00    M    M 13.5 28 260   M    M   1        36 250
 6  67  34  51   7  14   0 0.00    M    M 10.1 20 250   M    M   0        24 250
 7  72  33  53   9  12   0 0.00    M    M  4.5 13 220   M    M   0        15  70
 8  76  43  60  16   5   0 0.00    M    M  9.6 22  60   M    M   0        26  70
 9  74  40  57  13   8   0 0.10    M    M  9.8 25 200   M    M   0 8      31 210
10  67  49  58  13   7   0 0.01    M    M  8.7 20 220   M    M   3        25 230
11  71  43  57  12   8   0 0.00    M    M  8.0 20 200   M    M   2        25 200
12  70  42  56  11   9   0 0.07    M    M  7.7 21 270   M    M   5 1      28 260
13  59  42  51   6  14   0 0.02    M    M  8.4 24 270   M    M   6 1      34 280
14  54  38  46   0  19   0 0.11    M    M 14.9 29 290   M    M   5 1      40 290
15  54  34  44  -2  21   0 0.05    M    M 11.0 21 340   M    M   6        28 270
16  59  30  45  -1  20   0 0.00    M    M  3.6 14 290   M    M   0        20 240
17  65  35  50   4  15   0 0.00    M    M  6.6 21  80   M    M   0        27  60
18  63  33  48   2  17   0 0.00    M    M  6.3 20  80   M    M   0        25  90
19  70  34  52   5  13   0 0.00    M    M  5.8 15 250   M    M   0        20 240
20  76  36  56   9   9   0 0.00    M    M  3.6 13 210   M    M   0        15 210
21  82  42  62  15   3   0 0.00    M    M  6.6 18 200   M    M   0        31 220
22  77  51  64  16   1   0    T    M    M 12.3 26 190   M    M   0        33 190
23  51  41  46  -2  19   0 0.24    M    M 15.0 25 270   M    M   9 1      36 270
24  58  42  50   2  15   0 0.00    M    M 14.0 25 250   M    M   4        32 250
25  48  40  44  -4  21   0 0.20    M    M  9.8 22 260   M    M  10 1      28 260
26  55  39  47  -1  18   0    T    M    M 14.6 26 240   M    M   9        32 270
27  58  41  50   1  15   0    T    M    M  5.2 20 250   M    M   6        23 250
================================================================================
SM 1739 1031       365   0  0.83    M    240.1          M       75
================================================================================
AV 64.4 38.2                               8.9 FASTST   M    M   3    MAX(MPH)
                                 MISC ---->  # 29 280               # 42  270
================================================================================
NOTES:
# LAST OF SEVERAL OCCURRENCES
PRECIPITATION SUSPECT DURING FREEZING/FROZEN EVENTS

COLUMN 17 PEAK WIND IN M.P.H.

PRELIMINARY LOCAL CLIMATOLOGICAL DATA (WS FORM: F-6) , PAGE 2

                                          STATION:  BURLEY ID
                                          MONTH:    APRIL
                                          YEAR:     2016
                                          LATITUDE:   42 32 N
                                          LONGITUDE: 113 46 W

[TEMPERATURE DATA]      [PRECIPITATION DATA]       SYMBOLS USED IN COLUMN 16

AVERAGE MONTHLY: 51.3   TOTAL FOR MONTH:   0.83    1 = FOG OR MIST
DPTR FM NORMAL:   5.6   DPTR FM NORMAL:   -0.12    2 = FOG REDUCING VISIBILITY
HIGHEST:    82 ON 21    GRTST 24HR  0.24 ON 23-23      TO 1/4 MILE OR LESS
LOWEST:     30 ON 16, 5                            3 = THUNDER
                        SNOW, ICE PELLETS, HAIL    4 = ICE PELLETS
                        TOTAL MONTH:    M          5 = HAIL
                        GRTST 24HR    M  ON   M    6 = FREEZING RAIN OR DRIZZLE
                        GRTST DEPTH:  M  ON   M    7 = DUSTSTORM OR SANDSTORM:
                                                       VSBY 1/2 MILE OR LESS
                                                   8 = SMOKE OR HAZE
[NO. OF DAYS WITH]      [WEATHER - DAYS WITH]      9 = BLOWING SNOW
                                                   X = TORNADO
MAX 32 OR BELOW:   0    0.01 INCH OR MORE:   9
MAX 90 OR ABOVE:   0    0.10 INCH OR MORE:   4
MIN 32 OR BELOW:   3    0.50 INCH OR MORE:   0
MIN  0 OR BELOW:   0    1.00 INCH OR MORE:   0

[HDD (BASE 65) ]
TOTAL THIS MO.   365    CLEAR  (SCALE 0-3)  17
DPTR FM NORMAL  -156    PTCLDY (SCALE 4-7)   7
TOTAL FM JUL 1  5563    CLOUDY (SCALE 8-10)  3
DPTR FM NORMAL  -777

[CDD (BASE 65) ]
TOTAL THIS MO.     0
DPTR FM NORMAL     0    [PRESSURE DATA]
TOTAL FM JAN 1     0    HIGHEST SLP M ON M
DPTR FM NORMAL     0    LOWEST  SLP 29.52 ON 22

[REMARKS]
