099
CXUS53 KOAX 281000
CF6FNB
PRELIMINARY LOCAL CLIMATOLOGICAL DATA (WS FORM: F-6)

                                          STATION:   FALLS CITY, NEBRASKA
                                          MONTH:     MAY
                                          YEAR:      2016
                                          LATITUDE:   40  4 N
                                          LONGITUDE:  95 35 W

  TEMPERATURE IN F:       :PCPN:    SNOW:  WIND      :SUNSHINE: SKY     :PK WND
================================================================================
1   2   3   4   5  6A  6B    7    8   9   10  11  12  13   14  15   16   17  18
                                     12Z  AVG MX 2MIN
DY MAX MIN AVG DEP HDD CDD  WTR  SNW DPTH SPD SPD DIR MIN PSBL S-S WX    SPD DR
================================================================================

 1  54  47  51  -8  14   0    T    M    M  7.6 16 340   M    M  10 1      26 350
 2  64  46  55  -4  10   0 0.00    M    M  4.2 10 360   M    M   7        15  20
 3  70  42  56  -4   9   0 0.00    M    M  6.3 15 260   M    M   2        22 290
 4  70  48  59  -1   6   0 0.00    M    M 10.6 20 340   M    M   0        29  20
 5  76  42  59  -1   6   0 0.00    M    M  4.0 10 120   M    M   0        12 120
 6  85  50  68   8   0   3 0.00    M    M  8.6 21 210   M    M   0        27 210
 7  84  62  73  12   0   8    T    M    M  9.1 18  60   M    M   1 8      23  60
 8  71  56  64   3   1   0 0.01    M    M 11.2 39 110   M    M   5 8      46 120
 9  76  55  66   4   0   1 0.90    M    M 12.0 38 320   M    M   7 13     52 320
10  79  54  67   5   0   2 0.00    M    M  4.5 10 110   M    M   4        14 110
11  71  56  64   2   1   0 0.99    M    M 10.1 20 320   M    M   4 13     26 320
12  71  50  61  -1   4   0 0.00    M    M 10.0 24 290   M    M   1        30 300
13  82  45  64   1   1   0 0.02    M    M 13.7 33 220   M    M   2 3      41 220
14  62  40  51 -12  14   0 0.00    M    M 11.8 22 320   M    M   2        27 320
15  69  37  53 -11  12   0    T    M    M  5.7 22 220   M    M   2        29 220
16  54  49  52 -12  13   0 0.52    M    M  9.9 16  90   M    M   9 1      21 120
17  66  49  58  -6   7   0    T    M    M  6.9 13  30   M    M   7        17  40
18  70  45  58  -6   7   0 0.00    M    M  4.3 13 220   M    M   3 1      17 200
19  70  49  60  -5   5   0    T    M    M  6.6 20 200   M    M   9        24 200
20  69  52  61  -4   4   0 0.03    M    M  7.0 16 150   M    M   9 1      25 150
21  76  49  63  -3   2   0 0.03    M    M  6.9 18 110   M    M   2        26  90
22  83  53  68   2   0   3 0.00    M    M 13.7 23 150   M    M   3        30 140
23  76  64  70   4   0   5    T    M    M 12.3 32 150   M    M   3        42 150
24  85  63  74   8   0   9 0.11    M    M  9.0 29 150   M    M   3 3      35 150
25  81  63  72   5   0   7 0.29    M    M  8.7 24 270   M    M   6 13     30 180
26  79  62  71   4   0   6 1.12    M    M 10.1 36 200   M    M   5 13     49 200
27  80  61  71   4   0   6 0.66    M    M  5.5 22 230   M    M   6 138    29 220
================================================================================
SM 1973 1389       116  50  4.68    M    230.3          M      112
================================================================================
AV 73.1 51.4                               8.5 FASTST   M    M   4    MAX(MPH)
                                 MISC ---->  # 39 110               # 52  320
================================================================================
NOTES:
# LAST OF SEVERAL OCCURRENCES

COLUMN 17 PEAK WIND IN M.P.H.

PRELIMINARY LOCAL CLIMATOLOGICAL DATA (WS FORM: F-6) , PAGE 2

                                          STATION:  FALLS CITY, NEBRASKA
                                          MONTH:    MAY
                                          YEAR:     2016
                                          LATITUDE:   40  4 N
                                          LONGITUDE:  95 35 W

[TEMPERATURE DATA]      [PRECIPITATION DATA]       SYMBOLS USED IN COLUMN 16

AVERAGE MONTHLY: 62.3   TOTAL FOR MONTH:   4.68    1 = FOG OR MIST
DPTR FM NORMAL:  -0.9   DPTR FM NORMAL:    0.73    2 = FOG REDUCING VISIBILITY
HIGHEST:    85 ON 24, 6 GRTST 24HR  1.52 ON 26-27      TO 1/4 MILE OR LESS
LOWEST:     37 ON 15                               3 = THUNDER
                        SNOW, ICE PELLETS, HAIL    4 = ICE PELLETS
                        TOTAL MONTH:    M          5 = HAIL
                        GRTST 24HR    M  ON   M    6 = FREEZING RAIN OR DRIZZLE
                        GRTST DEPTH:  M  ON   M    7 = DUSTSTORM OR SANDSTORM:
                                                       VSBY 1/2 MILE OR LESS
                                                   8 = SMOKE OR HAZE
[NO. OF DAYS WITH]      [WEATHER - DAYS WITH]      9 = BLOWING SNOW
                                                   X = TORNADO
MAX 32 OR BELOW:   0    0.01 INCH OR MORE:  11
MAX 90 OR ABOVE:   0    0.10 INCH OR MORE:   7
MIN 32 OR BELOW:   0    0.50 INCH OR MORE:   5
MIN  0 OR BELOW:   0    1.00 INCH OR MORE:   1

[HDD (BASE 65) ]
TOTAL THIS MO.   116    CLEAR  (SCALE 0-3)  13
DPTR FM NORMAL     2    PTCLDY (SCALE 4-7)  10
TOTAL FM JUL 1  4471    CLOUDY (SCALE 8-10)  4
DPTR FM NORMAL -1150

[CDD (BASE 65) ]
TOTAL THIS MO.    50
DPTR FM NORMAL   -14    [PRESSURE DATA]
TOTAL FM JAN 1    67    HIGHEST SLP M ON M
DPTR FM NORMAL   -19    LOWEST  SLP 29.50 ON  9

[REMARKS]
