000
CXUS53 KOAX 281000
CF6FNB
PRELIMINARY LOCAL CLIMATOLOGICAL DATA (WS FORM: F-6)

                                          STATION:   FALLS CITY, NEBRASKA
                                          MONTH:     FEBRUARY
                                          YEAR:      2015
                                          LATITUDE:   40  4 N
                                          LONGITUDE:  95 35 W

  TEMPERATURE IN F:       :PCPN:    SNOW:  WIND      :SUNSHINE: SKY     :PK WND
================================================================================
1   2   3   4   5  6A  6B    7    8   9   10  11  12  13   14  15   16   17  18
                                     12Z  AVG MX 2MIN
DY MAX MIN AVG DEP HDD CDD  WTR  SNW DPTH SPD SPD DIR MIN PSBL S-S WX    SPD DR
================================================================================

 1  33   4  19  -8  46   0 0.23    M    M 15.1 28 330   M    M   9 12     37 340
 2  17  -4   7 -21  58   0 0.00    M    M  7.4 16 320   M    M   1        21 320
 3  41   7  24  -4  41   0 0.00    M    M  5.2 17 170   M    M   1 1      22 170
 4  27  -1  13 -15  52   0 0.20    M    M 10.4 22 360   M    M   5 12     31  10
 5  26 -15   6 -22  59   0 0.00    M    M  6.1 16 170   M    M   1        23 180
 6  47  22  35   7  30   0 0.00    M    M  6.5 16 210   M    M   0        21 210
 7  57  31  44  15  21   0 0.00    M    M  6.1 13 210   M    M   0        16 210
 8  54  35  45  16  20   0 0.01    M    M  8.2 20 300   M    M   1 1      26 300
 9  38  31  35   6  30   0 0.00    M    M  5.5 12 130   M    M   8 18     15 120
10  50  31  41  12  24   0 0.00    M    M  8.3 17 170   M    M   5 1      22 140
11  39  27  33   3  32   0 0.00    M    M 12.8 26 320   M    M   6 1      35 310
12  29   9  19 -11  46   0 0.00    M    M  9.2 28 360   M    M   4        36 360
13  48  18  33   3  32   0 0.00    M    M  6.9 16 310   M    M   3        21 320
14  36  14  25  -5  40   0 0.00    M    M 11.8 29  10   M    M   4        39  20
15  17  11  14 -17  51   0    T    M    M 10.4 18  80   M    M   7 1      22  80
16  30  14  22  -9  43   0 0.00    M    M  4.2 12 230   M    M   7        14 240
17  31  13  22  -9  43   0 0.02    M    M 10.2 24 310   M    M   4 1      30 310
18  20   4  12 -20  53   0 0.00    M    M 11.6 25 330   M    M   0        33 320
19  18  -1   9 -23  56   0    T    M    M  7.5 16 150   M    M   6        20 140
20  35  10  23  -9  42   0 0.01    M    M  5.9 14 190   M    M   6        20 180
21  48  23  36   3  29   0 0.00    M    M  9.8 21 360   M    M   5        27 350
22  23   9  16 -17  49   0 0.00    M    M 13.3 21 350   M    M   4        27 350
23  24   0  12 -22  53   0 0.00    M    M  4.9 13 210   M    M   0        16 210
24  50  14  32  -2  33   0 0.00    M    M 10.8 21 240   M    M   0        26 250
25  54  14  34   0  31   0    T    M    M 15.3 31 350   M    M   5        42 350
26  18  -1   9 -26  56   0    T    M    M 11.7 24 350   M    M   2        33 350
27  22  -4   9 -26  56   0 0.00    M    M  3.5 10 150   M    M   1        13 140
================================================================================
SM  932  315      1126   0  0.47    M    238.6          M       95
================================================================================
AV 34.5 11.7                               8.8 FASTST   M    M   4    MAX(MPH)
                                 MISC ---->  # 31 350               # 42  350
================================================================================
NOTES:
# LAST OF SEVERAL OCCURRENCES

COLUMN 17 PEAK WIND IN M.P.H.

PRELIMINARY LOCAL CLIMATOLOGICAL DATA (WS FORM: F-6) , PAGE 2

                                          STATION:  FALLS CITY, NEBRASKA
                                          MONTH:    FEBRUARY
                                          YEAR:     2015
                                          LATITUDE:   40  4 N
                                          LONGITUDE:  95 35 W

[TEMPERATURE DATA]      [PRECIPITATION DATA]       SYMBOLS USED IN COLUMN 16

AVERAGE MONTHLY: 23.1   TOTAL FOR MONTH:   0.47    1 = FOG OR MIST
DPTR FM NORMAL:  -7.6   DPTR FM NORMAL:   -0.42    2 = FOG REDUCING VISIBILITY
HIGHEST:    57 ON  7    GRTST 24HR  0.87 ON 31- 1      TO 1/4 MILE OR LESS
LOWEST:    -15 ON  5                               3 = THUNDER
                        SNOW, ICE PELLETS, HAIL    4 = ICE PELLETS
                        TOTAL MONTH:    M          5 = HAIL
                        GRTST 24HR    M  ON   M    6 = FREEZING RAIN OR DRIZZLE
                        GRTST DEPTH:  M  ON   M    7 = DUSTSTORM OR SANDSTORM:
                                                       VSBY 1/2 MILE OR LESS
                                                   8 = SMOKE OR HAZE
[NO. OF DAYS WITH]      [WEATHER - DAYS WITH]      9 = BLOWING SNOW
                                                   X = TORNADO
MAX 32 OR BELOW:  13    0.01 INCH OR MORE:   5
MAX 90 OR ABOVE:   0    0.10 INCH OR MORE:   2
MIN 32 OR BELOW:  26    0.50 INCH OR MORE:   0
MIN  0 OR BELOW:   7    1.00 INCH OR MORE:   0

[HDD (BASE 65) ]
TOTAL THIS MO.  1126    CLEAR  (SCALE 0-3)  12
DPTR FM NORMAL   201    PTCLDY (SCALE 4-7)  13
TOTAL FM JUL 1  4433    CLOUDY (SCALE 8-10)  2
DPTR FM NORMAL    50

[CDD (BASE 65) ]
TOTAL THIS MO.     0
DPTR FM NORMAL     0    [PRESSURE DATA]
TOTAL FM JAN 1     0    HIGHEST SLP M ON M
DPTR FM NORMAL     0    LOWEST  SLP 29.60 ON  7

[REMARKS]
