000
CXUS51 KBTV 260700
CF6MVL
PRELIMINARY LOCAL CLIMATOLOGICAL DATA (WS FORM: F-6)

                                          STATION:   MORRISVILLE VT
                                          MONTH:     FEBRUARY
                                          YEAR:      2015
                                          LATITUDE:   44 31 N
                                          LONGITUDE:  72 37 W

  TEMPERATURE IN F:       :PCPN:    SNOW:  WIND      :SUNSHINE: SKY     :PK WND
================================================================================
1   2   3   4   5  6A  6B    7    8   9   10  11  12  13   14  15   16   17  18
                                     12Z  AVG MX 2MIN
DY MAX MIN AVG DEP HDD CDD  WTR  SNW DPTH SPD SPD DIR MIN PSBL S-S WX    SPD DR
================================================================================

 1   9 -12  -1 -17  66   0    T    M    0  6.4 18 350   M    M   6 89     25 340
 2   6 -10  -2 -18  67   0 0.12    M    0  4.2 18 350   M    M  10 8      26 330
 3  18 -18   0 -16  65   0    T    M    0  2.9 10  20   M    M   5 18     16  10
 4  30  13  22   6  43   0    T    M    0  2.2 12 210   M    M  10 18     17 210
 5  28  -9  10  -6  55   0    T    M    0  8.1 18 340   M    M   4 189    27 340
 6  19 -20   0 -16  65   0    T    M    0  3.3 13  20   M    M   6 18     17 210
 7  18   9  14  -3  51   0    T    M    0  4.8 10 340   M    M  10 18     14 340
 8  12   6   9  -8  56   0 0.10    M    0  4.1  9  30   M    M  10 1      16  30
 9  19  12  16  -1  49   0    T    M    0  2.3  7 330   M    M  10 8      10  10
10  21  -5   8  -9  57   0 0.00  0.0    0  2.0  9  10   M    M   7        14  30
11  27 -14   7 -11  58   0 0.00  0.0    0  1.0  6 190   M    M   0 18      9 210
12  27   4  16  -2  49   0    T    M    0  6.1 20 340   M    M  10 8      25 330
13   5 -17  -6 -24  71   0    T    M    0  8.2 18 310   M    M   5 8      27 300
14  12 -19  -3 -21  68   0    T    M    0  1.9  8 190   M    M   9 18     12 210
15  11  -9   1 -17  64   0    T    M    0 13.7 23 350   M    M  10 189    33 340
16   5 -18  -6 -25  71   0 0.00    M    0  7.1 18 310   M    M   2 8      29 310
17  18 -24  -3 -22  68   0 0.00  0.0    0  0.8  6 190   M    M   5 8       7 180
18  26 -16   5 -14  60   0    T    M    0  1.4  8 100   M    M   5 18     12 120
19  17   1   9 -11  56   0    T    M    0  4.8 15 300   M    M  10 18     25 290
20  12 -10   1 -19  64   0    T    M    0  4.1 16 300   M    M   5 8      24 300
21  21 -19   1 -19  64   0 0.06    M    0  2.5 12 160   M    M   7 18     18 160
22  33  10  22   1  43   0    T    M    0  1.4  8 240   M    M  10 18     14 210
23  26 -25   1 -20  64   0    T    M    0  8.5 22 340   M    M   6 189    29 330
24  17 -29  -6 -27  71   0 0.00  0.0    0  3.6 17 190   M    M   1 18     26 180
25  28  -1  14  -8  51   0    T    M    0  4.9 16 320   M    M   7        23 260
================================================================================
SM  465 -220      1496   0  0.28     0.0 110.3          M      170
================================================================================
AV 18.6 -8.8                               4.4 FASTST   M    M   7    MAX(MPH)
                                 MISC ---->  # 23 350               # 33  340
================================================================================
NOTES:
# LAST OF SEVERAL OCCURRENCES

COLUMN 17 PEAK WIND IN M.P.H.

PRELIMINARY LOCAL CLIMATOLOGICAL DATA (WS FORM: F-6) , PAGE 2

                                          STATION:  MORRISVILLE VT
                                          MONTH:    FEBRUARY
                                          YEAR:     2015
                                          LATITUDE:   44 31 N
                                          LONGITUDE:  72 37 W

[TEMPERATURE DATA]      [PRECIPITATION DATA]       SYMBOLS USED IN COLUMN 16

AVERAGE MONTHLY:  4.9   TOTAL FOR MONTH:   0.28    1 = FOG OR MIST
DPTR FM NORMAL: -13.3   DPTR FM NORMAL:   -1.28    2 = FOG REDUCING VISIBILITY
HIGHEST:    33 ON 22    GRTST 24HR  0.12 ON  2- 2      TO 1/4 MILE OR LESS
LOWEST:    -29 ON 24                               3 = THUNDER
                        SNOW, ICE PELLETS, HAIL    4 = ICE PELLETS
                        TOTAL MONTH:   0.0 INCH    5 = HAIL
                        GRTST 24HR     0.0         6 = FREEZING RAIN OR DRIZZLE
                        GRTST DEPTH:   0           7 = DUSTSTORM OR SANDSTORM:
                                                       VSBY 1/2 MILE OR LESS
                                                   8 = SMOKE OR HAZE
[NO. OF DAYS WITH]      [WEATHER - DAYS WITH]      9 = BLOWING SNOW
                                                   X = TORNADO
MAX 32 OR BELOW:  24    0.01 INCH OR MORE:   3
MAX 90 OR ABOVE:   0    0.10 INCH OR MORE:   2
MIN 32 OR BELOW:  25    0.50 INCH OR MORE:   0
MIN  0 OR BELOW:  18    1.00 INCH OR MORE:   0

[HDD (BASE 65) ]
TOTAL THIS MO.  1496    CLEAR  (SCALE 0-3)   3
DPTR FM NORMAL   327    PTCLDY (SCALE 4-7)  12
TOTAL FM JUL 1  5495    CLOUDY (SCALE 8-10) 10
DPTR FM NORMAL  -336

[CDD (BASE 65) ]
TOTAL THIS MO.     0
DPTR FM NORMAL     0    [PRESSURE DATA]
TOTAL FM JAN 1     0    HIGHEST SLP M ON M
DPTR FM NORMAL     0    LOWEST  SLP 29.62 ON 15

[REMARKS]
