000
CXUS51 KBTV 310700
CF6MVL
PRELIMINARY LOCAL CLIMATOLOGICAL DATA (WS FORM: F-6)

                                          STATION:   MORRISVILLE VT
                                          MONTH:     JANUARY
                                          YEAR:      2015
                                          LATITUDE:   44 31 N
                                          LONGITUDE:  72 37 W

  TEMPERATURE IN F:       :PCPN:    SNOW:  WIND      :SUNSHINE: SKY     :PK WND
================================================================================
1   2   3   4   5  6A  6B    7    8   9   10  11  12  13   14  15   16   17  18
                                     12Z  AVG MX 2MIN
DY MAX MIN AVG DEP HDD CDD  WTR  SNW DPTH SPD SPD DIR MIN PSBL S-S WX    SPD DR
================================================================================

 1  28  18  23   5  42   0    T    M    0  8.7 17 210   M    M  10        29 190
 2  28  13  21   3  44   0    T    M    0  4.6 14 300   M    M   9 1      22 250
 3  23  -1  11  -6  54   0 0.25    M    0  3.1 12 200   M    M   6 1      19 200
 4  44  23  34  17  31   0 0.06    M    0  5.3 14 210   M    M   9 168    24 210
 5  39   3  21   4  44   0    T    M    0  9.4 25 310   M    M  10        44 320
 6  14  -2   6 -11  59   0    T    M    0  5.4 17 310   M    M   9 8      24 300
 7  16 -12   2 -14  63   0 0.01    M    0  7.7 22 320   M    M   8 8      29 310
 8  14 -21  -3 -19  68   0    T    M    0  1.4 10 150   M    M   8 8      18 170
 9  23  13  18   2  47   0    T    M    0  6.1 18 200   M    M   9 18     28 190
10  17   9  13  -3  52   0    T    M    0  5.7 14 240   M    M  10 18     27 220
11  22  12  17   1  48   0 0.00  0.0    0  3.8 12 200   M    M   9        15 210
12  30  15  23   7  42   0 0.05    M    0  4.1 17 340   M    M  10 1      26 360
13  15 -17  -1 -17  66   0    T    M    0  5.1 17 340   M    M   1        26 320
14  19 -21  -1 -17  66   0    T    M    0  1.8 10 160   M    M   0 18     13 160
15  22 -17   3 -13  62   0 0.00  0.0    0  0.1  6 200   M    M   2 18      7 160
16  27   2  15   0  50   0    T    M    0  8.8 23 310   M    M   9 129    33 300
17  17 -14   2 -13  63   0    T    M    0  3.9 15 320   M    M   3        24 340
18  38  15  27  12  38   0 0.39    M    0  3.5 12 160   M    M   4 1      16 190
19   M   M   M   M   M   M 0.05    M    0  3.6 10  30   M    M  10 1      17 330
20  22  -1  11  -4  54   0    T    M    0  5.6 17  50   M    M   2        22  40
21  21 -10   6  -9  59   0    T    M    0  0.5  8  10   M    M   0 18     11  10
22  27  -6  11  -4  54   0    T    M    0  0.8 10 360   M    M   3 18     15 360
23  29   2  16   1  49   0    T    M    0  2.4 13 200   M    M   7 18     17 210
24  33   8  21   6  44   0    T    M    0  1.4 13 330   M    M   2 18     18 340
25  32  -5  14  -1  51   0    T    M    0  7.5 23 330   M    M   6 189    34 330
26  15 -16   0 -15  65   0 0.00    M    0  2.4 10  10   M    M   1 18     14  40
27  11   7   9  -6  56   0 0.03    M    0 10.7 21 340   M    M   8        28 330
28  17 -10   4 -11  61   0    T    M    0  9.2 18 340   M    M   5        26 360
29  33 -17   8  -7  57   0 0.00  0.0    0  3.6 18 170   M    M   3 18     31 160
30   M   M   M   M   M   M    T    M    0  5.8 15 330   M    M  10        21 330
================================================================================
SM  676  -30      1489   0  0.84     0.0 142.0          M      183
================================================================================
AV 24.1 -1.1                               4.7 FASTST   M    M   6    MAX(MPH)
                                 MISC ---->  # 25 310               # 44  320
================================================================================
NOTES:
# LAST OF SEVERAL OCCURRENCES

COLUMN 17 PEAK WIND IN M.P.H.

PRELIMINARY LOCAL CLIMATOLOGICAL DATA (WS FORM: F-6) , PAGE 2

                                          STATION:  MORRISVILLE VT
                                          MONTH:    JANUARY
                                          YEAR:     2015
                                          LATITUDE:   44 31 N
                                          LONGITUDE:  72 37 W

[TEMPERATURE DATA]      [PRECIPITATION DATA]       SYMBOLS USED IN COLUMN 16

AVERAGE MONTHLY: 11.5   TOTAL FOR MONTH:   0.84    1 = FOG OR MIST
DPTR FM NORMAL:  -4.3   DPTR FM NORMAL:   -1.63    2 = FOG REDUCING VISIBILITY
HIGHEST:    44 ON  4    GRTST 24HR  0.39 ON 18-18      TO 1/4 MILE OR LESS
LOWEST:    -21 ON 14, 8                            3 = THUNDER
                        SNOW, ICE PELLETS, HAIL    4 = ICE PELLETS
                        TOTAL MONTH:   0.0 INCH    5 = HAIL
                        GRTST 24HR     0.0         6 = FREEZING RAIN OR DRIZZLE
                        GRTST DEPTH:   0           7 = DUSTSTORM OR SANDSTORM:
                                                       VSBY 1/2 MILE OR LESS
                                                   8 = SMOKE OR HAZE
[NO. OF DAYS WITH]      [WEATHER - DAYS WITH]      9 = BLOWING SNOW
                                                   X = TORNADO
MAX 32 OR BELOW:  23    0.01 INCH OR MORE:   7
MAX 90 OR ABOVE:   0    0.10 INCH OR MORE:   2
MIN 32 OR BELOW:  28    0.50 INCH OR MORE:   0
MIN  0 OR BELOW:  15    1.00 INCH OR MORE:   0

[HDD (BASE 65) ]
TOTAL THIS MO.  1489    CLEAR  (SCALE 0-3)   8
DPTR FM NORMAL    11    PTCLDY (SCALE 4-7)  10
TOTAL FM JUL 1  3933    CLOUDY (SCALE 8-10) 12
DPTR FM NORMAL  -683

[CDD (BASE 65) ]
TOTAL THIS MO.     0
DPTR FM NORMAL     0    [PRESSURE DATA]
TOTAL FM JAN 1     0    HIGHEST SLP M ON M
DPTR FM NORMAL     0    LOWEST  SLP 29.33 ON 24

[REMARKS]
