828
CXUS52 KFFC 281110
CF6VPC
PRELIMINARY LOCAL CLIMATOLOGICAL DATA (WS FORM: F-6)

                                          STATION:   CARTERSVILLE
                                          MONTH:     APRIL
                                          YEAR:      2016
                                          LATITUDE:   34  7 N
                                          LONGITUDE:  84 51 W

  TEMPERATURE IN F:       :PCPN:    SNOW:  WIND      :SUNSHINE: SKY     :PK WND
================================================================================
1   2   3   4   5  6A  6B    7    8   9   10  11  12  13   14  15   16   17  18
                                     12Z  AVG MX 2MIN
DY MAX MIN AVG DEP HDD CDD  WTR  SNW DPTH SPD SPD DIR MIN PSBL S-S WX    SPD DR
================================================================================

 1  72  57  65   9   0   0 0.40    M    M  1.5 15 170   M    M   8 1      22 170
 2  63  46  55  -1  10   0 0.00  0.0    M  2.4 12 330   M    M   1        22 320
 3  68  40  54  -2  11   0 0.00  0.0    M  3.0 13  10   M    M   0        17 360
 4  76  34  55  -1  10   0 0.00    M    M  0.6  8 330   M    M   0        14 210
 5  65  36  51  -5  14   0 0.00    M    M  5.0 14 360   M    M   0        21 360
 6  67  36  52  -5  13   0 0.79    M    M  7.9 18 150   M    M   2 13     26 130
 7  70  45  58   1   7   0    T  0.0    0  1.7 10 320   M    M   4 1      40  30
 8  61  44  53  -4  12   0 0.00  0.0    0  2.7 20 360   M    M   5        24 360
 9  60  34  47 -10  18   0 0.00  0.0    0  2.8 16 360   M    M   0        27 360
10  61  30  46 -12  19   0 0.00  0.0    0  4.9 14 120   M    M   2        23 180
11  73  46  60   2   5   0 0.64  0.0    0  5.8 25 170   M    M   5 1      34 170
12  68  47  58   0   7   0 0.07  0.0    0  3.4 13 350   M    M   6 1      20 170
13  67  43  55  -3  10   0 0.01  0.0    0  4.3 16 130   M    M   6        22 120
14  71  55  63   4   2   0 0.15    M    M  5.6 13 130   M    M  10 1      22 110
15  68  53  61   2   4   0 0.00    M    M  8.2 18  90   M    M   8        30  60
16  73  49  61   2   4   0 0.00  0.0    M  6.2 15  80   M    M   6        22  50
17  76  37  57  -3   8   0 0.00    M    M  2.9 12  70   M    M   0        18 150
18  82  41  62   2   3   0 0.00    M    M  2.7 10 140   M    M   0        17 120
19  82  43  63   3   2   0 0.00    M    M  0.8  8  10   M    M   0        11 320
20  84  53  69   9   0   4 0.00    M    M  3.5 15 170   M    M   0 1      21 170
21  79  50  65   4   0   0 0.19    M    M  7.1 20 170   M    M   3 1      25 180
22  75  57  66   5   0   1 0.28    M    M  3.4  9 180   M    M   7 13     13 170
23  75  49  62   1   3   0 0.00    M    M  5.1 16 360   M    M   1 1      24  10
24  80  45  63   2   2   0 0.00    M    M  2.7 12 110   M    M   0        17 170
25  81  55  68   6   0   3 0.00    M    M  4.6 14 160   M    M   3        20 150
26  83  56  70   8   0   5 0.00    M    M  2.5 12 180   M    M   2 1      18 180
27  85  56  71   9   0   6 0.00    M    M  3.1 14 170   M    M   3        21 170
================================================================================
SM 1965 1237       164  19  2.53     0.0 104.4          M       82
================================================================================
AV 72.8 45.8                               3.9 FASTST   M    M   3    MAX(MPH)
                                 MISC ---->  # 25 170               # 40   30
================================================================================
NOTES:
# LAST OF SEVERAL OCCURRENCES

COLUMN 17 PEAK WIND IN M.P.H.

PRELIMINARY LOCAL CLIMATOLOGICAL DATA (WS FORM: F-6) , PAGE 2

                                          STATION:  CARTERSVILLE
                                          MONTH:    APRIL
                                          YEAR:     2016
                                          LATITUDE:   34  7 N
                                          LONGITUDE:  84 51 W

[TEMPERATURE DATA]      [PRECIPITATION DATA]       SYMBOLS USED IN COLUMN 16

AVERAGE MONTHLY: 59.3   TOTAL FOR MONTH:   2.53    1 = FOG OR MIST
DPTR FM NORMAL:   0.5   DPTR FM NORMAL:   -0.96    2 = FOG REDUCING VISIBILITY
HIGHEST:    85 ON 27    GRTST 24HR  0.79 ON  6- 6      TO 1/4 MILE OR LESS
LOWEST:     30 ON 10                               3 = THUNDER
                        SNOW, ICE PELLETS, HAIL    4 = ICE PELLETS
                        TOTAL MONTH:   0.0 INCH    5 = HAIL
                        GRTST 24HR     0.0         6 = FREEZING RAIN OR DRIZZLE
                        GRTST DEPTH:   0           7 = DUSTSTORM OR SANDSTORM:
                                                       VSBY 1/2 MILE OR LESS
                                                   8 = SMOKE OR HAZE
[NO. OF DAYS WITH]      [WEATHER - DAYS WITH]      9 = BLOWING SNOW
                                                   X = TORNADO
MAX 32 OR BELOW:   0    0.01 INCH OR MORE:   8
MAX 90 OR ABOVE:   0    0.10 INCH OR MORE:   6
MIN 32 OR BELOW:   1    0.50 INCH OR MORE:   2
MIN  0 OR BELOW:   0    1.00 INCH OR MORE:   0

[HDD (BASE 65) ]
TOTAL THIS MO.   164    CLEAR  (SCALE 0-3)  15
DPTR FM NORMAL   -22    PTCLDY (SCALE 4-7)  11
TOTAL FM JUL 1  2574    CLOUDY (SCALE 8-10)  1
DPTR FM NORMAL  -640

[CDD (BASE 65) ]
TOTAL THIS MO.    19
DPTR FM NORMAL     3    [PRESSURE DATA]
TOTAL FM JAN 1    26    HIGHEST SLP  0.00 ON 20
DPTR FM NORMAL     6    LOWEST  SLP 29.72 ON  2

[REMARKS]
