000
CXUS51 KRLX 011454
CF6BKW
PRELIMINARY LOCAL CLIMATOLOGICAL DATA (WS FORM: F-6)
STATION: BECKLEY WV
MONTH: FEBRUARY
YEAR: 2022
LATITUDE: 37 46 N
LONGITUDE: 81 7 W
TEMPERATURE IN F: :PCPN: SNOW: WIND :SUNSHINE: SKY :PK WND
================================================================================
1 2 3 4 5 6A 6B 7 8 9 10 11 12 13 14 15 16 17 18
12Z AVG MX 2MIN
DY MAX MIN AVG DEP HDD CDD WTR SNW DPTH SPD SPD DIR MIN PSBL S-S WX SPD DR
================================================================================
1 45 28 37 4 28 0 0.00 0.0 1 11.0 17 140 M M 0 26 120
2 44 32 38 5 27 0 0.15 0.0 0 11.7 18 140 M M 4 1 26 140
3 56 38 47 14 18 0 0.85 0.0 0 11.8 18 160 M M 10 1 27 170
4 57 21 39 6 26 0 0.38 T 0 9.1 16 360 M M 10 126 25 300
5 22 13 18 -16 47 0 0.03 1.2 1 8.6 20 330 M M 7 128 26 300
6 39 16 28 -6 37 0 0.00 0.0 T 9.9 15 140 M M 0 24 140
7 47 20 34 0 31 0 0.00 0.0 0 5.1 13 260 M M 1 18 130
8 42 23 33 -1 32 0 0.00 0.0 0 8.1 17 310 M M 2 24 310
9 52 32 42 8 23 0 T 0.0 0 9.3 20 260 M M 2 28 220
10 51 33 42 8 23 0 T 0.0 0 9.3 25 260 M M 3 34 250
11 60 30 45 10 20 0 0.00 0.0 0 12.4 35 220 M M 3 46 220
12 53 30 42 7 23 0 0.02 T 0 8.3 17 280 M M 9 1 23 280
13 30 21 26 -9 39 0 0.06 0.8 1 7.4 14 280 M M 9 128 20 280
14 24 13 19 -16 46 0 0.01 0.6 1 6.9 20 320 M M 7 1 26 300
15 50 12 31 -4 34 0 0.00 0.0 0 6.0 15 140 M M 0 24 160
16 60 35 48 12 17 0 0.00 0.0 0 12.7 24 210 M M 1 32 200
17 67 48 58 22 7 0 0.72 0.0 0 13.3 25 170 M M 5 1 38 140
18 58 20 39 3 26 0 T T T 12.6 29 270 M M 8 1 39 280
19 37 20 29 -7 36 0 0.00 0.0 0 12.7 26 300 M M 2 37 270
20 54 16 35 -1 30 0 0.00 0.0 0 7.3 15 260 M M 0 20 260
21 62 29 46 9 19 0 0.00 0.0 0 8.2 18 200 M M 0 24 230
22 61 49 55 18 10 0 0.47 0.0 0 11.6 25 220 M M 7 1 36 210
23 57 33 45 8 20 0 0.23 0.0 0 8.8 22 200 M M 10 12 32 200
24 49 33 41 4 24 0 0.48 0.0 0 8.0 16 140 M M 10 12 24 150
25 52 28 40 2 25 0 0.54 T 0 11.7 21 270 M M 9 1 29 290
26 35 24 30 -8 35 0 0.00 0.0 0 5.0 13 340 M M 6 17 320
27 47 29 38 0 27 0 0.00 0.0 0 5.9 17 340 M M 2 21 330
28 52 26 39 1 26 0 0.00 0.0 0 4.2 12 200 M M 0 17 320
================================================================================
SM 1363 752 756 0 3.94 2.6 256.9 M 127
================================================================================
AV 48.7 26.9 9.2 FASTST M M 5 MAX(MPH)
MISC ----> 35 220 46 220
================================================================================
NOTES:
# LAST OF SEVERAL OCCURRENCES
COLUMN 17 PEAK WIND IN M.P.H.
PRELIMINARY LOCAL CLIMATOLOGICAL DATA (WS FORM: F-6) , PAGE 2
STATION: BECKLEY WV
MONTH: FEBRUARY
YEAR: 2022
LATITUDE: 37 46 N
LONGITUDE: 81 7 W
[TEMPERATURE DATA] [PRECIPITATION DATA] SYMBOLS USED IN COLUMN 16
AVERAGE MONTHLY: 37.8 TOTAL FOR MONTH: 3.94 1 = FOG OR MIST
DPTR FM NORMAL: 2.4 DPTR FM NORMAL: 0.82 2 = FOG REDUCING VISIBILITY
HIGHEST: 67 ON 17 GRTST 24HR 1.04 ON 3- 4 TO 1/4 MILE OR LESS
LOWEST: 12 ON 15 3 = THUNDER
SNOW, ICE PELLETS, HAIL 4 = ICE PELLETS
TOTAL MONTH: 2.6 INCHES 5 = HAIL
GRTST 24HR 1.2 ON 5- 5 6 = FREEZING RAIN OR DRIZZLE
GRTST DEPTH: 1 ON 14,13 7 = DUSTSTORM OR SANDSTORM:
VSBY 1/2 MILE OR LESS
8 = SMOKE OR HAZE
[NO. OF DAYS WITH] [WEATHER - DAYS WITH] 9 = BLOWING SNOW
X = TORNADO
MAX 32 OR BELOW: 3 0.01 INCH OR MORE: 12
MAX 90 OR ABOVE: 0 0.10 INCH OR MORE: 8
MIN 32 OR BELOW: 21 0.50 INCH OR MORE: 3
MIN 0 OR BELOW: 0 1.00 INCH OR MORE: 0
[HDD (BASE 65) ]
TOTAL THIS MO. 756 CLEAR (SCALE 0-3) 14
DPTR FM NORMAL -73 PTCLDY (SCALE 4-7) 7
TOTAL FM JUL 1 3513 CLOUDY (SCALE 8-10) 7
DPTR FM NORMAL -306
[CDD (BASE 65) ]
TOTAL THIS MO. 0
DPTR FM NORMAL 0 [PRESSURE DATA]
TOTAL FM JAN 1 0 HIGHEST SLP 30.60 ON 15
DPTR FM NORMAL 0 LOWEST SLP 29.55 ON 18
[REMARKS]
#FINAL-02-22#