227
CXUS56 KOTX 010900
CF6DEW
PRELIMINARY LOCAL CLIMATOLOGICAL DATA (WS FORM: F-6)
STATION: DEER_PARK WA AIRPORT
MONTH: MAY
YEAR: 2020
LATITUDE: 47 58 N
LONGITUDE: 117 25 W
TEMPERATURE IN F: :PCPN: SNOW: WIND :SUNSHINE: SKY :PK WND
================================================================================
1 2 3 4 5 6A 6B 7 8 9 10 11 12 13 14 15 16 17 18
12Z AVG MX 2MIN
DY MAX MIN AVG DEP HDD CDD WTR SNW DPTH SPD SPD DIR MIN PSBL S-S WX SPD DR
================================================================================
1 62 29 46 -2 19 0 0.00 M M 4.8 13 160 M M 1 19 200
2 73 32 53 5 12 0 0.17 M M 9.2 24 210 M M 6 13 30 230
3 58 28 43 -6 22 0 0.18 M M 11.0 25 270 M M 4 1 31 270
4 62 26 44 -5 21 0 0.00 M M 4.5 14 210 M M 2 12 19 250
5 73 34 54 5 11 0 0.00 M M 7.6 15 40 M M 1 19 40
6 58 43 51 2 14 0 0.46 M M 9.2 28 250 M M 8 1 35 260
7 57 33 45 -5 20 0 0.00 M M 3.1 9 250 M M 5 1 14 200
8 68 30 49 -1 16 0 0.00 M M 6.4 17 40 M M 1 1 22 40
9 73 43 58 8 7 0 0.00 M M 12.5 17 20 M M 0 24 40
10 72 51 62 12 3 0 0.00 M M 16.7 29 50 M M 0 36 60
11 67 48 58 7 7 0 0.00 M M 15.6 24 60 M M 1 33 60
12 61 49 55 4 10 0 0.17 M M 8.1 18 220 M M 8 1 24 210
13 54 39 47 -4 18 0 0.48 M M 5.2 12 170 M M 9 12 14 210
14 60 35 48 -4 17 0 0.01 M M 4.8 20 220 M M 7 12 24 210
15 63 38 51 -1 14 0 0.02 M M 3.5 15 260 M M 7 1 20 240
16 68 34 51 -1 14 0 0.00 M M 5.3 12 210 M M 1 1 17 140
17 69 47 58 6 7 0 0.17 M M 4.9 22 210 M M 7 13 26 210
18 63 49 56 3 9 0 0.13 M M 4.8 20 270 M M 8 123 25 220
19 66 48 57 4 8 0 0.09 M M 3.5 13 330 M M 9 1 16 320
20 58 50 54 1 11 0 1.04 M M 6.2 21 130 M M 10 1 27 130
21 61 45 53 -1 12 0 0.00 M M 16.0 26 200 M M 5 34 220
22 52 41 47 -7 18 0 0.09 M M 8.4 16 190 M M 10 1 20 170
23 61 42 52 -2 13 0 T M M 4.0 9 150 M M 9 12 160
24 70 41 56 2 9 0 0.00 M M 3.0 14 240 M M 4 22 210
25 62 38 50 -4 15 0 0.16 M M 3.0 8 170 M M 7 1 12 190
26 73 47 60 5 5 0 0.00 M M 9.5 18 230 M M 6 27 240
27 74 39 57 2 8 0 0.00 M M 3.3 13 300 M M 0 18 300
28 81 46 64 9 1 0 0.00 M M 6.0 14 40 M M 0 8 18 40
29 87 50 69 14 0 4 0.00 M M 3.6 14 30 M M 0 16 30
30 85 56 71 15 0 6 0.03 M M 10.9 30 230 M M 1 3 38 230
31 64 42 53 -3 12 0 0.75 M M 10.4 22 180 M M 8 13 27 180
================================================================================
SM 2055 1273 353 10 3.95 M 225.0 M 145
================================================================================
AV 66.3 41.1 7.3 FASTST M M 5 MAX(MPH)
MISC ----> # 30 230 # 38 230
================================================================================
NOTES:
# LAST OF SEVERAL OCCURRENCES
COLUMN 17 PEAK WIND IN M.P.H.
PRELIMINARY LOCAL CLIMATOLOGICAL DATA (WS FORM: F-6) , PAGE 2
STATION: DEER_PARK WA AIRPORT
MONTH: MAY
YEAR: 2020
LATITUDE: 47 58 N
LONGITUDE: 117 25 W
[TEMPERATURE DATA] [PRECIPITATION DATA] SYMBOLS USED IN COLUMN 16
AVERAGE MONTHLY: 53.7 TOTAL FOR MONTH: 3.95 1 = FOG OR MIST
DPTR FM NORMAL: 1.6 DPTR FM NORMAL: 2.11 2 = FOG REDUCING VISIBILITY
HIGHEST: 87 ON 29 GRTST 24HR 1.04 ON 20-20 TO 1/4 MILE OR LESS
LOWEST: 26 ON 4 3 = THUNDER
SNOW, ICE PELLETS, HAIL 4 = ICE PELLETS
TOTAL MONTH: M 5 = HAIL
GRTST 24HR M ON M 6 = FREEZING RAIN OR DRIZZLE
GRTST DEPTH: M ON M 7 = DUSTSTORM OR SANDSTORM:
VSBY 1/2 MILE OR LESS
8 = SMOKE OR HAZE
[NO. OF DAYS WITH] [WEATHER - DAYS WITH] 9 = BLOWING SNOW
X = TORNADO
MAX 32 OR BELOW: 0 0.01 INCH OR MORE: 15
MAX 90 OR ABOVE: 0 0.10 INCH OR MORE: 10
MIN 32 OR BELOW: 5 0.50 INCH OR MORE: 2
MIN 0 OR BELOW: 0 1.00 INCH OR MORE: 1
[HDD (BASE 65) ]
TOTAL THIS MO. 353 CLEAR (SCALE 0-3) 12
DPTR FM NORMAL -50 PTCLDY (SCALE 4-7) 13
TOTAL FM JUL 1 6932 CLOUDY (SCALE 8-10) 6
DPTR FM NORMAL -282
[CDD (BASE 65) ]
TOTAL THIS MO. 10
DPTR FM NORMAL 7 [PRESSURE DATA]
TOTAL FM JAN 1 10 HIGHEST SLP 0.00 ON 9
DPTR FM NORMAL 7 LOWEST SLP 29.33 ON 30
[REMARKS]
#FINAL-05-20#