000
CXUS52 KMFL 011030
CF6FXE
PRELIMINARY LOCAL CLIMATOLOGICAL DATA (WS FORM: F-6)
STATION: FORT LAUDERDALE EXEC ARPT
MONTH: SEPTEMBER
YEAR: 2023
LATITUDE: 26 12 N
LONGITUDE: 80 11 W
TEMPERATURE IN F: :PCPN: SNOW: WIND :SUNSHINE: SKY :PK WND
================================================================================
1 2 3 4 5 6A 6B 7 8 9 10 11 12 13 14 15 16 17 18
12Z AVG MX 2MIN
DY MAX MIN AVG DEP HDD CDD WTR SNW DPTH SPD SPD DIR MIN PSBL S-S WX SPD DR
================================================================================
1 95 73 84 1 0 19 0.14 0.0 0 5.3 25 310 M M 3 13 35 300
2 90 75 83 0 0 18 0.51 0.0 M 7.0 16 40 M M 5 13 23 40
3 90 76 83 0 0 18 0.00 M M 9.9 21 70 M M 3 27 70
4 89 80 85 2 0 20 0.00 0.0 0 11.1 20 80 M M 4 25 80
5 91 80 86 3 0 21 T 0.0 0 8.4 16 70 M M 2 23 90
6 90 74 82 -1 0 17 0.00 0.0 0 6.0 15 100 M M 0 21 100
7 93 77 85 2 0 20 0.00 0.0 0 4.8 14 90 M M 1 21 90
8 91 76 84 1 0 19 0.00 0.0 0 4.0 16 100 M M 2 19 90
9 90 75 83 0 0 18 1.02 0.0 0 4.5 31 280 M M 2 13 39 280
10 91 77 84 1 0 19 0.01 0.0 0 3.1 12 130 M M 2 3 M M
11 91 77 84 1 0 19 0.11 0.0 0 5.6 15 130 M M 2 1 19 140
12 92 78 85 2 0 20 0.00 0.0 0 6.3 15 70 M M 1 19 80
13 93 79 86 3 0 21 T 0.0 0 5.9 16 80 M M 1 3 20 80
14 92 79 86 3 0 21 0.00 0.0 0 5.5 14 80 M M 3 18 80
15 92 79 86 3 0 21 0.03 0.0 0 4.4 15 110 M M 4 3 18 120
16 93 78 86 3 0 21 0.21 0.0 0 3.5 14 210 M M 3 13 20 220
17 92 78 85 2 0 20 0.06 0.0 0 4.6 16 220 M M 4 3 21 210
18 92 77 85 3 0 20 1.63 0.0 0 5.1 16 170 M M 3 13 18 170
19 91 72 82 0 0 17 2.39 M M 5.7 26 270 M M 3 13 33 80
20 89 73 81 -1 0 16 T M M 5.7 13 90 M M 2 3 19 110
21 90 70 80 -2 0 15 1.59 M M 4.1 26 240 M M 3 13 35 230
22 89 73 81 -1 0 16 T M M 6.1 14 70 M M 2 3 18 40
23 86 74 80 -2 0 15 0.27 M M 5.7 16 350 M M 4 13 22 340
24 88 75 82 0 0 17 0.04 M M 6.4 15 100 M M 4 13 20 60
25 90 72 81 -1 0 16 0.55 M M 8.0 28 90 M M 4 13 35 100
26 89 76 83 1 0 18 1.24 M M 5.9 21 160 M M 3 138 27 140
27 88 76 82 0 0 17 0.40 M M 4.3 16 340 M M 6 13 20 350
28 90 75 83 1 0 18 0.00 M M 3.5 14 180 M M 3 8 21 170
29 91 78 85 3 0 20 0.28 0.0 0 2.3 17 70 M M 4 13 22 90
30 90 78 84 2 0 19 0.10 0.0 0 3.8 13 120 M M 3 13 17 20
================================================================================
SM 2718 2280 0 556 10.58 0.0 166.5 M 86
================================================================================
AV 90.6 76.0 5.6 FASTST M M 3 MAX(MPH)
MISC ----> 31 280 39 280
================================================================================
NOTES:
# LAST OF SEVERAL OCCURRENCES
COLUMN 17 PEAK WIND IN M.P.H.
PRELIMINARY LOCAL CLIMATOLOGICAL DATA (WS FORM: F-6) , PAGE 2
STATION: FORT LAUDERDALE EXEC ARPT
MONTH: SEPTEMBER
YEAR: 2023
LATITUDE: 26 12 N
LONGITUDE: 80 11 W
[TEMPERATURE DATA] [PRECIPITATION DATA] SYMBOLS USED IN COLUMN 16
AVERAGE MONTHLY: 83.3 TOTAL FOR MONTH: 10.58 1 = FOG OR MIST
DPTR FM NORMAL: 0.7 DPTR FM NORMAL: 2.45 2 = FOG REDUCING VISIBILITY
HIGHEST: 95 ON 1 GRTST 24HR 2.46 ON 18-19 TO 1/4 MILE OR LESS
LOWEST: 70 ON 21 3 = THUNDER
SNOW, ICE PELLETS, HAIL 4 = ICE PELLETS
TOTAL MONTH: 0.0 INCH 5 = HAIL
GRTST 24HR 0.0 6 = FREEZING RAIN OR DRIZZLE
GRTST DEPTH: 0 7 = DUSTSTORM OR SANDSTORM:
VSBY 1/2 MILE OR LESS
8 = SMOKE OR HAZE
[NO. OF DAYS WITH] [WEATHER - DAYS WITH] 9 = BLOWING SNOW
X = TORNADO
MAX 32 OR BELOW: 0 0.01 INCH OR MORE: 18
MAX 90 OR ABOVE: 23 0.10 INCH OR MORE: 14
MIN 32 OR BELOW: 0 0.50 INCH OR MORE: 7
MIN 0 OR BELOW: 0 1.00 INCH OR MORE: 5
[HDD (BASE 65) ]
TOTAL THIS MO. 0 CLEAR (SCALE 0-3) 16
DPTR FM NORMAL 0 PTCLDY (SCALE 4-7) 14
TOTAL FM JUL 1 0 CLOUDY (SCALE 8-10) 0
DPTR FM NORMAL 0
[CDD (BASE 65) ]
TOTAL THIS MO. 556
DPTR FM NORMAL 26 [PRESSURE DATA]
TOTAL FM JAN 1 4176 HIGHEST SLP 30.12 ON 1
DPTR FM NORMAL 627 LOWEST SLP 29.83 ON 14
[REMARKS]
#FINAL-09-23#