000
CXUS55 KMSO 062035
CLMGPI
CLIMATE REPORT
NATIONAL WEATHER SERVICE MISSOULA MT
135 PM MST TUE FEB 06 2024
...................................
...THE KALISPELL MT CLIMATE SUMMARY FOR THE MONTH OF JANUARY 2024...
CLIMATE NORMAL PERIOD 1991 TO 2020
CLIMATE RECORD PERIOD 1894 TO 2024
WEATHER OBSERVED NORMAL DEPART LAST YEAR`S
VALUE DATE(S) VALUE FROM VALUE
NORMAL
..............................................................
TEMPERATURE (F)
RECORD
HIGH 56 01/27/1934
LOW -38 01/31/1950
01/30/1950
HIGHEST 44 01/26 MM MM 39
01/29
LOWEST -33 01/13 MM MM -14
AVG. MAXIMUM 27.2 31.0 -3.8 31.0
AVG. MINIMUM 13.5 16.3 -2.8 17.9
MEAN 20.3 23.7 -3.4
DAYS MAX >= 90 0 0.0 0.0 0
DAYS MAX <= 32 16 15.0 1.0 15
DAYS MIN <= 32 30 29.2 0.8 31
DAYS MIN <= 0 7 3.8 3.2 3
PRECIPITATION (INCHES)
RECORD
MAXIMUM 3.40 1943
MINIMUM 0.20 1985
TOTALS 1.60 1.40 0.20
DAILY AVG. 0.05 0.05 0.00 0.03
DAYS >= .01 12 14.2 -2.2 10
DAYS >= .10 4 4.9 -0.9 3
DAYS >= .50 1 0.2 0.8 0
DAYS >= 1.00 0 0.0 0.0 0
GREATEST
24 HR. TOTAL 0.84 01/17 TO 01/17 0.28
SNOWFALL (INCHES)
TOTALS 21.6 13.9 7.7 8.7
SINCE 7/1 29.3 38.9 -9.6 MM
DAYS >= TRACE 18 10.3 7.7 16
DAYS >= 1.0 7 4.8 2.2 3
GREATEST
SNOW DEPTH 16R 01/21
01/22
24 HR TOTAL MM MM
DEGREE DAYS
HEATING TOTAL 1376 1282 94
SINCE 7/1 4435 4773 -338
COOLING TOTAL 0 0 0
SINCE 1/1 0 0 0
..............................................................
WIND (MPH)
AVERAGE WIND SPEED 4.5
HIGHEST WIND SPEED/DIRECTION 43/010 DATE 01/11
HIGHEST GUST SPEED/DIRECTION 65/020 DATE 01/11
SKY COVER
POSSIBLE SUNSHINE (PERCENT) MM
AVERAGE SKY COVER 0.78
NUMBER OF DAYS FAIR 4
NUMBER OF DAYS PC 5
NUMBER OF DAYS CLOUDY 22
AVERAGE RH (PERCENT) 81
WEATHER CONDITIONS. NUMBER OF DAYS WITH
THUNDERSTORM 0 MIXED PRECIP 0
HEAVY RAIN 0 RAIN 0
LIGHT RAIN 3 FREEZING RAIN 0
LT FREEZING RAIN 2 HAIL 0
HEAVY SNOW 1 SNOW 4
LIGHT SNOW 16 SLEET 0
FOG 25 FOG W/VIS <= 1/4 MILE 10
HAZE 10
- INDICATES NEGATIVE NUMBERS.
R INDICATES RECORD WAS SET OR TIED.
MM INDICATES DATA IS MISSING.
T INDICATES TRACE AMOUNT.
$$