000
CXUS51 KLWX 010815
CF6HGR
PRELIMINARY LOCAL CLIMATOLOGICAL DATA (WS FORM: F-6)
STATION: HAGERSTOWN MD
MONTH: APRIL
YEAR: 2023
LATITUDE: 39 42 N
LONGITUDE: 77 43 W
TEMPERATURE IN F: :PCPN: SNOW: WIND :SUNSHINE: SKY :PK WND
================================================================================
1 2 3 4 5 6A 6B 7 8 9 10 11 12 13 14 15 16 17 18
12Z AVG MX 2MIN
DY MAX MIN AVG DEP HDD CDD WTR SNW DPTH SPD SPD DIR MIN PSBL S-S WX SPD DR
================================================================================
1 76 45 61 12 4 0 0.06 0.0 0 16.6 43 300 M M 6 13 55 300
2 54 38 46 -4 19 0 0.00 0.0 0 11.3 39 290 M M 3 52 300
3 69 36 53 3 12 0 0.00 M M 8.6 18 160 M M 0 26 180
4 80 52 66 16 0 1 0.00 M M 6.9 15 180 M M 0 20 250
5 86 54 70 19 0 5 0.02 M M 8.8 24 180 M M 0 29 170
6 80 52 66 15 0 1 T M M 9.3 23 330 M M 5 27 340
7 54 44 49 -2 16 0 0.00 M M 7.8 18 320 M M 4 23 340
8 50 38 44 -8 21 0 0.00 M M 5.0 12 30 M M 0 20 120
9 61 31 46 -6 19 0 0.00 M M 4.0 10 20 M M 0 18 60
10 65 39 52 -1 13 0 0.00 M M 4.1 9 230 M M 0 15 170
11 77 42 60 7 5 0 0.00 M M 7.5 17 280 M M 0 23 280
12 83 64 74 21 0 9 0.00 M M 8.9 21 300 M M 0 28 320
13 86 55 71 17 0 6 0.00 M M 6.5 14 180 M M 0 21 200
14 83 56 70 16 0 5 0.00 M M 7.0 18 140 M M 1 24 150
15 72 61 67 13 0 2 0.09 M M 5.0 12 280 M M 7 13 15 190
16 81 57 69 14 0 4 T M M 8.8 28 280 M M 3 1 36 280
17 62 49 56 1 9 0 0.05 M M 12.5 26 270 M M 8 35 270
18 63 43 53 -3 12 0 0.00 M M 11.0 24 270 M M 5 33 290
19 75 35 55 -1 10 0 0.00 M M 5.9 17 270 M M 0 23 270
20 85 47 66 10 0 1 0.00 M M 3.8 15 160 M M 0 18 150
21 88 53 71 14 0 6 0.00 M M 6.1 18 170 M M 0 18 25 150
22 72 49 61 4 4 0 0.30 M M 10.1 24 160 M M 5 13 34 150
23 58 39 49 -9 16 0 0.00 M M 9.5 24 300 M M 3 31 270
24 57 33 45 -13 20 0 0.00 M M 7.4 18 310 M M 3 24 300
25 58 34 46 -12 19 0 0.00 M M 3.4 12 190 M M 3 16 240
26 68 46 57 -1 8 0 T M M 5.8 15 230 M M 7 20 190
27 67 47 57 -2 8 0 0.00 M M 6.0 15 100 M M 5 18 18 100
28 57 48 53 -6 12 0 0.86 0.0 0 10.8 20 50 M M 10 1 29 50
29 64 48 56 -4 9 0 0.00 M M 4.5 12 350 M M 9 1 14 350
30 60 50 55 -5 10 0 0.57 0.0 0 8.5 26 320 M M 10 13 34 320
================================================================================
SM 2091 1385 246 40 1.95 0.0 231.4 M 97
================================================================================
AV 69.7 46.2 7.7 FASTST M M 3 MAX(MPH)
MISC ----> 43 300 55 300
================================================================================
NOTES:
# LAST OF SEVERAL OCCURRENCES
COLUMN 17 PEAK WIND IN M.P.H.
PRELIMINARY LOCAL CLIMATOLOGICAL DATA (WS FORM: F-6) , PAGE 2
STATION: HAGERSTOWN MD
MONTH: APRIL
YEAR: 2023
LATITUDE: 39 42 N
LONGITUDE: 77 43 W
[TEMPERATURE DATA] [PRECIPITATION DATA] SYMBOLS USED IN COLUMN 16
AVERAGE MONTHLY: 57.9 TOTAL FOR MONTH: 1.95 1 = FOG OR MIST
DPTR FM NORMAL: 3.3 DPTR FM NORMAL: -1.38 2 = FOG REDUCING VISIBILITY
HIGHEST: 88 ON 21 GRTST 24HR 0.86 ON 28-28 TO 1/4 MILE OR LESS
LOWEST: 31 ON 9 3 = THUNDER
SNOW, ICE PELLETS, HAIL 4 = ICE PELLETS
TOTAL MONTH: 0.0 INCH 5 = HAIL
GRTST 24HR 0.0 6 = FREEZING RAIN OR DRIZZLE
GRTST DEPTH: 0 7 = DUSTSTORM OR SANDSTORM:
VSBY 1/2 MILE OR LESS
8 = SMOKE OR HAZE
[NO. OF DAYS WITH] [WEATHER - DAYS WITH] 9 = BLOWING SNOW
X = TORNADO
MAX 32 OR BELOW: 0 0.01 INCH OR MORE: 7
MAX 90 OR ABOVE: 0 0.10 INCH OR MORE: 3
MIN 32 OR BELOW: 1 0.50 INCH OR MORE: 2
MIN 0 OR BELOW: 0 1.00 INCH OR MORE: 0
[HDD (BASE 65) ]
TOTAL THIS MO. 246 CLEAR (SCALE 0-3) 15
DPTR FM NORMAL -86 PTCLDY (SCALE 4-7) 12
TOTAL FM JUL 1 4083 CLOUDY (SCALE 8-10) 3
DPTR FM NORMAL -512
[CDD (BASE 65) ]
TOTAL THIS MO. 40
DPTR FM NORMAL 20 [PRESSURE DATA]
TOTAL FM JAN 1 40 HIGHEST SLP 30.59 ON 8
DPTR FM NORMAL 19 LOWEST SLP 29.27 ON 30
[REMARKS]
#FINAL-04-23#