000
CXUS51 KOKX 011717 RRA
CLSJFK
CLIMATE REPORT
NATIONAL WEATHER SERVICE NEW YORK NY
1213 PM EST SUN MAR 1 2020
...................................
...THE KENNEDY NY CLIMATE SUMMARY FOR THE SEASON, FROM
12/1/2019 TO 2/29/2020...
CLIMATE NORMAL PERIOD 1981 TO 2010
CLIMATE RECORD PERIOD 1948 TO 2020
WEATHER OBSERVED NORMAL DEPART LAST YEAR`S
VALUE DATE(S) VALUE FROM VALUE
NORMAL
.............................................................
TEMPERATURE (F)
RECORD
HIGH 75 12/07/1998
LOW -2 01/21/1985
02/08/1963
HIGHEST 68 01/12 MM MM
LOWEST 14 02/15 MM MM
AVG. MAXIMUM 45.3 41.6 3.7
AVG. MINIMUM 32.1 28.6 3.5
MEAN 38.7 35.1 3.6
DAYS MAX >= 90 0 0.0 0.0
DAYS MAX <= 32 2 13.4 -11.4
DAYS MIN <= 32 45 56.9 -11.9
DAYS MIN <= 0 0 0.0 0.0
PRECIPITATION (INCHES)
RECORD
MAXIMUM 18.20 1979
MINIMUM 4.34 2002
TOTALS 13.37 9.14 4.23 14.33
DAILY AVG. 0.15 0.10 0.05
DAYS >= .01 33 30.7 2.3
DAYS >= .10 22 17.9 4.1
DAYS >= .50 10 6.2 3.8
DAYS >= 1.00 5 2.0 3.0
GREATEST
24 HR. TOTAL 1.71 MM
STORM TOTAL MM
(MM/DD(HH)) MM
SNOWFALL (INCHES)
RECORDS
TOTAL 47.2 2010
24 HR TOTAL 30.3 MM
TOTALS 3.8 19.3 -15.5
LIQUID EQUIV 0.38 1.90 -1.52
SINCE 7/1 3.8 19.5 -15.7
LIQUID 7/1 0.38
DAYS >= TRACE 9 10.8 -1.8
DAYS >= 1.0 1 4.1 -3.1
GREATEST
SNOW DEPTH 1 12/11
12/03
24 HR TOTAL 1.6 MM
STORM TOTAL MM
(MM/DD(HH)) MM
DEGREE_DAYS
HEATING TOTAL 2371 2687 -316
SINCE 7/1 MM 3538 MM
COOLING TOTAL 0 0 0
SINCE 1/1 0 0 0
..............................................................
WIND (MPH)
AVERAGE WIND SPEED 12.2
HIGHEST WIND SPEED/DIRECTION 49/250 DATE 02/07
HIGHEST GUST SPEED/DIRECTION 59/250 DATE 02/07
SKY COVER
POSSIBLE SUNSHINE (PERCENT) MM
AVERAGE SKY COVER 0.70
NUMBER OF DAYS FAIR 10
NUMBER OF DAYS PC 38
NUMBER OF DAYS CLOUDY 43
AVERAGE RH (PERCENT) 70
WEATHER CONDITIONS. NUMBER OF DAYS WITH
0
21
1
0
3
4
6
HAZE 2
- INDICATES NEGATIVE NUMBERS.
R INDICATES RECORD WAS SET OR TIED.
MM INDICATES DATA IS MISSING.
T INDICATES TRACE AMOUNT.
$$