000
CXUS51 KRNK 010817
CLSLYH
CLIMATE REPORT
NATIONAL WEATHER SERVICE BLACKSBURG, VA
417 AM EDT TUE JUN 01 2021
...................................
...THE LYNCHBURG VA CLIMATE SUMMARY FOR THE SEASON, FROM
3/1/2021 TO 5/31/2021...
CLIMATE NORMAL PERIOD: 1991 TO 2020
CLIMATE RECORD PERIOD: 1893 TO 2021
WEATHER OBSERVED NORMAL DEPART LAST YEAR`S
VALUE DATE(S) VALUE FROM VALUE
NORMAL
..............................................................
TEMPERATURE (F)
RECORD
HIGH 100 05/22/1941
LOW 5 03/03/2009
HIGHEST 93 05/26 88
LOWEST 22 03/08 24
AVG. MAXIMUM 70.3 67.6 2.7 69.0
AVG. MINIMUM 44.2 43.5 0.7 46.1
MEAN 57.3 55.6 1.7 57.6
DAYS MAX >= 90 2 0.9 1.1 0
DAYS MAX <= 32 0 0.2 -0.2 0
DAYS MIN <= 32 13 15.6 -2.6 10
DAYS MIN <= 0 0 0.0 0.0 0
PRECIPITATION (INCHES)
RECORD
MAXIMUM 18.09 1975
MINIMUM 3.94 1915
TOTALS 7.60 11.19 -3.59 14.00
DAYS >= .01 28 33.4 -5.4 42
DAYS >= .10 17 21.5 -4.5 26
DAYS >= .50 5 7.5 -2.5 6
DAYS >= 1.00 1 2.5 -1.5 3
GREATEST
24 HR. TOTAL 1.30 3.36
SNOWFALL (INCHES)
TOTALS T T
DAYS >= TRACE 1 1
DAYS >= 1.0 0 0
GREATEST
24 HR TOTAL 0.0 MM
DEGREE DAYS
HEATING TOTAL 812 968 -156 777
COOLING TOTAL 123 101 22 121
..............................................................
WIND (MPH)
AVERAGE WIND SPEED 4.9
RESULTANT WIND SPEED/DIRECTION 1/190
HIGHEST WIND SPEED/DIRECTION 25/180 DATE 03/19
HIGHEST GUST SPEED/DIRECTION 43/210 DATE 04/27
SKY COVER
AVERAGE SKY COVER 0.31
AVERAGE RH (PERCENT) 59
WEATHER CONDITIONS. NUMBER OF DAYS WITH
THUNDERSTORM 9 MIXED PRECIP 0
HEAVY RAIN 8 RAIN 15
LIGHT RAIN 39 FREEZING RAIN 0
LT FREEZING RAIN 0 HAIL 0
HEAVY SNOW 0 SNOW 0
LIGHT SNOW 0 SLEET 1
FOG 30 FOG W/VIS <= 1/4 MILE 8
HAZE 0
- INDICATES NEGATIVE NUMBERS.
R INDICATES RECORD WAS SET OR TIED.
MM INDICATES DATA IS MISSING.
T INDICATES TRACE AMOUNT.
$$
RCS