276
CXUS51 KCLE 041928
CLSMFD
CLIMATE REPORT
NATIONAL WEATHER SERVICE CLEVELAND, OH
228 PM EST THU MAR 04 2021
...................................
...THE MANSFIELD OH CLIMATE SUMMARY FOR THE SEASON, FROM
12/1/2020 TO 2/28/2021...
CLIMATE NORMAL PERIOD 1981 TO 2010
CLIMATE RECORD PERIOD 1916 TO 2021
WEATHER OBSERVED NORMAL DEPART
VALUE DATE(S) VALUE FROM
NORMAL
................................................
TEMPERATURE (F)
RECORD
HIGH 74 02/24/2017
LOW -26 01/15/1929
HIGHEST 60 12/11
LOWEST 0 02/17
AVG. MAXIMUM 35.0 35.2 -0.2
AVG. MINIMUM 23.3 20.5 2.8
MEAN 29.1 27.8 1.3
DAYS MAX >= 90 0 0.0
DAYS MAX <= 32 38 36.8
DAYS MIN <= 32 78 76.7
DAYS MIN <= 0 1 5.0
PRECIPITATION (INCHES)
RECORD
MAXIMUM 20.95 1950
MINIMUM 2.70 1977
TOTALS 5.96 8.55 -2.59
DAYS >= .01 39 42.7
DAYS >= .10 19 20.1
DAYS >= .50 6 4.8
DAYS >= 1.00 0 1.4
SNOWFALL (INCHES)
RECORDS
TOTAL 77.3 2010
TOTALS 34.8 35.2
DAYS >= TRACE 47
DAYS >= 1.0 10 11.2
DEGREE DAYS
HEATING TOTAL 3188 3343 -155
COOLING TOTAL 0 0 0
................................................
WIND (MPH)
HIGHEST GUST SPEED/DIRECTION 48/230 DATE 02/05
SKY COVER
POSSIBLE SUNSHINE (PERCENT) MM
NUMBER OF DAYS FAIR 18
NUMBER OF DAYS PC 17
NUMBER OF DAYS CLOUDY 55
WEATHER CONDITIONS. NUMBER OF DAYS WITH
THUNDERSTORM 0 MIXED PRECIP 0
HEAVY RAIN 1 RAIN 7
LIGHT RAIN 14 FREEZING RAIN 4
LT FREEZING RAIN 5 HAIL 0
HEAVY SNOW 1 SNOW 8
LIGHT SNOW 43 SLEET 1
FOG 64 FOG W/VIS <= 1/4 MILE 5
HAZE 37
- INDICATES NEGATIVE NUMBERS.
R INDICATES RECORD WAS SET OR TIED.
MM INDICATES DATA IS MISSING.
T INDICATES TRACE AMOUNT.
$$